{"id":7405,"date":"2015-03-02T11:57:15","date_gmt":"2015-03-02T14:57:15","guid":{"rendered":"https:\/\/wp.ufpel.edu.br\/progep\/?page_id=7405"},"modified":"2017-01-09T12:54:04","modified_gmt":"2017-01-09T14:54:04","slug":"inscricao-palestra","status":"publish","type":"page","link":"https:\/\/wp.ufpel.edu.br\/progep\/inscricao-palestra\/","title":{"rendered":"Inscri\u00e7\u00e3o Palestra"},"content":{"rendered":"<p>&nbsp;<\/p>\n<hr \/>\n<p style=\"text-align: center;\">INTEGRANDO O I CICLO ANUAL DE PALESTRAS PARA SERVIDORES:<\/p>\n<p style=\"text-align: center;\"><strong><span style=\"font-size: 12pt; color: #ff6600;\">\u00a0&#8220;N\u00c3O SABENDO QUE ERA IMPOSS\u00cdVEL, ELE FOI\u00a0 L\u00c1 E FEZ!&#8221; de STEVEN DUBNER<\/span><\/strong><\/p>\n<p style=\"text-align: center;\"><span style=\"font-size: 12pt; color: #333333;\">Data: 18\/03\/2015 (quarta-feira)<\/span><\/p>\n<p style=\"text-align: center;\"><span style=\"font-size: 12pt; color: #333333;\">Hor\u00e1rio: 14 horas<\/span><\/p>\n<p style=\"text-align: center;\"><span style=\"font-size: 12pt; color: #333333;\">Local: Rua \u00c1lvaro Chaves, 65 (esquina com a Rua Conde de Porto Alegre)<\/span><\/p>\n<p style=\"text-align: center;\"><span style=\"font-size: 12pt; color: #333333;\">Per\u00edodo de inscri\u00e7\u00f5es: de 03\/03\/2015 a 13\/03\/2015<\/span><\/p>\n<p style=\"text-align: center;\"><em><strong>Aten\u00e7\u00e3o<\/strong>: <\/em><\/p>\n<p style=\"text-align: center;\"><em> &#8211; O servidor que participar de todas as palestras ofertadas no I Ciclo Anual de Palestras receber\u00e1 certifica\u00e7\u00e3o \u00fanica de 20 horas;<br \/>\n&#8211; Ser\u00e1 entregue comprovante de comparecimento aos participantes.<\/em><\/p>\n<p>&nbsp;<\/p>\n<p>&nbsp;<\/p>\n<p><strong>Para realizar a sua inscri\u00e7\u00e3o, preencha o formul\u00e1rio abaixo:<\/strong><\/p>\n\n<div class=\"wpcf7 no-js\" id=\"wpcf7-f5568-o1\" lang=\"en-US\" dir=\"ltr\" data-wpcf7-id=\"5568\">\n<div class=\"screen-reader-response\"><p role=\"status\" aria-live=\"polite\" aria-atomic=\"true\"><\/p> <ul><\/ul><\/div>\n<form action=\"\/progep\/wp-json\/wp\/v2\/pages\/7405#wpcf7-f5568-o1\" method=\"post\" class=\"wpcf7-form init\" aria-label=\"Contact form\" enctype=\"multipart\/form-data\" novalidate=\"novalidate\" data-status=\"init\">\n<fieldset class=\"hidden-fields-container\"><input type=\"hidden\" name=\"_wpcf7\" value=\"5568\" \/><input type=\"hidden\" name=\"_wpcf7_version\" value=\"6.1.4\" \/><input type=\"hidden\" name=\"_wpcf7_locale\" value=\"en_US\" \/><input type=\"hidden\" name=\"_wpcf7_unit_tag\" value=\"wpcf7-f5568-o1\" \/><input type=\"hidden\" name=\"_wpcf7_container_post\" value=\"0\" \/><input type=\"hidden\" name=\"_wpcf7_posted_data_hash\" value=\"\" \/>\n<\/fieldset>\n<p>Palestra\n<\/p>\n<p><span class=\"wpcf7-form-control-wrap\" data-name=\"curso\"><select class=\"wpcf7-form-control wpcf7-select wpcf7-validates-as-required\" aria-required=\"true\" aria-invalid=\"false\" name=\"curso\"><option value=\"\">&#8212;Please choose an option&#8212;<\/option><option value=\"teste1\">teste1<\/option><\/select><\/span><br \/>\n<!-- REMOVER ESTA LINHA PARA HABILITAR AS TURMAS ---\n<span class=\"wpcf7-form-control-wrap\" data-name=\"turma\"><span class=\"wpcf7-form-control wpcf7-radio\"><span class=\"wpcf7-list-item first\"><input type=\"radio\" name=\"turma\" value=\"Turma 1\" \/><span class=\"wpcf7-list-item-label\">Turma 1<\/span><\/span><span class=\"wpcf7-list-item last\"><input type=\"radio\" name=\"turma\" value=\"Turma 2\" \/><span class=\"wpcf7-list-item-label\">Turma 2<\/span><\/span><\/span><\/span><\/p>\n\n<p>Se curso de <b>Ingl\u00eas<\/b> ou <b>Espanhol<\/b>, selecione a turma desejada de acordo com os hor\u00e1rios oferecidos.<\/p>\n--- REMOVER ESTA LINHA PARA HABILITAR AS TURMAS -->\n<\/p>\n<p>Nome\n<\/p>\n<p><span class=\"wpcf7-form-control-wrap\" data-name=\"nome\"><input size=\"40\" maxlength=\"400\" class=\"wpcf7-form-control wpcf7-text wpcf7-validates-as-required\" aria-required=\"true\" aria-invalid=\"false\" value=\"\" type=\"text\" name=\"nome\" \/><\/span>\n<\/p>\n<p>SIAPE\n<\/p>\n<p><span class=\"wpcf7-form-control-wrap\" data-name=\"siape\"><input size=\"40\" maxlength=\"400\" class=\"wpcf7-form-control wpcf7-text wpcf7-validates-as-required\" aria-required=\"true\" aria-invalid=\"false\" value=\"\" type=\"text\" name=\"siape\" \/><\/span>\n<\/p>\n<p>Classe\n<\/p>\n<p><span class=\"wpcf7-form-control-wrap\" data-name=\"classe\"><input size=\"40\" maxlength=\"400\" class=\"wpcf7-form-control wpcf7-text wpcf7-validates-as-required\" aria-required=\"true\" aria-invalid=\"false\" value=\"\" type=\"text\" name=\"classe\" \/><\/span>\n<\/p>\n<p>N\u00edvel padr\u00e3o\n<\/p>\n<p><span class=\"wpcf7-form-control-wrap\" data-name=\"nivel\"><input size=\"40\" maxlength=\"400\" class=\"wpcf7-form-control wpcf7-text wpcf7-validates-as-required\" aria-required=\"true\" aria-invalid=\"false\" value=\"\" type=\"text\" name=\"nivel\" \/><\/span>\n<\/p>\n<p>Cargo\n<\/p>\n<p><span class=\"wpcf7-form-control-wrap\" data-name=\"cargo\"><input size=\"40\" maxlength=\"400\" class=\"wpcf7-form-control wpcf7-text wpcf7-validates-as-required\" aria-required=\"true\" aria-invalid=\"false\" value=\"\" type=\"text\" name=\"cargo\" \/><\/span>\n<\/p>\n<p>Unidade\n<\/p>\n<p><span class=\"wpcf7-form-control-wrap\" data-name=\"unidade\"><input size=\"40\" maxlength=\"400\" class=\"wpcf7-form-control wpcf7-text wpcf7-validates-as-required\" aria-required=\"true\" aria-invalid=\"false\" value=\"\" type=\"text\" name=\"unidade\" \/><\/span>\n<\/p>\n<p>Grau de instru\u00e7\u00e3o\n<\/p>\n<p><span class=\"wpcf7-form-control-wrap\" data-name=\"instrucao\"><input size=\"40\" maxlength=\"400\" class=\"wpcf7-form-control wpcf7-text wpcf7-validates-as-required\" aria-required=\"true\" aria-invalid=\"false\" value=\"\" type=\"text\" name=\"instrucao\" \/><\/span>\n<\/p>\n<p>Telefone\n<\/p>\n<p><span class=\"wpcf7-form-control-wrap\" data-name=\"fone\"><input size=\"40\" maxlength=\"400\" class=\"wpcf7-form-control wpcf7-text wpcf7-validates-as-required\" aria-required=\"true\" aria-invalid=\"false\" value=\"\" type=\"text\" name=\"fone\" \/><\/span>\n<\/p>\n<p>Celular\n<\/p>\n<p><span class=\"wpcf7-form-control-wrap\" data-name=\"celular\"><input size=\"40\" maxlength=\"400\" class=\"wpcf7-form-control wpcf7-text wpcf7-validates-as-required\" aria-required=\"true\" aria-invalid=\"false\" value=\"\" type=\"text\" name=\"celular\" \/><\/span>\n<\/p>\n<p>E-mail\n<\/p>\n<p><span class=\"wpcf7-form-control-wrap\" data-name=\"email\"><input size=\"40\" maxlength=\"400\" class=\"wpcf7-form-control wpcf7-email wpcf7-validates-as-required wpcf7-text wpcf7-validates-as-email\" aria-required=\"true\" aria-invalid=\"false\" value=\"\" type=\"email\" name=\"email\" \/><\/span>\n<\/p>\n<p>Anexar arquivo:\n<\/p>\n<p><span class=\"wpcf7-form-control-wrap\" data-name=\"file-480\"><input size=\"40\" class=\"wpcf7-form-control wpcf7-file\" accept=\"audio\/*,video\/*,image\/*\" aria-invalid=\"false\" type=\"file\" name=\"file-480\" \/><\/span>\n<\/p>\n<p><input class=\"wpcf7-form-control wpcf7-submit has-spinner\" type=\"submit\" value=\"Enviar\" \/>\n<\/p><p style=\"display: none !important;\" class=\"akismet-fields-container\" data-prefix=\"_wpcf7_ak_\"><label>&#916;<textarea name=\"_wpcf7_ak_hp_textarea\" cols=\"45\" rows=\"8\" maxlength=\"100\"><\/textarea><\/label><input type=\"hidden\" id=\"ak_js_1\" name=\"_wpcf7_ak_js\" value=\"86\"\/><script>document.getElementById( \"ak_js_1\" ).setAttribute( \"value\", ( new Date() ).getTime() );<\/script><\/p><div class=\"wpcf7-response-output\" aria-hidden=\"true\"><\/div>\n<\/form>\n<\/div>\n\n","protected":false},"excerpt":{"rendered":"<p>&nbsp; INTEGRANDO O I CICLO ANUAL DE PALESTRAS PARA SERVIDORES: \u00a0&#8220;N\u00c3O SABENDO QUE ERA IMPOSS\u00cdVEL, ELE FOI\u00a0 L\u00c1 E FEZ!&#8221; de STEVEN DUBNER Data: 18\/03\/2015 (quarta-feira) Hor\u00e1rio: 14 horas Local: Rua \u00c1lvaro Chaves, 65 (esquina com a Rua Conde de Porto Alegre) Per\u00edodo de inscri\u00e7\u00f5es: de 03\/03\/2015 a 13\/03\/2015 Aten\u00e7\u00e3o: &#8211; O servidor que participar [&hellip;]<\/p>\n","protected":false},"author":21,"featured_media":0,"parent":0,"menu_order":0,"comment_status":"closed","ping_status":"closed","template":"","meta":{"footnotes":""},"class_list":["post-7405","page","type-page","status-publish","hentry"],"_links":{"self":[{"href":"https:\/\/wp.ufpel.edu.br\/progep\/wp-json\/wp\/v2\/pages\/7405","targetHints":{"allow":["GET"]}}],"collection":[{"href":"https:\/\/wp.ufpel.edu.br\/progep\/wp-json\/wp\/v2\/pages"}],"about":[{"href":"https:\/\/wp.ufpel.edu.br\/progep\/wp-json\/wp\/v2\/types\/page"}],"author":[{"embeddable":true,"href":"https:\/\/wp.ufpel.edu.br\/progep\/wp-json\/wp\/v2\/users\/21"}],"replies":[{"embeddable":true,"href":"https:\/\/wp.ufpel.edu.br\/progep\/wp-json\/wp\/v2\/comments?post=7405"}],"version-history":[{"count":12,"href":"https:\/\/wp.ufpel.edu.br\/progep\/wp-json\/wp\/v2\/pages\/7405\/revisions"}],"predecessor-version":[{"id":10658,"href":"https:\/\/wp.ufpel.edu.br\/progep\/wp-json\/wp\/v2\/pages\/7405\/revisions\/10658"}],"wp:attachment":[{"href":"https:\/\/wp.ufpel.edu.br\/progep\/wp-json\/wp\/v2\/media?parent=7405"}],"curies":[{"name":"wp","href":"https:\/\/api.w.org\/{rel}","templated":true}]}}