{"id":6700,"date":"2014-09-18T11:16:31","date_gmt":"2014-09-18T14:16:31","guid":{"rendered":"https:\/\/wp.ufpel.edu.br\/progep\/?page_id=6700"},"modified":"2017-06-26T17:18:09","modified_gmt":"2017-06-26T20:18:09","slug":"atualizacao-cadastral","status":"publish","type":"page","link":"https:\/\/wp.ufpel.edu.br\/progep\/administracao-de-pessoal\/manual-do-servidor\/atualizacao-cadastral\/","title":{"rendered":"ATUALIZA\u00c7\u00c3O CADASTRAL"},"content":{"rendered":"<p><span style=\"font-size: 12pt\"><strong>DEFINI\u00c7\u00c3O:<\/strong><\/span><\/p>\n<p style=\"text-align: justify\"><span style=\"color: #333333;font-size: 12pt\">A atualiza\u00e7\u00e3o cadastral\u00a0destina-se \u00e0s altera\u00e7\u00f5es de dados como endere\u00e7o, e-mail e telefone.<\/span><\/p>\n<p style=\"text-align: justify\"><span style=\"font-size: 12pt\"><strong>SOLICITA\u00c7\u00c3O:<\/strong><\/span><\/p>\n<p><span style=\"font-size: 12pt\">Para solicitar, basta preencher o <strong><span style=\"color: #ff6600\"><a style=\"color: #ff6600\" href=\"https:\/\/wp.ufpel.edu.br\/progep\/files\/2014\/09\/ATUALIZACAO-CADASTRAL.pdf\">Formul\u00e1rio de Atualiza\u00e7\u00e3o Cadastral<\/a><\/span><\/strong><span style=\"color: #ff9900\"><span style=\"color: #ff6600\"><strong>\u00a0<\/strong><\/span><span style=\"color: #ff9900\"><span style=\"color: #000000\">e anexar os documentos exigidos de acordo com a solicita\u00e7\u00e3o.<\/span><\/span><\/span><\/span><\/p>\n<p><span style=\"font-size: 12pt\"><strong><em>Documentos obrigat\u00f3rios para efetivar a solicita\u00e7\u00e3o:<br \/>\n<\/em><\/strong><\/span><strong><em>(Obs: documentos complementares poder\u00e3o ser solicitados em virtude das especificidades das solicita\u00e7\u00f5es)<\/em><\/strong><\/p>\n<ul>\n<li><strong>\u00a0<\/strong><strong>Altera\u00e7\u00e3o de Endere\u00e7o<\/strong>: comprovante de resid\u00eancia atualizado;<\/li>\n<\/ul>\n<p>&nbsp;<\/p>\n<p>&nbsp;<\/p>\n<p>&nbsp;<\/p>\n<p>&nbsp;<\/p>\n<p>&nbsp;<\/p>\n<p><span style=\"font-size: 12pt\">\u00a0<\/span><\/p>\n","protected":false},"excerpt":{"rendered":"<p>DEFINI\u00c7\u00c3O: A atualiza\u00e7\u00e3o cadastral\u00a0destina-se \u00e0s altera\u00e7\u00f5es de dados como endere\u00e7o, e-mail e telefone. SOLICITA\u00c7\u00c3O: Para solicitar, basta preencher o Formul\u00e1rio de Atualiza\u00e7\u00e3o Cadastral\u00a0e anexar os documentos exigidos de acordo com a solicita\u00e7\u00e3o. Documentos obrigat\u00f3rios para efetivar a solicita\u00e7\u00e3o: (Obs: documentos complementares poder\u00e3o ser solicitados em virtude das especificidades das solicita\u00e7\u00f5es) \u00a0Altera\u00e7\u00e3o de Endere\u00e7o: comprovante de [&hellip;]<\/p>\n","protected":false},"author":52,"featured_media":0,"parent":6430,"menu_order":0,"comment_status":"closed","ping_status":"closed","template":"","meta":{"footnotes":""},"class_list":["post-6700","page","type-page","status-publish","hentry"],"_links":{"self":[{"href":"https:\/\/wp.ufpel.edu.br\/progep\/wp-json\/wp\/v2\/pages\/6700","targetHints":{"allow":["GET"]}}],"collection":[{"href":"https:\/\/wp.ufpel.edu.br\/progep\/wp-json\/wp\/v2\/pages"}],"about":[{"href":"https:\/\/wp.ufpel.edu.br\/progep\/wp-json\/wp\/v2\/types\/page"}],"author":[{"embeddable":true,"href":"https:\/\/wp.ufpel.edu.br\/progep\/wp-json\/wp\/v2\/users\/52"}],"replies":[{"embeddable":true,"href":"https:\/\/wp.ufpel.edu.br\/progep\/wp-json\/wp\/v2\/comments?post=6700"}],"version-history":[{"count":12,"href":"https:\/\/wp.ufpel.edu.br\/progep\/wp-json\/wp\/v2\/pages\/6700\/revisions"}],"predecessor-version":[{"id":11355,"href":"https:\/\/wp.ufpel.edu.br\/progep\/wp-json\/wp\/v2\/pages\/6700\/revisions\/11355"}],"up":[{"embeddable":true,"href":"https:\/\/wp.ufpel.edu.br\/progep\/wp-json\/wp\/v2\/pages\/6430"}],"wp:attachment":[{"href":"https:\/\/wp.ufpel.edu.br\/progep\/wp-json\/wp\/v2\/media?parent=6700"}],"curies":[{"name":"wp","href":"https:\/\/api.w.org\/{rel}","templated":true}]}}