{"id":6674,"date":"2014-09-17T11:37:07","date_gmt":"2014-09-17T14:37:07","guid":{"rendered":"https:\/\/wp.ufpel.edu.br\/progep\/?page_id=6674"},"modified":"2014-09-25T09:27:28","modified_gmt":"2014-09-25T12:27:28","slug":"certidao-de-tempo-de-contribuicao","status":"publish","type":"page","link":"https:\/\/wp.ufpel.edu.br\/progep\/administracao-de-pessoal\/manual-do-servidor\/certidao-de-tempo-de-contribuicao\/","title":{"rendered":"CERTID\u00c3O DE TEMPO DE CONTRIBUI\u00c7\u00c3O"},"content":{"rendered":"<p><strong>DEFINI\u00c7\u00c3O: <\/strong><\/p>\n<p style=\"text-align: justify\">\u00c9 o documento emitido pela PROGEP indispens\u00e1vel para averba\u00e7\u00e3o de tempo de contribui\u00e7\u00e3o do(a) ex-servidor(a) junto a outros \u00f3rg\u00e3os p\u00fablicos, bem como \u00e0 Previd\u00eancia Social no caso de futura aposentadoria pelo Regime Geral da Previd\u00eancia Social. Preenchimento do <span style=\"color: #ff9900\"><a href=\"https:\/\/wp.ufpel.edu.br\/progep\/files\/2013\/06\/Formulario-CTC-DTC.doc\"><span style=\"color: #ff9900\">Formul\u00e1rio de Solicita\u00e7\u00e3o de Certid\u00e3o\/Declara\u00e7\u00e3o de Tempo de Contribui\u00e7\u00e3o<\/span><\/a><\/span>.<\/p>\n<p>&nbsp;<\/p>\n<p><strong><em>Previs\u00e3o Legal:<\/em><\/strong><\/p>\n<p><span style=\"color: #ff9900\"><strong><a href=\"http:\/\/www.planalto.gov.br\/ccivil_03\/leis\/L6226.htm\"><span style=\"color: #ff9900\">Lei n\u00ba 6.226<\/span><\/a>,<\/strong><\/span> de 14\/07\/1975<\/p>\n<p><span style=\"color: #ff9900\"><strong><a href=\"http:\/\/www.planalto.gov.br\/ccivil_03\/_Ato2011-2014\/2014\/Decreto\/D8302.htm\"><span style=\"color: #ff9900\">Decreto n\u00ba 8.302<\/span><\/a><\/strong><\/span>, de 04\/09\/2014<\/p>\n","protected":false},"excerpt":{"rendered":"<p>DEFINI\u00c7\u00c3O: \u00c9 o documento emitido pela PROGEP indispens\u00e1vel para averba\u00e7\u00e3o de tempo de contribui\u00e7\u00e3o do(a) ex-servidor(a) junto a outros \u00f3rg\u00e3os p\u00fablicos, bem como \u00e0 Previd\u00eancia Social no caso de futura aposentadoria pelo Regime Geral da Previd\u00eancia Social. Preenchimento do Formul\u00e1rio de Solicita\u00e7\u00e3o de Certid\u00e3o\/Declara\u00e7\u00e3o de Tempo de Contribui\u00e7\u00e3o. &nbsp; Previs\u00e3o Legal: Lei n\u00ba 6.226, de [&hellip;]<\/p>\n","protected":false},"author":52,"featured_media":0,"parent":6430,"menu_order":0,"comment_status":"closed","ping_status":"closed","template":"","meta":{"footnotes":""},"class_list":["post-6674","page","type-page","status-publish","hentry"],"yoast_head":"<!-- This site is optimized with the Yoast SEO plugin v28.1 - https:\/\/yoast.com\/product\/yoast-seo-wordpress\/ -->\n<title>CERTID\u00c3O DE TEMPO DE CONTRIBUI\u00c7\u00c3O  - Pr\u00f3-Reitoria de Gest\u00e3o com Pessoas - PROGEP<\/title>\n<meta name=\"robots\" content=\"index, follow, max-snippet:-1, max-image-preview:large, max-video-preview:-1\" \/>\n<link rel=\"canonical\" href=\"https:\/\/wp.ufpel.edu.br\/progep\/administracao-de-pessoal\/manual-do-servidor\/certidao-de-tempo-de-contribuicao\/\" \/>\n<meta property=\"og:locale\" content=\"pt_BR\" \/>\n<meta property=\"og:type\" content=\"article\" \/>\n<meta property=\"og:title\" content=\"CERTID\u00c3O DE TEMPO DE CONTRIBUI\u00c7\u00c3O  - Pr\u00f3-Reitoria de Gest\u00e3o com Pessoas - PROGEP\" \/>\n<meta property=\"og:description\" content=\"DEFINI\u00c7\u00c3O: \u00c9 o documento emitido pela PROGEP indispens\u00e1vel para averba\u00e7\u00e3o de tempo de contribui\u00e7\u00e3o do(a) ex-servidor(a) junto a outros \u00f3rg\u00e3os p\u00fablicos, bem como \u00e0 Previd\u00eancia Social no caso de futura aposentadoria pelo Regime Geral da Previd\u00eancia Social. Preenchimento do Formul\u00e1rio de Solicita\u00e7\u00e3o de Certid\u00e3o\/Declara\u00e7\u00e3o de Tempo de Contribui\u00e7\u00e3o. &nbsp; Previs\u00e3o Legal: Lei n\u00ba 6.226, de [&hellip;]\" \/>\n<meta property=\"og:url\" content=\"https:\/\/wp.ufpel.edu.br\/progep\/administracao-de-pessoal\/manual-do-servidor\/certidao-de-tempo-de-contribuicao\/\" \/>\n<meta property=\"og:site_name\" content=\"Pr\u00f3-Reitoria de Gest\u00e3o com Pessoas - PROGEP\" \/>\n<meta property=\"article:modified_time\" content=\"2014-09-25T12:27:28+00:00\" \/>\n<meta name=\"twitter:card\" content=\"summary_large_image\" \/>\n<script type=\"application\/ld+json\" class=\"yoast-schema-graph\">{\"@context\":\"https:\\\/\\\/schema.org\",\"@graph\":[{\"@type\":\"WebPage\",\"@id\":\"https:\\\/\\\/wp.ufpel.edu.br\\\/progep\\\/administracao-de-pessoal\\\/manual-do-servidor\\\/certidao-de-tempo-de-contribuicao\\\/\",\"url\":\"https:\\\/\\\/wp.ufpel.edu.br\\\/progep\\\/administracao-de-pessoal\\\/manual-do-servidor\\\/certidao-de-tempo-de-contribuicao\\\/\",\"name\":\"CERTID\u00c3O DE TEMPO DE CONTRIBUI\u00c7\u00c3O - Pr\u00f3-Reitoria de Gest\u00e3o com Pessoas - PROGEP\",\"isPartOf\":{\"@id\":\"https:\\\/\\\/wp.ufpel.edu.br\\\/progep\\\/#website\"},\"datePublished\":\"2014-09-17T14:37:07+00:00\",\"dateModified\":\"2014-09-25T12:27:28+00:00\",\"breadcrumb\":{\"@id\":\"https:\\\/\\\/wp.ufpel.edu.br\\\/progep\\\/administracao-de-pessoal\\\/manual-do-servidor\\\/certidao-de-tempo-de-contribuicao\\\/#breadcrumb\"},\"inLanguage\":\"pt-BR\",\"potentialAction\":[{\"@type\":\"ReadAction\",\"target\":[\"https:\\\/\\\/wp.ufpel.edu.br\\\/progep\\\/administracao-de-pessoal\\\/manual-do-servidor\\\/certidao-de-tempo-de-contribuicao\\\/\"]}]},{\"@type\":\"BreadcrumbList\",\"@id\":\"https:\\\/\\\/wp.ufpel.edu.br\\\/progep\\\/administracao-de-pessoal\\\/manual-do-servidor\\\/certidao-de-tempo-de-contribuicao\\\/#breadcrumb\",\"itemListElement\":[{\"@type\":\"ListItem\",\"position\":1,\"name\":\"In\u00edcio\",\"item\":\"https:\\\/\\\/wp.ufpel.edu.br\\\/progep\\\/\"},{\"@type\":\"ListItem\",\"position\":2,\"name\":\"Privado: P\u00e1gina Antiga Administra\u00e7\u00e3o de Pessoal\",\"item\":\"https:\\\/\\\/wp.ufpel.edu.br\\\/progep\\\/?page_id=308\"},{\"@type\":\"ListItem\",\"position\":3,\"name\":\"Manual do Servidor\",\"item\":\"https:\\\/\\\/wp.ufpel.edu.br\\\/progep\\\/administracao-de-pessoal\\\/manual-do-servidor\\\/\"},{\"@type\":\"ListItem\",\"position\":4,\"name\":\"CERTID\u00c3O DE TEMPO DE CONTRIBUI\u00c7\u00c3O\"}]},{\"@type\":\"WebSite\",\"@id\":\"https:\\\/\\\/wp.ufpel.edu.br\\\/progep\\\/#website\",\"url\":\"https:\\\/\\\/wp.ufpel.edu.br\\\/progep\\\/\",\"name\":\"Pr\u00f3-Reitoria de Gest\u00e3o com Pessoas - PROGEP\",\"description\":\"Pr\u00f3-Reitoria de Gest\u00e3o com Pessoas\",\"publisher\":{\"@id\":\"https:\\\/\\\/wp.ufpel.edu.br\\\/progep\\\/#organization\"},\"potentialAction\":[{\"@type\":\"SearchAction\",\"target\":{\"@type\":\"EntryPoint\",\"urlTemplate\":\"https:\\\/\\\/wp.ufpel.edu.br\\\/progep\\\/?s={search_term_string}\"},\"query-input\":{\"@type\":\"PropertyValueSpecification\",\"valueRequired\":true,\"valueName\":\"search_term_string\"}}],\"inLanguage\":\"pt-BR\"},{\"@type\":\"Organization\",\"@id\":\"https:\\\/\\\/wp.ufpel.edu.br\\\/progep\\\/#organization\",\"name\":\"Pr\u00f3-Reitoria de Gest\u00e3o com Pessoas - PROGEP\",\"url\":\"https:\\\/\\\/wp.ufpel.edu.br\\\/progep\\\/\",\"logo\":{\"@type\":\"ImageObject\",\"inLanguage\":\"pt-BR\",\"@id\":\"https:\\\/\\\/wp.ufpel.edu.br\\\/progep\\\/#\\\/schema\\\/logo\\\/image\\\/\",\"url\":\"https:\\\/\\\/wp.ufpel.edu.br\\\/progep\\\/files\\\/2025\\\/03\\\/logo-progep_atualizacao-nome_AZUL.png\",\"contentUrl\":\"https:\\\/\\\/wp.ufpel.edu.br\\\/progep\\\/files\\\/2025\\\/03\\\/logo-progep_atualizacao-nome_AZUL.png\",\"width\":1080,\"height\":391,\"caption\":\"Pr\u00f3-Reitoria de Gest\u00e3o com Pessoas - PROGEP\"},\"image\":{\"@id\":\"https:\\\/\\\/wp.ufpel.edu.br\\\/progep\\\/#\\\/schema\\\/logo\\\/image\\\/\"}}]}<\/script>\n<!-- \/ Yoast SEO plugin. -->","yoast_head_json":{"title":"CERTID\u00c3O DE TEMPO DE CONTRIBUI\u00c7\u00c3O  - Pr\u00f3-Reitoria de Gest\u00e3o com Pessoas - PROGEP","robots":{"index":"index","follow":"follow","max-snippet":"max-snippet:-1","max-image-preview":"max-image-preview:large","max-video-preview":"max-video-preview:-1"},"canonical":"https:\/\/wp.ufpel.edu.br\/progep\/administracao-de-pessoal\/manual-do-servidor\/certidao-de-tempo-de-contribuicao\/","og_locale":"pt_BR","og_type":"article","og_title":"CERTID\u00c3O DE TEMPO DE CONTRIBUI\u00c7\u00c3O  - Pr\u00f3-Reitoria de Gest\u00e3o com Pessoas - PROGEP","og_description":"DEFINI\u00c7\u00c3O: \u00c9 o documento emitido pela PROGEP indispens\u00e1vel para averba\u00e7\u00e3o de tempo de contribui\u00e7\u00e3o do(a) ex-servidor(a) junto a outros \u00f3rg\u00e3os p\u00fablicos, bem como \u00e0 Previd\u00eancia Social no caso de futura aposentadoria pelo Regime Geral da Previd\u00eancia Social. Preenchimento do Formul\u00e1rio de Solicita\u00e7\u00e3o de Certid\u00e3o\/Declara\u00e7\u00e3o de Tempo de Contribui\u00e7\u00e3o. &nbsp; Previs\u00e3o Legal: Lei n\u00ba 6.226, de [&hellip;]","og_url":"https:\/\/wp.ufpel.edu.br\/progep\/administracao-de-pessoal\/manual-do-servidor\/certidao-de-tempo-de-contribuicao\/","og_site_name":"Pr\u00f3-Reitoria de Gest\u00e3o com Pessoas - PROGEP","article_modified_time":"2014-09-25T12:27:28+00:00","twitter_card":"summary_large_image","schema":{"@context":"https:\/\/schema.org","@graph":[{"@type":"WebPage","@id":"https:\/\/wp.ufpel.edu.br\/progep\/administracao-de-pessoal\/manual-do-servidor\/certidao-de-tempo-de-contribuicao\/","url":"https:\/\/wp.ufpel.edu.br\/progep\/administracao-de-pessoal\/manual-do-servidor\/certidao-de-tempo-de-contribuicao\/","name":"CERTID\u00c3O DE TEMPO DE CONTRIBUI\u00c7\u00c3O - Pr\u00f3-Reitoria de Gest\u00e3o com Pessoas - PROGEP","isPartOf":{"@id":"https:\/\/wp.ufpel.edu.br\/progep\/#website"},"datePublished":"2014-09-17T14:37:07+00:00","dateModified":"2014-09-25T12:27:28+00:00","breadcrumb":{"@id":"https:\/\/wp.ufpel.edu.br\/progep\/administracao-de-pessoal\/manual-do-servidor\/certidao-de-tempo-de-contribuicao\/#breadcrumb"},"inLanguage":"pt-BR","potentialAction":[{"@type":"ReadAction","target":["https:\/\/wp.ufpel.edu.br\/progep\/administracao-de-pessoal\/manual-do-servidor\/certidao-de-tempo-de-contribuicao\/"]}]},{"@type":"BreadcrumbList","@id":"https:\/\/wp.ufpel.edu.br\/progep\/administracao-de-pessoal\/manual-do-servidor\/certidao-de-tempo-de-contribuicao\/#breadcrumb","itemListElement":[{"@type":"ListItem","position":1,"name":"In\u00edcio","item":"https:\/\/wp.ufpel.edu.br\/progep\/"},{"@type":"ListItem","position":2,"name":"Privado: P\u00e1gina Antiga Administra\u00e7\u00e3o de Pessoal","item":"https:\/\/wp.ufpel.edu.br\/progep\/?page_id=308"},{"@type":"ListItem","position":3,"name":"Manual do Servidor","item":"https:\/\/wp.ufpel.edu.br\/progep\/administracao-de-pessoal\/manual-do-servidor\/"},{"@type":"ListItem","position":4,"name":"CERTID\u00c3O DE TEMPO DE CONTRIBUI\u00c7\u00c3O"}]},{"@type":"WebSite","@id":"https:\/\/wp.ufpel.edu.br\/progep\/#website","url":"https:\/\/wp.ufpel.edu.br\/progep\/","name":"Pr\u00f3-Reitoria de Gest\u00e3o com Pessoas - PROGEP","description":"Pr\u00f3-Reitoria de Gest\u00e3o com Pessoas","publisher":{"@id":"https:\/\/wp.ufpel.edu.br\/progep\/#organization"},"potentialAction":[{"@type":"SearchAction","target":{"@type":"EntryPoint","urlTemplate":"https:\/\/wp.ufpel.edu.br\/progep\/?s={search_term_string}"},"query-input":{"@type":"PropertyValueSpecification","valueRequired":true,"valueName":"search_term_string"}}],"inLanguage":"pt-BR"},{"@type":"Organization","@id":"https:\/\/wp.ufpel.edu.br\/progep\/#organization","name":"Pr\u00f3-Reitoria de Gest\u00e3o com Pessoas - PROGEP","url":"https:\/\/wp.ufpel.edu.br\/progep\/","logo":{"@type":"ImageObject","inLanguage":"pt-BR","@id":"https:\/\/wp.ufpel.edu.br\/progep\/#\/schema\/logo\/image\/","url":"https:\/\/wp.ufpel.edu.br\/progep\/files\/2025\/03\/logo-progep_atualizacao-nome_AZUL.png","contentUrl":"https:\/\/wp.ufpel.edu.br\/progep\/files\/2025\/03\/logo-progep_atualizacao-nome_AZUL.png","width":1080,"height":391,"caption":"Pr\u00f3-Reitoria de Gest\u00e3o com Pessoas - PROGEP"},"image":{"@id":"https:\/\/wp.ufpel.edu.br\/progep\/#\/schema\/logo\/image\/"}}]}},"_links":{"self":[{"href":"https:\/\/wp.ufpel.edu.br\/progep\/wp-json\/wp\/v2\/pages\/6674","targetHints":{"allow":["GET"]}}],"collection":[{"href":"https:\/\/wp.ufpel.edu.br\/progep\/wp-json\/wp\/v2\/pages"}],"about":[{"href":"https:\/\/wp.ufpel.edu.br\/progep\/wp-json\/wp\/v2\/types\/page"}],"author":[{"embeddable":true,"href":"https:\/\/wp.ufpel.edu.br\/progep\/wp-json\/wp\/v2\/users\/52"}],"replies":[{"embeddable":true,"href":"https:\/\/wp.ufpel.edu.br\/progep\/wp-json\/wp\/v2\/comments?post=6674"}],"version-history":[{"count":6,"href":"https:\/\/wp.ufpel.edu.br\/progep\/wp-json\/wp\/v2\/pages\/6674\/revisions"}],"predecessor-version":[{"id":6812,"href":"https:\/\/wp.ufpel.edu.br\/progep\/wp-json\/wp\/v2\/pages\/6674\/revisions\/6812"}],"up":[{"embeddable":true,"href":"https:\/\/wp.ufpel.edu.br\/progep\/wp-json\/wp\/v2\/pages\/6430"}],"wp:attachment":[{"href":"https:\/\/wp.ufpel.edu.br\/progep\/wp-json\/wp\/v2\/media?parent=6674"}],"curies":[{"name":"wp","href":"https:\/\/api.w.org\/{rel}","templated":true}]}}

CERTIDÃO DE TEMPO DE CONTRIBUIÇÃO

<p><strong>DEFINIÇÃO: </strong></p>
<p style="text-align: justify">É o documento emitido pela PROGEP indispensável para averbação de tempo de contribuição do(a) ex-servidor(a) junto a outros órgãos públicos, bem como à Previdência Social no caso de futura aposentadoria pelo Regime Geral da Previdência Social. Preenchimento do <span style="color: #ff9900"><a href="https://wp.ufpel.edu.br/progep/files/2013/06/Formulario-CTC-DTC.doc"><span style="color: #ff9900">Formulário de Solicitação de Certidão/Declaração de Tempo de Contribuição</span></a></span>.</p>
<p>&nbsp;</p>
<p><strong><em>Previsão Legal:</em></strong></p>
<p><span style="color: #ff9900"><strong><a href="http://www.planalto.gov.br/ccivil_03/leis/L6226.htm"><span style="color: #ff9900">Lei nº 6.226</span></a>,</strong></span> de 14/07/1975</p>
<p><span style="color: #ff9900"><strong><a href="http://www.planalto.gov.br/ccivil_03/_Ato2011-2014/2014/Decreto/D8302.htm"><span style="color: #ff9900">Decreto nº 8.302</span></a></strong></span>, de 04/09/2014</p>

<p>DEFINIÇÃO: É o documento emitido pela PROGEP indispensável para averbação de tempo de contribuição do(a) ex-servidor(a) junto a outros órgãos públicos, bem como à Previdência Social no caso de futura aposentadoria pelo Regime Geral da Previdência Social. Preenchimento do Formulário de Solicitação de Certidão/Declaração de Tempo de Contribuição. &nbsp; Previsão Legal: Lei nº 6.226, de [&hellip;]</p>

<!-- This site is optimized with the Yoast SEO plugin v28.1 - https://yoast.com/product/yoast-seo-wordpress/ -->
<title>CERTIDÃO DE TEMPO DE CONTRIBUIÇÃO  - Pró-Reitoria de Gestão com Pessoas - PROGEP</title>
<meta name="robots" content="index, follow, max-snippet:-1, max-image-preview:large, max-video-preview:-1" />
<link rel="canonical" href="https://wp.ufpel.edu.br/progep/administracao-de-pessoal/manual-do-servidor/certidao-de-tempo-de-contribuicao/" />
<meta property="og:locale" content="pt_BR" />
<meta property="og:type" content="article" />
<meta property="og:title" content="CERTIDÃO DE TEMPO DE CONTRIBUIÇÃO  - Pró-Reitoria de Gestão com Pessoas - PROGEP" />
<meta property="og:description" content="DEFINIÇÃO: É o documento emitido pela PROGEP indispensável para averbação de tempo de contribuição do(a) ex-servidor(a) junto a outros órgãos públicos, bem como à Previdência Social no caso de futura aposentadoria pelo Regime Geral da Previdência Social. Preenchimento do Formulário de Solicitação de Certidão/Declaração de Tempo de Contribuição. &nbsp; Previsão Legal: Lei nº 6.226, de [&hellip;]" />
<meta property="og:url" content="https://wp.ufpel.edu.br/progep/administracao-de-pessoal/manual-do-servidor/certidao-de-tempo-de-contribuicao/" />
<meta property="og:site_name" content="Pró-Reitoria de Gestão com Pessoas - PROGEP" />
<meta property="article:modified_time" content="2014-09-25T12:27:28+00:00" />
<meta name="twitter:card" content="summary_large_image" />
<script type="application/ld+json" class="yoast-schema-graph">{"@context":"https:\/\/schema.org","@graph":[{"@type":"WebPage","@id":"https:\/\/wp.ufpel.edu.br\/progep\/administracao-de-pessoal\/manual-do-servidor\/certidao-de-tempo-de-contribuicao\/","url":"https:\/\/wp.ufpel.edu.br\/progep\/administracao-de-pessoal\/manual-do-servidor\/certidao-de-tempo-de-contribuicao\/","name":"CERTIDÃO DE TEMPO DE CONTRIBUIÇÃO - Pró-Reitoria de Gestão com Pessoas - PROGEP","isPartOf":{"@id":"https:\/\/wp.ufpel.edu.br\/progep\/#website"},"datePublished":"2014-09-17T14:37:07+00:00","dateModified":"2014-09-25T12:27:28+00:00","breadcrumb":{"@id":"https:\/\/wp.ufpel.edu.br\/progep\/administracao-de-pessoal\/manual-do-servidor\/certidao-de-tempo-de-contribuicao\/#breadcrumb"},"inLanguage":"pt-BR","potentialAction":[{"@type":"ReadAction","target":["https:\/\/wp.ufpel.edu.br\/progep\/administracao-de-pessoal\/manual-do-servidor\/certidao-de-tempo-de-contribuicao\/"]}]},{"@type":"BreadcrumbList","@id":"https:\/\/wp.ufpel.edu.br\/progep\/administracao-de-pessoal\/manual-do-servidor\/certidao-de-tempo-de-contribuicao\/#breadcrumb","itemListElement":[{"@type":"ListItem","position":1,"name":"Início","item":"https:\/\/wp.ufpel.edu.br\/progep\/"},{"@type":"ListItem","position":2,"name":"Privado: Página Antiga Administração de Pessoal","item":"https:\/\/wp.ufpel.edu.br\/progep\/?page_id=308"},{"@type":"ListItem","position":3,"name":"Manual do Servidor","item":"https:\/\/wp.ufpel.edu.br\/progep\/administracao-de-pessoal\/manual-do-servidor\/"},{"@type":"ListItem","position":4,"name":"CERTIDÃO DE TEMPO DE CONTRIBUIÇÃO"}]},{"@type":"WebSite","@id":"https:\/\/wp.ufpel.edu.br\/progep\/#website","url":"https:\/\/wp.ufpel.edu.br\/progep\/","name":"Pró-Reitoria de Gestão com Pessoas - PROGEP","description":"Pró-Reitoria de Gestão com Pessoas","publisher":{"@id":"https:\/\/wp.ufpel.edu.br\/progep\/#organization"},"potentialAction":[{"@type":"SearchAction","target":{"@type":"EntryPoint","urlTemplate":"https:\/\/wp.ufpel.edu.br\/progep\/?s={search_term_string}"},"query-input":{"@type":"PropertyValueSpecification","valueRequired":true,"valueName":"search_term_string"}}],"inLanguage":"pt-BR"},{"@type":"Organization","@id":"https:\/\/wp.ufpel.edu.br\/progep\/#organization","name":"Pró-Reitoria de Gestão com Pessoas - PROGEP","url":"https:\/\/wp.ufpel.edu.br\/progep\/","logo":{"@type":"ImageObject","inLanguage":"pt-BR","@id":"https:\/\/wp.ufpel.edu.br\/progep\/#\/schema\/logo\/image\/","url":"https:\/\/wp.ufpel.edu.br\/progep\/files\/2025\/03\/logo-progep_atualizacao-nome_AZUL.png","contentUrl":"https:\/\/wp.ufpel.edu.br\/progep\/files\/2025\/03\/logo-progep_atualizacao-nome_AZUL.png","width":1080,"height":391,"caption":"Pró-Reitoria de Gestão com Pessoas - PROGEP"},"image":{"@id":"https:\/\/wp.ufpel.edu.br\/progep\/#\/schema\/logo\/image\/"}}]}</script>
<!-- / Yoast SEO plugin. -->

CERTIDÃO DE TEMPO DE CONTRIBUIÇÃO  - Pró-Reitoria de Gestão com Pessoas - PROGEP

DEFINIÇÃO: É o documento emitido pela PROGEP indispensável para averbação de tempo de contribuição do(a) ex-servidor(a) junto a outros órgãos públicos, bem como à Previdência Social no caso de futura aposentadoria pelo Regime Geral da Previdência Social. Preenchimento do Formulário de Solicitação de Certidão/Declaração de Tempo de Contribuição. &nbsp; Previsão Legal: Lei nº 6.226, de [&hellip;]

Pró-Reitoria de Gestão com Pessoas - PROGEP

CERTIDÃO DE TEMPO DE CONTRIBUIÇÃO - Pró-Reitoria de Gestão com Pessoas - PROGEP

Início

Privado: Página Antiga Administração de Pessoal

Pró-Reitoria de Gestão com Pessoas
