{"id":6674,"date":"2014-09-17T11:37:07","date_gmt":"2014-09-17T14:37:07","guid":{"rendered":"https:\/\/wp.ufpel.edu.br\/progep\/?page_id=6674"},"modified":"2014-09-25T09:27:28","modified_gmt":"2014-09-25T12:27:28","slug":"certidao-de-tempo-de-contribuicao","status":"publish","type":"page","link":"https:\/\/wp.ufpel.edu.br\/progep\/administracao-de-pessoal\/manual-do-servidor\/certidao-de-tempo-de-contribuicao\/","title":{"rendered":"CERTID\u00c3O DE TEMPO DE CONTRIBUI\u00c7\u00c3O"},"content":{"rendered":"<p><strong>DEFINI\u00c7\u00c3O: <\/strong><\/p>\n<p style=\"text-align: justify\">\u00c9 o documento emitido pela PROGEP indispens\u00e1vel para averba\u00e7\u00e3o de tempo de contribui\u00e7\u00e3o do(a) ex-servidor(a) junto a outros \u00f3rg\u00e3os p\u00fablicos, bem como \u00e0 Previd\u00eancia Social no caso de futura aposentadoria pelo Regime Geral da Previd\u00eancia Social. Preenchimento do <span style=\"color: #ff9900\"><a href=\"https:\/\/wp.ufpel.edu.br\/progep\/files\/2013\/06\/Formulario-CTC-DTC.doc\"><span style=\"color: #ff9900\">Formul\u00e1rio de Solicita\u00e7\u00e3o de Certid\u00e3o\/Declara\u00e7\u00e3o de Tempo de Contribui\u00e7\u00e3o<\/span><\/a><\/span>.<\/p>\n<p>&nbsp;<\/p>\n<p><strong><em>Previs\u00e3o Legal:<\/em><\/strong><\/p>\n<p><span style=\"color: #ff9900\"><strong><a href=\"http:\/\/www.planalto.gov.br\/ccivil_03\/leis\/L6226.htm\"><span style=\"color: #ff9900\">Lei n\u00ba 6.226<\/span><\/a>,<\/strong><\/span> de 14\/07\/1975<\/p>\n<p><span style=\"color: #ff9900\"><strong><a href=\"http:\/\/www.planalto.gov.br\/ccivil_03\/_Ato2011-2014\/2014\/Decreto\/D8302.htm\"><span style=\"color: #ff9900\">Decreto n\u00ba 8.302<\/span><\/a><\/strong><\/span>, de 04\/09\/2014<\/p>\n","protected":false},"excerpt":{"rendered":"<p>DEFINI\u00c7\u00c3O: \u00c9 o documento emitido pela PROGEP indispens\u00e1vel para averba\u00e7\u00e3o de tempo de contribui\u00e7\u00e3o do(a) ex-servidor(a) junto a outros \u00f3rg\u00e3os p\u00fablicos, bem como \u00e0 Previd\u00eancia Social no caso de futura aposentadoria pelo Regime Geral da Previd\u00eancia Social. Preenchimento do Formul\u00e1rio de Solicita\u00e7\u00e3o de Certid\u00e3o\/Declara\u00e7\u00e3o de Tempo de Contribui\u00e7\u00e3o. &nbsp; Previs\u00e3o Legal: Lei n\u00ba 6.226, de [&hellip;]<\/p>\n","protected":false},"author":52,"featured_media":0,"parent":6430,"menu_order":0,"comment_status":"closed","ping_status":"closed","template":"","meta":{"footnotes":""},"class_list":["post-6674","page","type-page","status-publish","hentry"],"_links":{"self":[{"href":"https:\/\/wp.ufpel.edu.br\/progep\/wp-json\/wp\/v2\/pages\/6674","targetHints":{"allow":["GET"]}}],"collection":[{"href":"https:\/\/wp.ufpel.edu.br\/progep\/wp-json\/wp\/v2\/pages"}],"about":[{"href":"https:\/\/wp.ufpel.edu.br\/progep\/wp-json\/wp\/v2\/types\/page"}],"author":[{"embeddable":true,"href":"https:\/\/wp.ufpel.edu.br\/progep\/wp-json\/wp\/v2\/users\/52"}],"replies":[{"embeddable":true,"href":"https:\/\/wp.ufpel.edu.br\/progep\/wp-json\/wp\/v2\/comments?post=6674"}],"version-history":[{"count":6,"href":"https:\/\/wp.ufpel.edu.br\/progep\/wp-json\/wp\/v2\/pages\/6674\/revisions"}],"predecessor-version":[{"id":6812,"href":"https:\/\/wp.ufpel.edu.br\/progep\/wp-json\/wp\/v2\/pages\/6674\/revisions\/6812"}],"up":[{"embeddable":true,"href":"https:\/\/wp.ufpel.edu.br\/progep\/wp-json\/wp\/v2\/pages\/6430"}],"wp:attachment":[{"href":"https:\/\/wp.ufpel.edu.br\/progep\/wp-json\/wp\/v2\/media?parent=6674"}],"curies":[{"name":"wp","href":"https:\/\/api.w.org\/{rel}","templated":true}]}}