{"id":6653,"date":"2014-09-16T11:42:04","date_gmt":"2014-09-16T14:42:04","guid":{"rendered":"https:\/\/wp.ufpel.edu.br\/progep\/?page_id=6653"},"modified":"2026-02-20T17:35:25","modified_gmt":"2026-02-20T20:35:25","slug":"retribuicao-por-titulacao-de-docentes","status":"publish","type":"page","link":"https:\/\/wp.ufpel.edu.br\/progep\/retribuicao-por-titulacao-de-docentes\/","title":{"rendered":"Retribui\u00e7\u00e3o por Titula\u00e7\u00e3o de Docentes"},"content":{"rendered":"\n<div class=\"wp-block-group\"><div class=\"wp-block-group__inner-container is-layout-constrained wp-block-group-is-layout-constrained\">\n<div class=\"logoTituloModelStyle\"><img class=\"size-medium wp-image-27184 alignleft\" src=\"https:\/\/wp.ufpel.edu.br\/progep\/files\/2025\/03\/logo-progep_atualizacao-nome_AZUL.png\" alt=\"\" \/><\/p>\n<div style=\"padding: 2rem 0\"><strong>Retribui\u00e7\u00e3o por Titula\u00e7\u00e3o de Servidores(as) Docentes<\/strong><\/div>\n<\/div>\n<hr class=\"hrModelStyle\" \/>\n<div class=\"descriptionModelStyle\">Nesta p\u00e1gina confira como solicitar a <strong>Retribui\u00e7\u00e3o por Titula\u00e7\u00e3o<\/strong>, que comp\u00f5em parte da carreira do Docente.<\/div>\n<\/div><\/div>\n\n\n<div class=\"titleComumStyle\">O que \u00e9?<\/div>\n<p class=\"paragrafoComumStyle\">A <strong>Retribui\u00e7\u00e3o por Titula\u00e7\u00e3o (RT)<\/strong> \u00e9 uma gratifica\u00e7\u00e3o devida aos docentes da carreira do Magist\u00e9rio Superior em conformidade com a jornada de trabalho, classe, n\u00edvel e titula\u00e7\u00e3o comprovada, independentemente de cumprimento de interst\u00edcio.<\/p>\n<p class=\"paragrafoComumStyle\">Os valores referentes \u00e0 RT n\u00e3o ser\u00e3o percebidos cumulativamente para diferentes titula\u00e7\u00f5es ou com quaisquer outras <strong>Retribui\u00e7\u00f5es por Titula\u00e7\u00e3o<\/strong>, adicionais ou gratifica\u00e7\u00f5es de mesma natureza.<\/p>\n<div style=\"background: linear-gradient(90deg, rgba(241,245,249,1) 0%, rgba(226,232,240,1) 100%);padding: 1rem;border-radius: 0.75rem\">\n<p style=\"text-align: center;padding: 0 1rem\"><strong><span style=\"font-size: 14pt\">Como fazer?<\/span><\/strong><\/p>\n<p style=\"text-indent: 2.5rem;padding: 0 1rem\"><span style=\"font-size: 14pt\">O processo de <strong>Retribui\u00e7\u00e3o por Titula\u00e7\u00e3o<\/strong> dever\u00e1 ser formalizado no SEI<\/&gt; por meio de processo do tipo\u00a0&lt;strong>\u201cPessoal: Retribui\u00e7\u00e3o por Titula\u00e7\u00e3o\u201d<\/strong>. O solicitante deve\u00a0preencher e assinar o documento\u00a0<strong>\u201cPROGEP Requerimento de Retribui\u00e7\u00e3o por Titula\u00e7\u00e3o\u201d<\/strong>, anexando o\u00a0<strong>diploma<\/strong>\u00a0de titula\u00e7\u00e3o.<\/span><\/p>\n<p style=\"text-indent: 2.5rem;padding: 0 1rem\"><span style=\"font-size: 14pt\">Se o docente ainda n\u00e3o tiver o diploma, dever\u00e1 incluir outro documento provis\u00f3rio v\u00e1lido\u00a0 (ata de defesa, atestado ou certid\u00e3o,\u00a0<strong>desde que evidenciem o cumprimento de todas as exig\u00eancias pr\u00e9vias para a obten\u00e7\u00e3o da titula\u00e7\u00e3o, ou seja, homologa\u00e7\u00e3o e \u00a0realiza\u00e7\u00e3o das corre\u00e7\u00f5es recomendadas pela Comiss\u00e3o Examinadora, com diploma ou certid\u00e3o em fase de expedi\u00e7\u00e3o e registro<\/strong>, conforme estipulado pelo\u00a0<a href=\"https:\/\/wp.ufpel.edu.br\/progep\/files\/2019\/06\/IQ-e-RT.pdf\">Memorando-Circular n\u00ba 8\/2019\/PROGEP\/REITORIA.<\/a><\/span><\/p>\n<p style=\"text-indent: 2.5rem;padding: 0 1rem\"><span style=\"font-size: 14pt\">Al\u00e9m disso, neste caso, tamb\u00e9m dever\u00e1 anexar o documento\u00a0<strong>\u201cPROGEP Termo de Anu\u00eancia de IQ e RT\u201d<\/strong>, onde estar\u00e1 firmando o compromisso de apresenta\u00e7\u00e3o do diploma\/certificado no prazo de 6 (seis) meses, sob pena de suspens\u00e3o do pagamento.<\/span><\/p>\n<p style=\"text-indent: 2.5rem;padding: 0 1rem\"><span style=\"font-size: 14pt\">Os diplomas emitidos por Programas de P\u00f3s-Gradua\u00e7\u00e3o no exterior somente ser\u00e3o aceitos quando forem reconhecidos por institui\u00e7\u00e3o nacional devidamente registrada.<\/span><\/p>\n<\/div>\n<div class=\"botaoStyle linksComum\">\n<div class=\"titleComumStyle\">Base de Conhecimento do SEI:<\/div>\u00a0<a href=\"https:\/\/wp.ufpel.edu.br\/escritoriodeprocessos\/files\/2023\/08\/Retribuicao-por-Titulacao.pdf\" target=\"_blank\">Retribui\u00e7\u00e3o por Titula\u00e7\u00e3o<\/a>\n<div class=\"titleComumStyle\">Fundamento Legal:<\/div>\n<a href=\"https:\/\/www.planalto.gov.br\/ccivil_03\/_ato2023-2026\/2025\/lei\/l15141.htm\" target=\"_blank\"><strong>Lei n\u00ba 15.141, de 2 de junho de 2025<\/strong><\/a>\n<a href=\"http:\/\/www.planalto.gov.br\/ccivil_03\/_ato2011-2014\/2012\/lei\/l12772.htm\" target=\"_blank\" rel=\"noopener noreferrer\">Lei n\u00ba 12.772\/2012<\/a>\n<a href=\"https:\/\/wp.ufpel.edu.br\/scs\/files\/2021\/12\/Res.-64-CONSUUN.pdf\" target=\"_blank\" rel=\"noopener\">Resolu\u00e7\u00e3o CONSUN n\u00ba 64\/2021 (Progress\u00e3o\/Promo\u00e7\u00e3o) \u2013 Em vigor desde 01\/01\/2022<\/a>\n<a href=\"https:\/\/wp.ufpel.edu.br\/progep\/files\/2022\/06\/oficio-par-673_2019-mec_agu_diploma_carreira.pdf\" target=\"_blank\">Parecer n\u00ba 00673\/2019\/CONJUR-MEC\/CGU\/AGU<\/a>\n<a href=\"https:\/\/legis.sigepe.gov.br\/legis\/detalhar\/16411\" target=\"_blank\" rel=\"noopener\" data-cke-saved-href=\"file:\/\/\/D:\/Arquivos\/Desktop\/OF%C3%8DCIO%20CIRCULAR%20SEI%20n%C2%BA%202-2019.pdf\">Of\u00edcio Circular SEI n\u00ba 2\/2019\/CGCAR ASSES\/CGCAR\/DESEN\/SGP\/SEDGG-ME<\/a>\n<\/div>\n<div style=\"background: linear-gradient(90deg, rgba(241,245,249,1) 0%, rgba(226,232,240,1) 100%);padding: 1rem;border-radius: 0.75rem\">\n<p style=\"text-indent: 2.5rem;padding: 0 1rem\"><span style=\"font-size: 14pt\"><strong>D\u00favidas:<\/strong><\/span><\/p>\n<p class=\"paragrafoComumStyle\">Favor encaminhar pelo\u00a0<a href=\"https:\/\/wp.ufpel.edu.br\/perguntas\/solicitar-atendimento\/\" target=\"_blank\" rel=\"noopener\">Sistema de Atendimento da UFPel<\/a>\u00a0escolhendo como \u201c\u00e1rea desejada\u201d a op\u00e7\u00e3o \u201cGest\u00e3o de Pessoas\/Desenvolvimento de Pessoal\u201d e para \u201ct\u00f3pico\u201d, a op\u00e7\u00e3o \u201cProgress\u00e3o\/Promo\u00e7\u00e3o Funcional \u2013 DOC\u201d.<\/p>\n<\/div>","protected":false},"excerpt":{"rendered":"<p>Retribui\u00e7\u00e3o por Titula\u00e7\u00e3o de Servidores(as) Docentes Nesta p\u00e1gina confira como solicitar a Retribui\u00e7\u00e3o por Titula\u00e7\u00e3o, que comp\u00f5em parte da carreira do Docente. O que \u00e9? A Retribui\u00e7\u00e3o por Titula\u00e7\u00e3o (RT) \u00e9 uma gratifica\u00e7\u00e3o devida aos docentes da carreira do Magist\u00e9rio Superior em conformidade com a jornada de trabalho, classe, n\u00edvel e titula\u00e7\u00e3o comprovada, independentemente de [&hellip;]<\/p>\n","protected":false},"author":21,"featured_media":0,"parent":0,"menu_order":0,"comment_status":"closed","ping_status":"closed","template":"","meta":{"footnotes":""},"class_list":["post-6653","page","type-page","status-publish","hentry"],"_links":{"self":[{"href":"https:\/\/wp.ufpel.edu.br\/progep\/wp-json\/wp\/v2\/pages\/6653","targetHints":{"allow":["GET"]}}],"collection":[{"href":"https:\/\/wp.ufpel.edu.br\/progep\/wp-json\/wp\/v2\/pages"}],"about":[{"href":"https:\/\/wp.ufpel.edu.br\/progep\/wp-json\/wp\/v2\/types\/page"}],"author":[{"embeddable":true,"href":"https:\/\/wp.ufpel.edu.br\/progep\/wp-json\/wp\/v2\/users\/21"}],"replies":[{"embeddable":true,"href":"https:\/\/wp.ufpel.edu.br\/progep\/wp-json\/wp\/v2\/comments?post=6653"}],"version-history":[{"count":3,"href":"https:\/\/wp.ufpel.edu.br\/progep\/wp-json\/wp\/v2\/pages\/6653\/revisions"}],"predecessor-version":[{"id":40557,"href":"https:\/\/wp.ufpel.edu.br\/progep\/wp-json\/wp\/v2\/pages\/6653\/revisions\/40557"}],"wp:attachment":[{"href":"https:\/\/wp.ufpel.edu.br\/progep\/wp-json\/wp\/v2\/media?parent=6653"}],"curies":[{"name":"wp","href":"https:\/\/api.w.org\/{rel}","templated":true}]}}