{"id":586,"date":"2010-04-23T16:27:58","date_gmt":"2010-04-23T19:27:58","guid":{"rendered":"https:\/\/wp.ufpel.edu.br\/prgrh\/?page_id=586"},"modified":"2023-07-04T18:38:39","modified_gmt":"2023-07-04T21:38:39","slug":"remocao-de-servidor-tecnico-administrativo","status":"publish","type":"page","link":"https:\/\/wp.ufpel.edu.br\/progep\/administracao-de-pessoal\/manual-do-servidor\/remocao-de-servidor-tecnico-administrativo\/","title":{"rendered":"Remo\u00e7\u00e3o"},"content":{"rendered":"<p style=\"text-align: center\"><span style=\"font-family: georgia, palatino, serif\"><strong>Remo\u00e7\u00f5es de T\u00e9cnico-Administrativos em Educa\u00e7\u00e3o no \u00c2mbito da UFPel<\/strong><\/span><\/p>\n<p>&nbsp;<\/p>\n<p style=\"text-align: justify\"><span style=\"font-weight: 400\">Remo\u00e7\u00e3o \u00e9 o deslocamento do servidor, a pedido ou de of\u00edcio, no \u00e2mbito do mesmo quadro, com ou sem mudan\u00e7a de sede, e est\u00e1 prevista no Art. 36 da Lei N\u00ba 8.112\/90. Os processos de remo\u00e7\u00e3o objetivam propiciar ao(\u00e0) servidor(a) interessado(a) a oportunidade de lota\u00e7\u00e3o na unidade administrativa e\/ou acad\u00eamica de seu interesse, por meio da mobilidade, baseada em crit\u00e9rios imparciais e transparentes e uma melhor adequa\u00e7\u00e3o do perfil do\/a servidor\/a \u00e0s atribui\u00e7\u00f5es a serem desempenhadas, valorizando suas compet\u00eancias e, consequentemente, o melhor aproveitamento do seu potencial.\u00a0<\/span><\/p>\n<p style=\"text-align: justify\"><span style=\"font-weight: 400\">As remo\u00e7\u00f5es na Universidade Federal de Pelotas (UFPel) s\u00e3o regulamentadas pela Portaria 39\/2023 e podem ser realizadas de of\u00edcio, no interesse da administra\u00e7\u00e3o, por meio de editais ou ainda por formul\u00e1rio espec\u00edfico, conforme o caso.\u00a0<\/span><\/p>\n<p style=\"text-align: justify\"><span style=\"font-weight: 400\">Quando a remo\u00e7\u00e3o envolver vagas ociosas, a mesma ocorrer\u00e1 atrav\u00e9s de edital, amplamente divulgado, devendo os(as) servidores(as) realizarem a inscri\u00e7\u00e3o nas vagas pretendidas, conforme procedimentos elucidados no edital.<\/span><\/p>\n<p style=\"text-align: justify\"><span style=\"font-weight: 400\">Outra modalidade poss\u00edvel de remo\u00e7\u00e3o \u00e9 a permuta entre servidores(as), atrav\u00e9s de interesse m\u00fatuo de ocupantes do mesmo cargo, ou equivalentes, com inten\u00e7\u00e3o de troca de lota\u00e7\u00e3o entre si, observados o interesse p\u00fablico. Com esse intuito, servidores(as) que desejam a remo\u00e7\u00e3o de seus locais de trabalho dever\u00e3o realizar o cadastro no Formul\u00e1rio de Cadastro para Remo\u00e7\u00e3o, dispon\u00edvel a seguir.\u00a0 Ainda, atrav\u00e9s do banco de interesse em remo\u00e7\u00e3o \u00e9 poss\u00edvel que os servidores(as) visualizem todos os cadastros dos interessados, tornando poss\u00edvel encontrar servidores(as) do mesmo cargo, ou equivalente, que possibilitaria uma permuta. Os mesmos devem realizar o contato com os(as) servidores cujas lota\u00e7\u00f5es forem de seu interesse e, havendo concord\u00e2ncia na permuta, dever\u00e3o iniciar processo de remo\u00e7\u00e3o, via SEI, incluindo o documento PROGEP Formul\u00e1rio de Remo\u00e7\u00e3o, contendo a informa\u00e7\u00e3o dos(as) servidores(as) envolvidos na permuta, com a assinatura de ambos, para posterior envio ao N\u00facleo de Cadastro e Movimenta\u00e7\u00e3o de Pessoal &#8211; NUCAD.\u00a0<\/span><\/p>\n<p style=\"text-align: center\"><strong>Em caso de desist\u00eancia da remo\u00e7\u00e3o, o(a) servidor(a) dever\u00e1 entrar em contato com o NUCAD para que seu nome seja retirado do banco de interesse. O contato dever\u00e1 ocorrer atrav\u00e9s do e-mail cadastro@ufpel.edu.br.<\/strong><\/p>\n<p style=\"text-align: justify\">Enquanto perdurar a an\u00e1lise de uma solicita\u00e7\u00e3o, at\u00e9 Publica\u00e7\u00e3o da Portaria de Remo\u00e7\u00e3o, os(as) servidores(as) permanecer\u00e3o no exerc\u00edcio de suas atividades na unidade de lota\u00e7\u00e3o.<\/p>\n<p>&nbsp;<\/p>\n<p><strong><a href=\"https:\/\/l.ufpel.edu.br\/formulario-remocoes\">Formul\u00e1rio de Cadastro para Remo\u00e7\u00e3o<\/a><\/strong><\/p>\n<p><strong><a href=\"https:\/\/l.ufpel.edu.br\/interessados-remocoes\">Banco de Interesse em Remo\u00e7\u00e3o<\/a><\/strong><\/p>\n<p>&nbsp;<\/p>\n<p><em><strong>Previs\u00e3o\u00a0Legal:<\/strong><\/em><\/p>\n<p><span style=\"color: #ff9900\"><a style=\"color: #ff9900\" href=\"http:\/\/www.planalto.gov.br\/ccivil_03\/Leis\/L8112cons.htm\" target=\"_blank\" rel=\"noopener\">Lei n\u00ba 8.112\/90<\/a><\/span><\/p>\n<p><span style=\"color: #ff9900\"><a style=\"color: #ff9900\" href=\"https:\/\/sei.ufpel.edu.br\/sei\/publicacoes\/controlador_publicacoes.php?acao=publicacao_visualizar&amp;id_documento=2520692&amp;id_orgao_publicacao=0\">Portaria n\u00ba 39, de 30 de junho de 2023<\/a><\/span><\/p>\n","protected":false},"excerpt":{"rendered":"<p>Remo\u00e7\u00f5es de T\u00e9cnico-Administrativos em Educa\u00e7\u00e3o no \u00c2mbito da UFPel &nbsp; Remo\u00e7\u00e3o \u00e9 o deslocamento do servidor, a pedido ou de of\u00edcio, no \u00e2mbito do mesmo quadro, com ou sem mudan\u00e7a de sede, e est\u00e1 prevista no Art. 36 da Lei N\u00ba 8.112\/90. Os processos de remo\u00e7\u00e3o objetivam propiciar ao(\u00e0) servidor(a) interessado(a) a oportunidade de lota\u00e7\u00e3o [&hellip;]<\/p>\n","protected":false},"author":21,"featured_media":0,"parent":6430,"menu_order":21,"comment_status":"closed","ping_status":"closed","template":"","meta":{"footnotes":""},"class_list":["post-586","page","type-page","status-publish","hentry"],"_links":{"self":[{"href":"https:\/\/wp.ufpel.edu.br\/progep\/wp-json\/wp\/v2\/pages\/586","targetHints":{"allow":["GET"]}}],"collection":[{"href":"https:\/\/wp.ufpel.edu.br\/progep\/wp-json\/wp\/v2\/pages"}],"about":[{"href":"https:\/\/wp.ufpel.edu.br\/progep\/wp-json\/wp\/v2\/types\/page"}],"author":[{"embeddable":true,"href":"https:\/\/wp.ufpel.edu.br\/progep\/wp-json\/wp\/v2\/users\/21"}],"replies":[{"embeddable":true,"href":"https:\/\/wp.ufpel.edu.br\/progep\/wp-json\/wp\/v2\/comments?post=586"}],"version-history":[{"count":44,"href":"https:\/\/wp.ufpel.edu.br\/progep\/wp-json\/wp\/v2\/pages\/586\/revisions"}],"predecessor-version":[{"id":27595,"href":"https:\/\/wp.ufpel.edu.br\/progep\/wp-json\/wp\/v2\/pages\/586\/revisions\/27595"}],"up":[{"embeddable":true,"href":"https:\/\/wp.ufpel.edu.br\/progep\/wp-json\/wp\/v2\/pages\/6430"}],"wp:attachment":[{"href":"https:\/\/wp.ufpel.edu.br\/progep\/wp-json\/wp\/v2\/media?parent=586"}],"curies":[{"name":"wp","href":"https:\/\/api.w.org\/{rel}","templated":true}]}}