{"id":4664,"date":"2013-09-11T11:53:36","date_gmt":"2013-09-11T14:53:36","guid":{"rendered":"https:\/\/wp.ufpel.edu.br\/prgrh\/?page_id=4664"},"modified":"2013-09-13T09:40:57","modified_gmt":"2013-09-13T12:40:57","slug":"roda-de-conversa-alimentacao-saudavel","status":"publish","type":"page","link":"https:\/\/wp.ufpel.edu.br\/progep\/conversando-sobre-saude-e-qualidade-de-vida\/roda-de-conversa-alimentacao-saudavel\/","title":{"rendered":"Roda de Conversa &#8220;Alimenta\u00e7\u00e3o Saud\u00e1vel&#8221;"},"content":{"rendered":"<p style=\"text-align: left\">\n<p style=\"text-align: center\">Campus Porto &#8211; mar\u00e7o\/abril de 2013<\/p>\n<p>&nbsp;<\/p>\n<p><a href=\"https:\/\/wp.ufpel.edu.br\/prgrh\/files\/2013\/04\/100_1869.jpg\"><img class=\"aligncenter size-medium wp-image-4045\" alt=\"100_1869\" src=\"https:\/\/wp.ufpel.edu.br\/prgrh\/files\/2013\/04\/100_1869-300x169.jpg\" width=\"300\" height=\"169\" srcset=\"https:\/\/wp.ufpel.edu.br\/progep\/files\/2013\/04\/100_1869-300x169.jpg 300w, https:\/\/wp.ufpel.edu.br\/progep\/files\/2013\/04\/100_1869-1024x576.jpg 1024w\" sizes=\"(max-width: 300px) 100vw, 300px\" \/><\/a><\/p>\n<p>&nbsp;<\/p>\n<p><a href=\"https:\/\/wp.ufpel.edu.br\/prgrh\/files\/2013\/04\/10-ABRIL-0151.jpg\"><img class=\"aligncenter size-medium wp-image-4043\" alt=\"10 ABRIL 015\" src=\"https:\/\/wp.ufpel.edu.br\/prgrh\/files\/2013\/04\/10-ABRIL-0151-300x169.jpg\" width=\"300\" height=\"169\" srcset=\"https:\/\/wp.ufpel.edu.br\/progep\/files\/2013\/04\/10-ABRIL-0151-300x169.jpg 300w, https:\/\/wp.ufpel.edu.br\/progep\/files\/2013\/04\/10-ABRIL-0151-1024x576.jpg 1024w\" sizes=\"(max-width: 300px) 100vw, 300px\" \/><\/a><\/p>\n<p>&nbsp;<\/p>\n<p><a href=\"https:\/\/wp.ufpel.edu.br\/prgrh\/files\/2013\/04\/10-ABRIL-93.jpg\"><img class=\"aligncenter size-medium wp-image-4034\" alt=\"10 ABRIL 9\" src=\"https:\/\/wp.ufpel.edu.br\/prgrh\/files\/2013\/04\/10-ABRIL-93-300x169.jpg\" width=\"300\" height=\"169\" srcset=\"https:\/\/wp.ufpel.edu.br\/progep\/files\/2013\/04\/10-ABRIL-93-300x169.jpg 300w, https:\/\/wp.ufpel.edu.br\/progep\/files\/2013\/04\/10-ABRIL-93-1024x576.jpg 1024w\" sizes=\"(max-width: 300px) 100vw, 300px\" \/><\/a><\/p>\n<p>&nbsp;<\/p>\n<p>&nbsp;<\/p>\n<p><a href=\"https:\/\/wp.ufpel.edu.br\/prgrh\/files\/2013\/04\/17-ABRIL-010.jpg\"><img class=\"aligncenter size-medium wp-image-4026\" alt=\"Roda de Conversa do dia 17 de abril de 2013\" src=\"https:\/\/wp.ufpel.edu.br\/prgrh\/files\/2013\/04\/17-ABRIL-010-300x169.jpg\" width=\"300\" height=\"169\" srcset=\"https:\/\/wp.ufpel.edu.br\/progep\/files\/2013\/04\/17-ABRIL-010-300x169.jpg 300w, https:\/\/wp.ufpel.edu.br\/progep\/files\/2013\/04\/17-ABRIL-010-1024x576.jpg 1024w\" sizes=\"(max-width: 300px) 100vw, 300px\" \/><\/a><\/p>\n<p>&nbsp;<\/p>\n","protected":false},"excerpt":{"rendered":"<p>Campus Porto &#8211; mar\u00e7o\/abril de 2013 &nbsp; &nbsp; &nbsp; &nbsp; &nbsp; &nbsp;<\/p>\n","protected":false},"author":246,"featured_media":0,"parent":4004,"menu_order":0,"comment_status":"closed","ping_status":"closed","template":"","meta":{"footnotes":""},"class_list":["post-4664","page","type-page","status-publish","hentry"],"_links":{"self":[{"href":"https:\/\/wp.ufpel.edu.br\/progep\/wp-json\/wp\/v2\/pages\/4664","targetHints":{"allow":["GET"]}}],"collection":[{"href":"https:\/\/wp.ufpel.edu.br\/progep\/wp-json\/wp\/v2\/pages"}],"about":[{"href":"https:\/\/wp.ufpel.edu.br\/progep\/wp-json\/wp\/v2\/types\/page"}],"author":[{"embeddable":true,"href":"https:\/\/wp.ufpel.edu.br\/progep\/wp-json\/wp\/v2\/users\/246"}],"replies":[{"embeddable":true,"href":"https:\/\/wp.ufpel.edu.br\/progep\/wp-json\/wp\/v2\/comments?post=4664"}],"version-history":[{"count":7,"href":"https:\/\/wp.ufpel.edu.br\/progep\/wp-json\/wp\/v2\/pages\/4664\/revisions"}],"predecessor-version":[{"id":37032,"href":"https:\/\/wp.ufpel.edu.br\/progep\/wp-json\/wp\/v2\/pages\/4664\/revisions\/37032"}],"up":[{"embeddable":true,"href":"https:\/\/wp.ufpel.edu.br\/progep\/wp-json\/wp\/v2\/pages\/4004"}],"wp:attachment":[{"href":"https:\/\/wp.ufpel.edu.br\/progep\/wp-json\/wp\/v2\/media?parent=4664"}],"curies":[{"name":"wp","href":"https:\/\/api.w.org\/{rel}","templated":true}]}}