{"id":41959,"date":"2026-05-20T11:47:56","date_gmt":"2026-05-20T14:47:56","guid":{"rendered":"https:\/\/wp.ufpel.edu.br\/progep\/?page_id=41959"},"modified":"2026-05-20T11:52:41","modified_gmt":"2026-05-20T14:52:41","slug":"cartilha-sobre-assedio-moral","status":"publish","type":"page","link":"https:\/\/wp.ufpel.edu.br\/progep\/cartilha-sobre-assedio-moral\/","title":{"rendered":"Cartilha sobre Ass\u00e9dio Moral"},"content":{"rendered":"\n<div class=\"wp-block-group\"><div class=\"wp-block-group__inner-container is-layout-constrained wp-block-group-is-layout-constrained\">\n<div class=\"logoTituloModelStyle\"><img class=\"size-medium wp-image-27184 alignleft\" src=\"https:\/\/wp.ufpel.edu.br\/progep\/files\/2025\/03\/logo-progep_atualizacao-nome_AZUL.png\" alt=\"\" \/>\n<div><strong>Cartilha sobre Ass\u00e9dio Moral<\/strong><\/div>\n<\/div>\n<hr class=\"hrModelStyle\" \/>\n<div class=\"descriptionModelStyle\">Confira a Cartilha sobre Ass\u00e9dio Moral<\/div>\n<\/div><\/div>\n\n\n<div class=\"guiaDaLiderancaStyle botaoStyle botaoGrandeStyle\">\n<p><a href=\"https:\/\/wp.ufpel.edu.br\/progep\/files\/2026\/05\/Cartilha_assedio_moral-1.pdf\" target=\"_blank\">Confira aqui a Cartilha sobre Ass\u00e9dio Moral<\/a>\n<\/div>","protected":false},"excerpt":{"rendered":"<p>Cartilha sobre Ass\u00e9dio Moral Confira a Cartilha sobre Ass\u00e9dio Moral Confira aqui a Cartilha sobre Ass\u00e9dio Moral<\/p>\n","protected":false},"author":21,"featured_media":0,"parent":0,"menu_order":0,"comment_status":"closed","ping_status":"closed","template":"","meta":{"footnotes":""},"class_list":["post-41959","page","type-page","status-publish","hentry"],"yoast_head":"<!-- This site is optimized with the Yoast SEO plugin v28.1 - https:\/\/yoast.com\/product\/yoast-seo-wordpress\/ -->\n<title>Cartilha sobre Ass\u00e9dio Moral - Pr\u00f3-Reitoria de Gest\u00e3o com Pessoas - PROGEP<\/title>\n<meta name=\"robots\" content=\"index, follow, max-snippet:-1, max-image-preview:large, max-video-preview:-1\" \/>\n<link rel=\"canonical\" href=\"https:\/\/wp.ufpel.edu.br\/progep\/cartilha-sobre-assedio-moral\/\" \/>\n<meta property=\"og:locale\" content=\"pt_BR\" \/>\n<meta property=\"og:type\" content=\"article\" \/>\n<meta property=\"og:title\" content=\"Cartilha sobre Ass\u00e9dio Moral - Pr\u00f3-Reitoria de Gest\u00e3o com Pessoas - PROGEP\" \/>\n<meta property=\"og:description\" content=\"Cartilha sobre Ass\u00e9dio Moral Confira a Cartilha sobre Ass\u00e9dio Moral Confira aqui a Cartilha sobre Ass\u00e9dio Moral\" \/>\n<meta property=\"og:url\" content=\"https:\/\/wp.ufpel.edu.br\/progep\/cartilha-sobre-assedio-moral\/\" \/>\n<meta property=\"og:site_name\" content=\"Pr\u00f3-Reitoria de Gest\u00e3o com Pessoas - PROGEP\" \/>\n<meta property=\"article:modified_time\" content=\"2026-05-20T14:52:41+00:00\" \/>\n<meta property=\"og:image\" content=\"https:\/\/wp.ufpel.edu.br\/progep\/files\/2025\/03\/logo-progep_atualizacao-nome_AZUL.png\" \/>\n<meta name=\"twitter:card\" content=\"summary_large_image\" \/>\n<script type=\"application\/ld+json\" class=\"yoast-schema-graph\">{\"@context\":\"https:\\\/\\\/schema.org\",\"@graph\":[{\"@type\":\"WebPage\",\"@id\":\"https:\\\/\\\/wp.ufpel.edu.br\\\/progep\\\/cartilha-sobre-assedio-moral\\\/\",\"url\":\"https:\\\/\\\/wp.ufpel.edu.br\\\/progep\\\/cartilha-sobre-assedio-moral\\\/\",\"name\":\"Cartilha sobre Ass\u00e9dio Moral - Pr\u00f3-Reitoria de Gest\u00e3o com Pessoas - PROGEP\",\"isPartOf\":{\"@id\":\"https:\\\/\\\/wp.ufpel.edu.br\\\/progep\\\/#website\"},\"primaryImageOfPage\":{\"@id\":\"https:\\\/\\\/wp.ufpel.edu.br\\\/progep\\\/cartilha-sobre-assedio-moral\\\/#primaryimage\"},\"image\":{\"@id\":\"https:\\\/\\\/wp.ufpel.edu.br\\\/progep\\\/cartilha-sobre-assedio-moral\\\/#primaryimage\"},\"thumbnailUrl\":\"https:\\\/\\\/wp.ufpel.edu.br\\\/progep\\\/files\\\/2025\\\/03\\\/logo-progep_atualizacao-nome_AZUL.png\",\"datePublished\":\"2026-05-20T14:47:56+00:00\",\"dateModified\":\"2026-05-20T14:52:41+00:00\",\"breadcrumb\":{\"@id\":\"https:\\\/\\\/wp.ufpel.edu.br\\\/progep\\\/cartilha-sobre-assedio-moral\\\/#breadcrumb\"},\"inLanguage\":\"pt-BR\",\"potentialAction\":[{\"@type\":\"ReadAction\",\"target\":[\"https:\\\/\\\/wp.ufpel.edu.br\\\/progep\\\/cartilha-sobre-assedio-moral\\\/\"]}]},{\"@type\":\"ImageObject\",\"inLanguage\":\"pt-BR\",\"@id\":\"https:\\\/\\\/wp.ufpel.edu.br\\\/progep\\\/cartilha-sobre-assedio-moral\\\/#primaryimage\",\"url\":\"\",\"contentUrl\":\"\"},{\"@type\":\"BreadcrumbList\",\"@id\":\"https:\\\/\\\/wp.ufpel.edu.br\\\/progep\\\/cartilha-sobre-assedio-moral\\\/#breadcrumb\",\"itemListElement\":[{\"@type\":\"ListItem\",\"position\":1,\"name\":\"In\u00edcio\",\"item\":\"https:\\\/\\\/wp.ufpel.edu.br\\\/progep\\\/\"},{\"@type\":\"ListItem\",\"position\":2,\"name\":\"Cartilha sobre Ass\u00e9dio Moral\"}]},{\"@type\":\"WebSite\",\"@id\":\"https:\\\/\\\/wp.ufpel.edu.br\\\/progep\\\/#website\",\"url\":\"https:\\\/\\\/wp.ufpel.edu.br\\\/progep\\\/\",\"name\":\"Pr\u00f3-Reitoria de Gest\u00e3o com Pessoas - PROGEP\",\"description\":\"Pr\u00f3-Reitoria de Gest\u00e3o com Pessoas\",\"publisher\":{\"@id\":\"https:\\\/\\\/wp.ufpel.edu.br\\\/progep\\\/#organization\"},\"potentialAction\":[{\"@type\":\"SearchAction\",\"target\":{\"@type\":\"EntryPoint\",\"urlTemplate\":\"https:\\\/\\\/wp.ufpel.edu.br\\\/progep\\\/?s={search_term_string}\"},\"query-input\":{\"@type\":\"PropertyValueSpecification\",\"valueRequired\":true,\"valueName\":\"search_term_string\"}}],\"inLanguage\":\"pt-BR\"},{\"@type\":\"Organization\",\"@id\":\"https:\\\/\\\/wp.ufpel.edu.br\\\/progep\\\/#organization\",\"name\":\"Pr\u00f3-Reitoria de Gest\u00e3o com Pessoas - PROGEP\",\"url\":\"https:\\\/\\\/wp.ufpel.edu.br\\\/progep\\\/\",\"logo\":{\"@type\":\"ImageObject\",\"inLanguage\":\"pt-BR\",\"@id\":\"https:\\\/\\\/wp.ufpel.edu.br\\\/progep\\\/#\\\/schema\\\/logo\\\/image\\\/\",\"url\":\"https:\\\/\\\/wp.ufpel.edu.br\\\/progep\\\/files\\\/2025\\\/03\\\/logo-progep_atualizacao-nome_AZUL.png\",\"contentUrl\":\"https:\\\/\\\/wp.ufpel.edu.br\\\/progep\\\/files\\\/2025\\\/03\\\/logo-progep_atualizacao-nome_AZUL.png\",\"width\":1080,\"height\":391,\"caption\":\"Pr\u00f3-Reitoria de Gest\u00e3o com Pessoas - PROGEP\"},\"image\":{\"@id\":\"https:\\\/\\\/wp.ufpel.edu.br\\\/progep\\\/#\\\/schema\\\/logo\\\/image\\\/\"}}]}<\/script>\n<!-- \/ Yoast SEO plugin. -->","yoast_head_json":{"title":"Cartilha sobre Ass\u00e9dio Moral - Pr\u00f3-Reitoria de Gest\u00e3o com Pessoas - PROGEP","robots":{"index":"index","follow":"follow","max-snippet":"max-snippet:-1","max-image-preview":"max-image-preview:large","max-video-preview":"max-video-preview:-1"},"canonical":"https:\/\/wp.ufpel.edu.br\/progep\/cartilha-sobre-assedio-moral\/","og_locale":"pt_BR","og_type":"article","og_title":"Cartilha sobre Ass\u00e9dio Moral - Pr\u00f3-Reitoria de Gest\u00e3o com Pessoas - PROGEP","og_description":"Cartilha sobre Ass\u00e9dio Moral Confira a Cartilha sobre Ass\u00e9dio Moral Confira aqui a Cartilha sobre Ass\u00e9dio Moral","og_url":"https:\/\/wp.ufpel.edu.br\/progep\/cartilha-sobre-assedio-moral\/","og_site_name":"Pr\u00f3-Reitoria de Gest\u00e3o com Pessoas - PROGEP","article_modified_time":"2026-05-20T14:52:41+00:00","og_image":[{"url":"https:\/\/wp.ufpel.edu.br\/progep\/files\/2025\/03\/logo-progep_atualizacao-nome_AZUL.png","type":"","width":"","height":""}],"twitter_card":"summary_large_image","schema":{"@context":"https:\/\/schema.org","@graph":[{"@type":"WebPage","@id":"https:\/\/wp.ufpel.edu.br\/progep\/cartilha-sobre-assedio-moral\/","url":"https:\/\/wp.ufpel.edu.br\/progep\/cartilha-sobre-assedio-moral\/","name":"Cartilha sobre Ass\u00e9dio Moral - Pr\u00f3-Reitoria de Gest\u00e3o com Pessoas - PROGEP","isPartOf":{"@id":"https:\/\/wp.ufpel.edu.br\/progep\/#website"},"primaryImageOfPage":{"@id":"https:\/\/wp.ufpel.edu.br\/progep\/cartilha-sobre-assedio-moral\/#primaryimage"},"image":{"@id":"https:\/\/wp.ufpel.edu.br\/progep\/cartilha-sobre-assedio-moral\/#primaryimage"},"thumbnailUrl":"https:\/\/wp.ufpel.edu.br\/progep\/files\/2025\/03\/logo-progep_atualizacao-nome_AZUL.png","datePublished":"2026-05-20T14:47:56+00:00","dateModified":"2026-05-20T14:52:41+00:00","breadcrumb":{"@id":"https:\/\/wp.ufpel.edu.br\/progep\/cartilha-sobre-assedio-moral\/#breadcrumb"},"inLanguage":"pt-BR","potentialAction":[{"@type":"ReadAction","target":["https:\/\/wp.ufpel.edu.br\/progep\/cartilha-sobre-assedio-moral\/"]}]},{"@type":"ImageObject","inLanguage":"pt-BR","@id":"https:\/\/wp.ufpel.edu.br\/progep\/cartilha-sobre-assedio-moral\/#primaryimage","url":"","contentUrl":""},{"@type":"BreadcrumbList","@id":"https:\/\/wp.ufpel.edu.br\/progep\/cartilha-sobre-assedio-moral\/#breadcrumb","itemListElement":[{"@type":"ListItem","position":1,"name":"In\u00edcio","item":"https:\/\/wp.ufpel.edu.br\/progep\/"},{"@type":"ListItem","position":2,"name":"Cartilha sobre Ass\u00e9dio Moral"}]},{"@type":"WebSite","@id":"https:\/\/wp.ufpel.edu.br\/progep\/#website","url":"https:\/\/wp.ufpel.edu.br\/progep\/","name":"Pr\u00f3-Reitoria de Gest\u00e3o com Pessoas - PROGEP","description":"Pr\u00f3-Reitoria de Gest\u00e3o com Pessoas","publisher":{"@id":"https:\/\/wp.ufpel.edu.br\/progep\/#organization"},"potentialAction":[{"@type":"SearchAction","target":{"@type":"EntryPoint","urlTemplate":"https:\/\/wp.ufpel.edu.br\/progep\/?s={search_term_string}"},"query-input":{"@type":"PropertyValueSpecification","valueRequired":true,"valueName":"search_term_string"}}],"inLanguage":"pt-BR"},{"@type":"Organization","@id":"https:\/\/wp.ufpel.edu.br\/progep\/#organization","name":"Pr\u00f3-Reitoria de Gest\u00e3o com Pessoas - PROGEP","url":"https:\/\/wp.ufpel.edu.br\/progep\/","logo":{"@type":"ImageObject","inLanguage":"pt-BR","@id":"https:\/\/wp.ufpel.edu.br\/progep\/#\/schema\/logo\/image\/","url":"https:\/\/wp.ufpel.edu.br\/progep\/files\/2025\/03\/logo-progep_atualizacao-nome_AZUL.png","contentUrl":"https:\/\/wp.ufpel.edu.br\/progep\/files\/2025\/03\/logo-progep_atualizacao-nome_AZUL.png","width":1080,"height":391,"caption":"Pr\u00f3-Reitoria de Gest\u00e3o com Pessoas - PROGEP"},"image":{"@id":"https:\/\/wp.ufpel.edu.br\/progep\/#\/schema\/logo\/image\/"}}]}},"_links":{"self":[{"href":"https:\/\/wp.ufpel.edu.br\/progep\/wp-json\/wp\/v2\/pages\/41959","targetHints":{"allow":["GET"]}}],"collection":[{"href":"https:\/\/wp.ufpel.edu.br\/progep\/wp-json\/wp\/v2\/pages"}],"about":[{"href":"https:\/\/wp.ufpel.edu.br\/progep\/wp-json\/wp\/v2\/types\/page"}],"author":[{"embeddable":true,"href":"https:\/\/wp.ufpel.edu.br\/progep\/wp-json\/wp\/v2\/users\/21"}],"replies":[{"embeddable":true,"href":"https:\/\/wp.ufpel.edu.br\/progep\/wp-json\/wp\/v2\/comments?post=41959"}],"version-history":[{"count":2,"href":"https:\/\/wp.ufpel.edu.br\/progep\/wp-json\/wp\/v2\/pages\/41959\/revisions"}],"predecessor-version":[{"id":41972,"href":"https:\/\/wp.ufpel.edu.br\/progep\/wp-json\/wp\/v2\/pages\/41959\/revisions\/41972"}],"wp:attachment":[{"href":"https:\/\/wp.ufpel.edu.br\/progep\/wp-json\/wp\/v2\/media?parent=41959"}],"curies":[{"name":"wp","href":"https:\/\/api.w.org\/{rel}","templated":true}]}}

Cartilha sobre Assédio Moral

<div class="wp-block-group"><div class="wp-block-group__inner-container is-layout-constrained wp-block-group-is-layout-constrained">
<div class="logoTituloModelStyle"><img class="size-medium wp-image-27184 alignleft" src="https://wp.ufpel.edu.br/progep/files/2025/03/logo-progep_atualizacao-nome_AZUL.png" alt="" />
<div><strong>Cartilha sobre Assédio Moral</strong></div>
</div>
<hr class="hrModelStyle" />
<div class="descriptionModelStyle">Confira a Cartilha sobre Assédio Moral</div>
</div></div>


<div class="guiaDaLiderancaStyle botaoStyle botaoGrandeStyle">
<p><a href="https://wp.ufpel.edu.br/progep/files/2026/05/Cartilha_assedio_moral-1.pdf" target="_blank">Confira aqui a Cartilha sobre Assédio Moral</a>
</div>

<p>Cartilha sobre Assédio Moral Confira a Cartilha sobre Assédio Moral Confira aqui a Cartilha sobre Assédio Moral</p>

<!-- This site is optimized with the Yoast SEO plugin v28.1 - https://yoast.com/product/yoast-seo-wordpress/ -->
<title>Cartilha sobre Assédio Moral - Pró-Reitoria de Gestão com Pessoas - PROGEP</title>
<meta name="robots" content="index, follow, max-snippet:-1, max-image-preview:large, max-video-preview:-1" />
<link rel="canonical" href="https://wp.ufpel.edu.br/progep/cartilha-sobre-assedio-moral/" />
<meta property="og:locale" content="pt_BR" />
<meta property="og:type" content="article" />
<meta property="og:title" content="Cartilha sobre Assédio Moral - Pró-Reitoria de Gestão com Pessoas - PROGEP" />
<meta property="og:description" content="Cartilha sobre Assédio Moral Confira a Cartilha sobre Assédio Moral Confira aqui a Cartilha sobre Assédio Moral" />
<meta property="og:url" content="https://wp.ufpel.edu.br/progep/cartilha-sobre-assedio-moral/" />
<meta property="og:site_name" content="Pró-Reitoria de Gestão com Pessoas - PROGEP" />
<meta property="article:modified_time" content="2026-05-20T14:52:41+00:00" />
<meta property="og:image" content="https://wp.ufpel.edu.br/progep/files/2025/03/logo-progep_atualizacao-nome_AZUL.png" />
<meta name="twitter:card" content="summary_large_image" />
<script type="application/ld+json" class="yoast-schema-graph">{"@context":"https:\/\/schema.org","@graph":[{"@type":"WebPage","@id":"https:\/\/wp.ufpel.edu.br\/progep\/cartilha-sobre-assedio-moral\/","url":"https:\/\/wp.ufpel.edu.br\/progep\/cartilha-sobre-assedio-moral\/","name":"Cartilha sobre Assédio Moral - Pró-Reitoria de Gestão com Pessoas - PROGEP","isPartOf":{"@id":"https:\/\/wp.ufpel.edu.br\/progep\/#website"},"primaryImageOfPage":{"@id":"https:\/\/wp.ufpel.edu.br\/progep\/cartilha-sobre-assedio-moral\/#primaryimage"},"image":{"@id":"https:\/\/wp.ufpel.edu.br\/progep\/cartilha-sobre-assedio-moral\/#primaryimage"},"thumbnailUrl":"https:\/\/wp.ufpel.edu.br\/progep\/files\/2025\/03\/logo-progep_atualizacao-nome_AZUL.png","datePublished":"2026-05-20T14:47:56+00:00","dateModified":"2026-05-20T14:52:41+00:00","breadcrumb":{"@id":"https:\/\/wp.ufpel.edu.br\/progep\/cartilha-sobre-assedio-moral\/#breadcrumb"},"inLanguage":"pt-BR","potentialAction":[{"@type":"ReadAction","target":["https:\/\/wp.ufpel.edu.br\/progep\/cartilha-sobre-assedio-moral\/"]}]},{"@type":"ImageObject","inLanguage":"pt-BR","@id":"https:\/\/wp.ufpel.edu.br\/progep\/cartilha-sobre-assedio-moral\/#primaryimage","url":"","contentUrl":""},{"@type":"BreadcrumbList","@id":"https:\/\/wp.ufpel.edu.br\/progep\/cartilha-sobre-assedio-moral\/#breadcrumb","itemListElement":[{"@type":"ListItem","position":1,"name":"Início","item":"https:\/\/wp.ufpel.edu.br\/progep\/"},{"@type":"ListItem","position":2,"name":"Cartilha sobre Assédio Moral"}]},{"@type":"WebSite","@id":"https:\/\/wp.ufpel.edu.br\/progep\/#website","url":"https:\/\/wp.ufpel.edu.br\/progep\/","name":"Pró-Reitoria de Gestão com Pessoas - PROGEP","description":"Pró-Reitoria de Gestão com Pessoas","publisher":{"@id":"https:\/\/wp.ufpel.edu.br\/progep\/#organization"},"potentialAction":[{"@type":"SearchAction","target":{"@type":"EntryPoint","urlTemplate":"https:\/\/wp.ufpel.edu.br\/progep\/?s={search_term_string}"},"query-input":{"@type":"PropertyValueSpecification","valueRequired":true,"valueName":"search_term_string"}}],"inLanguage":"pt-BR"},{"@type":"Organization","@id":"https:\/\/wp.ufpel.edu.br\/progep\/#organization","name":"Pró-Reitoria de Gestão com Pessoas - PROGEP","url":"https:\/\/wp.ufpel.edu.br\/progep\/","logo":{"@type":"ImageObject","inLanguage":"pt-BR","@id":"https:\/\/wp.ufpel.edu.br\/progep\/#\/schema\/logo\/image\/","url":"https:\/\/wp.ufpel.edu.br\/progep\/files\/2025\/03\/logo-progep_atualizacao-nome_AZUL.png","contentUrl":"https:\/\/wp.ufpel.edu.br\/progep\/files\/2025\/03\/logo-progep_atualizacao-nome_AZUL.png","width":1080,"height":391,"caption":"Pró-Reitoria de Gestão com Pessoas - PROGEP"},"image":{"@id":"https:\/\/wp.ufpel.edu.br\/progep\/#\/schema\/logo\/image\/"}}]}</script>
<!-- / Yoast SEO plugin. -->

Cartilha sobre Assédio Moral - Pró-Reitoria de Gestão com Pessoas - PROGEP

Cartilha sobre Assédio Moral Confira a Cartilha sobre Assédio Moral Confira aqui a Cartilha sobre Assédio Moral

Pró-Reitoria de Gestão com Pessoas - PROGEP

Início

Pró-Reitoria de Gestão com Pessoas
