{"id":41530,"date":"2026-04-23T11:51:23","date_gmt":"2026-04-23T14:51:23","guid":{"rendered":"https:\/\/wp.ufpel.edu.br\/progep\/?page_id=41530"},"modified":"2026-05-06T16:27:23","modified_gmt":"2026-05-06T19:27:23","slug":"estagio-probatorio-sistema-avaliagov","status":"publish","type":"page","link":"https:\/\/wp.ufpel.edu.br\/progep\/estagio-probatorio-sistema-avaliagov\/","title":{"rendered":"Est\u00e1gio Probat\u00f3rio &#8211; Sistema AvaliaGov"},"content":{"rendered":"\n<div class=\"wp-block-group\"><div class=\"wp-block-group__inner-container is-layout-constrained wp-block-group-is-layout-constrained\">\n<div class=\"logoTituloModelStyle\"><img class=\"size-medium wp-image-27184 alignleft\" src=\"https:\/\/wp.ufpel.edu.br\/progep\/files\/2025\/03\/logo-progep_atualizacao-nome_AZUL.png\" alt=\"\" \/><\/p>\n<div style=\"padding: 2rem 0\"><strong>Est\u00e1gio Probat\u00f3rio &#8211; Sistema AvaliaGov<\/strong><\/div>\n<\/div>\n<hr class=\"hrModelStyle\" \/>\n<div class=\"descriptionModelStyle\">Confira o sistema o AvaliaGov do Est\u00e1gio da Carreira TAE<\/div>\n<\/div><\/div>\n\n\n<div class=\"titleComumStyle\">Acesso ao AvaliaGov<\/div>\n<div class=\"blocoDIVStyle\">\n<div class=\"paragrafoComumStyle\">(1) Acesse o <a href=\"https:\/\/sougov.sigepe.gov.br\/sougov\/\" target=\"_blank\">SOUGOV.BR<\/a> (por meio do aplicativo ou da vers\u00e3o web) e efetue o login com suas credenciais<\/div>\n\n<div class=\"paragrafoComumStyle\">(2) No menu Autoatendimento, selecione a op\u00e7\u00e3o <strong>AvaliaGov<\/strong> ou, caso seja chefia imediata, selecione a op\u00e7\u00e3o <\/strong>L\u00edder<\/strong> e depois clique em <strong>Acessar AvaliaGOV<\/strong><\/div>\n<\/div>\n\n<div class=\"titleComumStyle\">Avalia\u00e7\u00e3o de Desempenho \u2013 <a href=\"https:\/\/sougov.sigepe.gov.br\/sougov\/\" target=\"_blank\"><strong>Sistema AvaliaGOV<\/strong><\/a><\/div>\n\n<div class=\"paragrafoComumStyle\">A avalia\u00e7\u00e3o de desempenho ser\u00e1 realizada ao final de cada ciclo avaliativo por meio do sistema AvaliaGOV.<\/div>\n\n<div class=\"paragrafoComumStyle\">O acesso \u00e9 feito via <strong>SouGOV<\/strong>, dispon\u00edvel: pelo aplicativo; ou pelo endere\u00e7o: <a href=\"https:\/\/sougov.sigepe.gov.br\/sougov\/\" target=\"_blank\">SouGOV<\/a><\/div>\n\n<div class=\"titleComumStyle\">Ciclos avaliativos:<\/div>\n\n<div class=\"paragrafoComumStyle\">A avalia\u00e7\u00e3o ocorrer\u00e1 em tr\u00eas momentos:<\/div>\n<div class=\"blocoDIVStyle\">\n<div class=\"paragrafoComumStyle\"> <strong>12 meses<\/strong> de exerc\u00edcio;<\/div>\n<div class=\"paragrafoComumStyle\"> <strong>24 meses<\/strong> de exerc\u00edcio;<\/div>\n<div class=\"paragrafoComumStyle\"> <strong>32 meses<\/strong> de exerc\u00edcio.<\/div>\n<\/div>\n\n<div class=\"paragrafoComumStyle\"><strong>Em cada ciclo:<\/strong><\/div>\n<div class=\"blocoDIVStyle\">\n<div class=\"paragrafoComumStyle\"> a pessoa servidora realiza sua <strong>autoavalia\u00e7\u00e3o<\/strong>;<\/div>\n<div class=\"paragrafoComumStyle\"> \u00e9 avaliado pela <strong>chefia imediata<\/strong>;<\/div>\n<div class=\"paragrafoComumStyle\"> pode ser avaliado por <strong>pares<\/strong>, quando aplic\u00e1vel.<\/div>\n<\/div>\n<div class=\"linksComum\">\n<a href=\"https:\/\/wp.ufpel.edu.br\/progep\/files\/2026\/04\/AvaliagovFatores-UFPel-2026.xlsx\">AvaliaGov Fatores (.xlsx)<\/a>\n<\/div>\n<div class=\"blocoDIVStyle paragrafoComumStyle\">O sistema ficar\u00e1 dispon\u00edvel por <strong>30 (trinta) dias<\/strong> em cada ciclo, <strong>sendo essencial realizar as avalia\u00e7\u00f5es dentro desse prazo!<\/strong><\/div>\n<div class=\"titleComumStyle\">Composi\u00e7\u00e3o da nota de avalia\u00e7\u00e3o do Est\u00e1gio Probat\u00f3rio<\/div>\n<p class=\"paragrafoComumStyle\"><strong>1. A chefia imediata<\/strong>: 60% da pontua\u00e7\u00e3o;<\/p>\n<p class=\"paragrafoComumStyle\"><strong>2. Os pares da equipe de trabalho<\/strong>,\u00a0 quando houver: 25% da pontua\u00e7\u00e3o; e<\/p>\n<p class=\"paragrafoComumStyle\"><strong>3. A pr\u00f3pria pessoa servidora:<\/strong> 15% da pontua\u00e7\u00e3o.<\/p>\n<p class=\"paragrafoComumStyle\">No contexto do est\u00e1gio probat\u00f3rio, os &#8220;<strong>pares<\/strong>&#8221; referem-se aos colegas de trabalho que atuam na mesma equipe da pessoa servidora em est\u00e1gio probat\u00f3rio e que podem participar do processo de avalia\u00e7\u00e3o. Esses pares devem ser est\u00e1veis e trabalhar com a pessoa servidora avaliada h\u00e1 pelo menos seis meses. A avalia\u00e7\u00e3o por pares \u00e9 utilizada para complementar a avalia\u00e7\u00e3o da chefia imediata, oferecendo diferentes perspectivas sobre o desempenho da pessoa servidora.<\/p>\n<p class=\"paragrafoComumStyle\">Somente pessoas servidoras ocupantes de cargo p\u00fablico efetivo est\u00e1veis podem atuar como avaliadores na condi\u00e7\u00e3o de pares. Essa regra busca garantir imparcialidade e seguran\u00e7a no processo avaliativo, assegurando que a avalia\u00e7\u00e3o seja conduzida por pessoas servidoras com experi\u00eancia no servi\u00e7o p\u00fablico.<\/p>\n<div class=\"blocoDIVStyle\">\n<p class=\"paragrafoComumStyle\">II &#8211; quando <strong>n\u00e3o<\/strong> houver avalia\u00e7\u00e3o por pares:<\/p>\n\n<p class=\"paragrafoComumStyle\">a) 72,5% (setenta e dois inteiros e cinco d\u00e9cimos por cento), para os conceitos atribu\u00eddos pela chefia imediata; e<\/p>\n\n<p class=\"paragrafoComumStyle\">b) 27,5% (vinte e sete inteiros e cinco d\u00e9cimos por cento), para os conceitos atribu\u00eddos pela pr\u00f3pria pessoa servidora.<\/p>\n<\/div>\n<hr \/>\n<div class=\"blocoDIVStyle\">\n<div class=\"titleComumStyle\">Crit\u00e9rios para Aprova\u00e7\u00e3o<\/div>\n\n<div class=\"paragrafoComumStyle\">Para aprova\u00e7\u00e3o no est\u00e1gio probat\u00f3rio, a pessoa servidora dever\u00e1:<\/div>\n\n<div class=\"paragrafoComumStyle\">Obter m\u00e9dia <strong>igual ou superior a 80 pontos<\/strong> nos ciclos avaliativos;<\/div>\n<div class=\"paragrafoComumStyle\"> Concluir o <strong>Programa de Desenvolvimento Inicial (PDI)<\/strong>.<\/div>\n<\/div>\n<hr \/>\n\n<div class=\"titleComumStyle\"> Em caso de d\u00favidas sobre o Est\u00e1gio Probat\u00f3rio:<\/div>\n<div class=\"quadradosSimplesStyle\">\n<a href=\"https:\/\/wp.ufpel.edu.br\/progep\/estagio-probatorio-tae-duvidas\/\">D\u00favidas sobre Est\u00e1gio Probat\u00f3rio<\/a>\n<a href=\"https:\/\/wp.ufpel.edu.br\/progep\/estagio-probatorio-manuais\/\">Manuais do Est\u00e1gio Probat\u00f3rio<\/a>\n<\/div>","protected":false},"excerpt":{"rendered":"<p>Est\u00e1gio Probat\u00f3rio &#8211; Sistema AvaliaGov Confira o sistema o AvaliaGov do Est\u00e1gio da Carreira TAE Acesso ao AvaliaGov (1) Acesse o SOUGOV.BR (por meio do aplicativo ou da vers\u00e3o web) e efetue o login com suas credenciais (2) No menu Autoatendimento, selecione a op\u00e7\u00e3o AvaliaGov ou, caso seja chefia imediata, selecione a op\u00e7\u00e3o L\u00edder e [&hellip;]<\/p>\n","protected":false},"author":21,"featured_media":0,"parent":0,"menu_order":0,"comment_status":"closed","ping_status":"closed","template":"","meta":{"footnotes":""},"class_list":["post-41530","page","type-page","status-publish","hentry"],"_links":{"self":[{"href":"https:\/\/wp.ufpel.edu.br\/progep\/wp-json\/wp\/v2\/pages\/41530","targetHints":{"allow":["GET"]}}],"collection":[{"href":"https:\/\/wp.ufpel.edu.br\/progep\/wp-json\/wp\/v2\/pages"}],"about":[{"href":"https:\/\/wp.ufpel.edu.br\/progep\/wp-json\/wp\/v2\/types\/page"}],"author":[{"embeddable":true,"href":"https:\/\/wp.ufpel.edu.br\/progep\/wp-json\/wp\/v2\/users\/21"}],"replies":[{"embeddable":true,"href":"https:\/\/wp.ufpel.edu.br\/progep\/wp-json\/wp\/v2\/comments?post=41530"}],"version-history":[{"count":3,"href":"https:\/\/wp.ufpel.edu.br\/progep\/wp-json\/wp\/v2\/pages\/41530\/revisions"}],"predecessor-version":[{"id":41870,"href":"https:\/\/wp.ufpel.edu.br\/progep\/wp-json\/wp\/v2\/pages\/41530\/revisions\/41870"}],"wp:attachment":[{"href":"https:\/\/wp.ufpel.edu.br\/progep\/wp-json\/wp\/v2\/media?parent=41530"}],"curies":[{"name":"wp","href":"https:\/\/api.w.org\/{rel}","templated":true}]}}