{"id":4140,"date":"2013-05-13T13:38:35","date_gmt":"2013-05-13T16:38:35","guid":{"rendered":"https:\/\/wp.ufpel.edu.br\/prgrh\/?page_id=4140"},"modified":"2025-05-23T09:02:15","modified_gmt":"2025-05-23T12:02:15","slug":"procedimentos-para-ingresso","status":"publish","type":"page","link":"https:\/\/wp.ufpel.edu.br\/progep\/procedimentos-para-ingresso\/","title":{"rendered":"Procedimentos para Ingresso &#8211; Servidor Efetivo"},"content":{"rendered":"<p align=\"JUSTIFY\"><strong>1) Agendar a data da posse junto \u00e0 PROGEP, atrav\u00e9s do telefone (53) 3284-3976 ou por e-mail: cadastro@ufpel.edu.br.<\/strong><\/p>\n<p align=\"JUSTIFY\"><strong>2) Providenciar o envio dos documentos abaixo relacionados conforme solicitado atrav\u00e9s do e-mail de convoca\u00e7\u00e3o e apresent\u00e1-los no dia da posse. Os nomeados para cargos T\u00e9cnico-Administrativos dever\u00e3o apresentar, tamb\u00e9m, c\u00f3pia de Curriculum Vitae, a fim de que possa ser identificado o perfil profissional.<\/strong><\/p>\n<p align=\"JUSTIFY\">OBS:\u00a0 Os documentos RG e Certid\u00e3o devem estar atualizados.<\/p>\n<p>\u2013 Certid\u00e3o de Nascimento ou Casamento\u00a0<strong>(cfe. estado civil)<\/strong>;<br \/>\n\u2013 Carteira de Identidade (RG);<br \/>\n\u2013 CPF;<br \/>\n\u2013 Carteira de Trabalho com comprova\u00e7\u00e3o da data do primeiro emprego;<br \/>\n\u2013 PIS ou PASEP\u00a0<strong>(caso n\u00e3o tenha, favor providenciar junto ao Banco do Brasil)<\/strong>;<br \/>\n\u2013 T\u00edtulo de Eleitor\u00a0<strong>(com os comprovantes da \u00faltima elei\u00e7\u00e3o ou certid\u00e3o de quita\u00e7\u00e3o eleitoral, a qual poder\u00e1 ser obtida atrav\u00e9s do link <\/strong><a href=\"http:\/\/www.tse.jus.br\/eleitor\/servicos\/certidoes\/certidao-de-quitacao-eleitoral\"><strong>http:\/\/www.tse.jus.br\/eleitor\/servicos\/certidoes\/certidao-de-quitacao-eleitoral<\/strong><\/a><strong>)<\/strong>;<br \/>\n\u2013 Documento Militar\/Certificado de Reservista\u00a0<strong>(sexo masculino)<\/strong>;<br \/>\n\u2013 Comprovante da Escolaridade, conforme exig\u00eancia do Edital do Concurso;<br \/>\n\u2013 Comprovante de Resid\u00eancia atualizado (de um dos \u00faltimos 3 meses);<br \/>\n\u2013 Registro no Conselho competente\u00a0<strong>(se exigido em Edital)<\/strong>;<br \/>\n\u2013 Certid\u00e3o de Nascimento dos Filhos menores de 21 anos (ou 24 anos, se comprovadamente estudante);<br \/>\n\u2013 CPF dos dependentes (inclusive beb\u00eas);<br \/>\n\u2013 Comprovante com os dados da conta banc\u00e1ria <strong>(sal\u00e1rio e corrente)<\/strong> (c\u00f3pia do cart\u00e3o do banco, c\u00f3pia do extrato ou <strong>documento emitido pelo banco no caso da conta sal\u00e1rio<\/strong>);<br \/>\n\u2013 Se ingresso por PCI (Posse em Outro Cargo Inacumul\u00e1vel), trazer registro das f\u00e9rias no outro \u00f3rg\u00e3o;<\/p>\n<p>\u2013 Protocolo da solicita\u00e7\u00e3o de vac\u00e2ncia (caso o servidor seja oriundo de outra institui\u00e7\u00e3o p\u00fablica) ou do pedido de demiss\u00e3o (caso o ac\u00famulo de cargos n\u00e3o seja permitido por lei);<\/p>\n<p class=\"western\" align=\"JUSTIFY\"><span style=\"color: #ff0000\"><b>* Obs.: No dia da posse, os documentos originais dever\u00e3o ser apresentados, a fim de comprovar a autenticidade dos mesmos. Os formul\u00e1rios n\u00e3o precisam ser apresentados no dia da posse, somente de forma digital.<\/b><\/span><\/p>\n<p class=\"western\" align=\"JUSTIFY\"><strong>3) Os Formul\u00e1rios para Ingresso, listados na rela\u00e7\u00e3o abaixo, dever\u00e3o ser preenchidos, assinados\u00a0 e enviados por e-mail \u00e0 PROGEP conforme orientado no e-mail de nomea\u00e7\u00e3o.<\/strong><\/p>\n<p><a href=\"https:\/\/wp.ufpel.edu.br\/progep\/files\/2025\/05\/Formularios-para-ingresso-2-1.doc\">Formul\u00e1rios para Ingresso &#8211; T\u00e9cnicos Administrativos e Docentes<\/a><\/p>\n<p><a href=\"https:\/\/wp.ufpel.edu.br\/progep\/files\/2025\/05\/Termo-de-Responsabilidade-DE-1.doc\">Termo de Responsabilidade &#8211; para Docentes com regime de Dedica\u00e7\u00e3o Exclusiva &#8211; DE<\/a><\/p>\n<p><a href=\"https:\/\/wp.ufpel.edu.br\/progep\/files\/2017\/09\/Cadastro-de-Dependentes.doc\">Cadastro de dependentes<\/a>\u00a0(pode ser inclu\u00eddo, inclusive, pai e m\u00e3e, para fins de acompanhamento de familiar enfermo &#8211; trazer c\u00f3pia do RG e CPF dos dependentes)<\/p>\n<p><a href=\"https:\/\/wp.ufpel.edu.br\/progep\/files\/2025\/05\/Acumulo-de-Cargo-1.doc\">Controle de Ac\u00famulo de Cargos &#8211;<\/a><strong><a href=\"https:\/\/wp.ufpel.edu.br\/progep\/files\/2024\/07\/Acumulo-de-Cargo.doc\">obrigat\u00f3rio para todos os cargos<\/a><\/strong><\/p>\n<p><a href=\"https:\/\/wp.ufpel.edu.br\/progep\/files\/2017\/09\/Termo-de-Opcao-auxilio-alimentacao.doc\">Termo de Op\u00e7\u00e3o do aux\u00edlio-alimenta\u00e7\u00e3o<\/a> &#8211; preencher somente se acumula cargos ou empregos p\u00fablicos ativos<\/p>\n<p class=\"western\" align=\"JUSTIFY\"><strong>4) Providenciar os exames cl\u00ednicos abaixo relacionados e, ap\u00f3s obter os resultados, agendar consulta junto \u00e0 Per\u00edcia M\u00e9dica (atrav\u00e9s do telefone 32843985 ou pelo e-mail <span style=\"color: #0000ff\"><span style=\"text-decoration: underline\"><a href=\"mailto:pericia.medica@ufpel.edu.br\"><span style=\"color: #000000\">pericia.medica@ufpel.edu.br), <\/span><\/a><\/span><\/span>que fornecer\u00e1 o atestado, se apto ao trabalho, devendo este ser entregue no ato da posse.<\/strong><\/p>\n<p align=\"JUSTIFY\"><strong>RELA\u00c7\u00c3O DOS EXAMES CL\u00cdNICOS:<\/strong><\/p>\n<table style=\"width: 588px;height: 473px\" width=\"810\">\n<tbody>\n<tr style=\"height: 24px\">\n<td style=\"text-align: center;width: 39.3056px;height: 24px\"><\/td>\n<td style=\"text-align: center;width: 420.174px;height: 24px\"><span style=\"font-size: 10pt\">EXAME<\/span><\/td>\n<td style=\"text-align: center;width: 109.236px;height: 24px\"><span style=\"font-size: 10pt\">VALIDADE<\/span><\/td>\n<\/tr>\n<tr style=\"height: 24px\">\n<td style=\"text-align: center;width: 39.3056px;height: 24px\"><span style=\"font-size: 10pt\">1<\/span><\/td>\n<td style=\"text-align: center;width: 420.174px;height: 24px\"><span style=\"font-size: 10pt\">Hemograma Completo<\/span><\/td>\n<td style=\"text-align: center;width: 109.236px;height: 24px\"><span style=\"font-size: 10pt\">60 dias<\/span><\/td>\n<\/tr>\n<tr style=\"height: 24px\">\n<td style=\"text-align: center;width: 39.3056px;height: 24px\"><span style=\"font-size: 10pt\">2<\/span><\/td>\n<td style=\"text-align: center;width: 420.174px;height: 24px\"><span style=\"font-size: 10pt\">Contagem de Plaquetas<\/span><\/td>\n<td style=\"text-align: center;width: 109.236px;height: 24px\"><span style=\"font-size: 10pt\">60 dias<\/span><\/td>\n<\/tr>\n<tr style=\"height: 24px\">\n<td style=\"text-align: center;width: 39.3056px;height: 24px\"><span style=\"font-size: 10pt\">3<\/span><\/td>\n<td style=\"text-align: center;width: 420.174px;height: 24px\"><span style=\"font-size: 10pt\">Tipagem Sangu\u00ednea (Grupo sangu\u00edneo + Fator RH)<\/span><\/td>\n<td style=\"text-align: center;width: 109.236px;height: 24px\"><span style=\"font-size: 10pt\">Validade permanente<\/span><\/td>\n<\/tr>\n<tr style=\"height: 24px\">\n<td style=\"text-align: center;width: 39.3056px;height: 24px\"><span style=\"font-size: 10pt\">4<\/span><\/td>\n<td style=\"text-align: center;width: 420.174px;height: 24px\"><span style=\"font-size: 10pt\">Exame Qualitativo de Urina (EQU)<\/span><\/td>\n<td style=\"text-align: center;width: 109.236px;height: 24px\"><span style=\"font-size: 10pt\">60 dias<\/span><\/td>\n<\/tr>\n<tr style=\"height: 24px\">\n<td style=\"text-align: center;width: 39.3056px;height: 24px\"><span style=\"font-size: 10pt\">5<\/span><\/td>\n<td style=\"text-align: center;width: 420.174px;height: 24px\"><span style=\"font-size: 10pt\">TGO, TGP e Gama GT<\/span><\/td>\n<td style=\"text-align: center;width: 109.236px;height: 24px\"><span style=\"font-size: 10pt\">60 dias<\/span><\/td>\n<\/tr>\n<tr style=\"height: 24px\">\n<td style=\"text-align: center;width: 39.3056px;height: 24px\"><span style=\"font-size: 10pt\">6<\/span><\/td>\n<td style=\"text-align: center;width: 420.174px;height: 24px\"><span style=\"font-size: 10pt\">Creatinina<br \/>\n<\/span><\/td>\n<td style=\"text-align: center;width: 109.236px;height: 24px\"><span style=\"font-size: 10pt\">60 dias<\/span><\/td>\n<\/tr>\n<tr style=\"height: 24px\">\n<td style=\"text-align: center;width: 39.3056px;height: 24px\"><span style=\"font-size: 10pt\">7<\/span><\/td>\n<td style=\"text-align: center;width: 420.174px;height: 24px\"><span style=\"font-size: 10pt\">Glicemia em Jejum<\/span><\/td>\n<td style=\"text-align: center;width: 109.236px;height: 24px\"><span style=\"font-size: 10pt\">60 dias<\/span><\/td>\n<\/tr>\n<tr style=\"height: 24px\">\n<td style=\"text-align: center;width: 39.3056px;height: 24px\"><span style=\"font-size: 10pt\">8<\/span><\/td>\n<td style=\"text-align: center;width: 420.174px;height: 24px\"><span style=\"font-size: 10pt\">Colesterol Total + HDL + LDL<\/span><\/td>\n<td style=\"text-align: center;width: 109.236px;height: 24px\"><span style=\"font-size: 10pt\">60 dias<\/span><\/td>\n<\/tr>\n<tr style=\"height: 24px\">\n<td style=\"text-align: center;width: 39.3056px;height: 24px\"><span style=\"font-size: 10pt\">9<\/span><\/td>\n<td style=\"text-align: center;width: 420.174px;height: 24px\"><span style=\"font-size: 10pt\">Triglicer\u00eddeos<\/span><\/td>\n<td style=\"text-align: center;width: 109.236px;height: 24px\"><span style=\"font-size: 10pt\">60 dias<\/span><\/td>\n<\/tr>\n<\/tbody>\n<\/table>\n<p align=\"JUSTIFY\">No caso de apresentarem altera\u00e7\u00f5es, poder\u00e1 ser solicitado a realiza\u00e7\u00e3o de novo(s) exame(s).<br \/>\nA UFPel n\u00e3o subsidia nenhum destes Exames e, por raz\u00f5es \u00e9ticas n\u00e3o indicamos m\u00e9dicos, laborat\u00f3rios ou cl\u00ednicas.<\/p>\n<p align=\"JUSTIFY\">Contatos:<br \/>\nN\u00facleo de Cadastro e Movimenta\u00e7\u00e3o de Pessoal &#8211; Rua Gomes Carneiro, 1 &#8211; Campus Porto &#8211; Bloco A- Sala 209- (53) 3284-3974 &#8211; <span style=\"color: #0000ff\"><span style=\"text-decoration: underline\"><a href=\"mailto:cadastro@ufpel.edu.br\"><span style=\"color: #000000\">cadastro@ufpel.edu.br<\/span><\/a><br \/>\n<\/span><\/span>Per\u00edcia M\u00e9dica\/UFPel &#8211; Rua Gomes Carneiro, 1 &#8211; Campus Porto &#8211; Sala 214 &#8211; (53) 3284-3985 &#8211; <span style=\"color: #0000ff\"><span style=\"text-decoration: underline\"><a href=\"mailto:pericia.medica@ufpel.edu.br\"><span style=\"color: #000000\">pericia.medica@ufpel.edu.br<\/span><\/a><\/span><\/span><\/p>\n<p><strong>Endere\u00e7o da PROGEP:<br \/>\n<\/strong>Universidade Federal de Pelotas<br \/>\nPr\u00f3-Reitoria de Gest\u00e3o de Pessoas\/Coordena\u00e7\u00e3o de Administra\u00e7\u00e3o de Pessoal<br \/>\nRua Gomes Carneiro, n\u00ba 001 \u2013 2\u00ba andar &#8211; Campus Porto<br \/>\nCEP 96.010-610<\/p>\n<p><strong>D\u00favidas Frequentes:<\/strong><br \/>\n<strong>1) Caso eu n\u00e3o tenha PIS ou PASEP, o que devo fazer?<br \/>\n<\/strong>Caso voc\u00ea n\u00e3o tenha tido outro v\u00ednculo p\u00fablico ou privado e n\u00e3o conste o seu PIS na sua Carteira de Trabalho, a UFPel \u00e9 respons\u00e1vel por cadastrar o seu PASEP junto ao Banco do Brasil ap\u00f3s a entrega da documenta\u00e7\u00e3o.<\/p>\n<p><strong>2) Caso eu n\u00e3o possua nenhum bem registrado em meu nome, devo, mesmo assim, entregar a declara\u00e7\u00e3o de bens e valores?<br \/>\n<\/strong>Sim, a Declara\u00e7\u00e3o de Bens e Valores \u00e9 obrigat\u00f3ria para todos os ingressantes. Nesse caso, deve constar no corpo da declara\u00e7\u00e3o a express\u00e3o &#8220;Nada a declarar&#8221;.<\/p>\n<p><strong>3) Caso eu n\u00e3o eu n\u00e3o acumule cargo ou emprego p\u00fablico, devo, mesmo assim, entregar a declara\u00e7\u00e3o de ac\u00famulo de cargos?<br \/>\n<\/strong>Sim, o formul\u00e1rio de controle de ac\u00famulo de cargos \u00e9 obrigat\u00f3rio para todos os ingressantes. Nesse caso, deve ser assinalada a op\u00e7\u00e3o &#8220;n\u00e3o acumulo outros cargos e\/ou empregos p\u00fablicos&#8221;.<\/p>\n","protected":false},"excerpt":{"rendered":"<p>1) Agendar a data da posse junto \u00e0 PROGEP, atrav\u00e9s do telefone (53) 3284-3976 ou por e-mail: cadastro@ufpel.edu.br. 2) Providenciar o envio dos documentos abaixo relacionados conforme solicitado atrav\u00e9s do e-mail de convoca\u00e7\u00e3o e apresent\u00e1-los no dia da posse. Os nomeados para cargos T\u00e9cnico-Administrativos dever\u00e3o apresentar, tamb\u00e9m, c\u00f3pia de Curriculum Vitae, a fim de que [&hellip;]<\/p>\n","protected":false},"author":52,"featured_media":0,"parent":0,"menu_order":0,"comment_status":"closed","ping_status":"closed","template":"","meta":{"footnotes":""},"class_list":["post-4140","page","type-page","status-publish","hentry"],"_links":{"self":[{"href":"https:\/\/wp.ufpel.edu.br\/progep\/wp-json\/wp\/v2\/pages\/4140","targetHints":{"allow":["GET"]}}],"collection":[{"href":"https:\/\/wp.ufpel.edu.br\/progep\/wp-json\/wp\/v2\/pages"}],"about":[{"href":"https:\/\/wp.ufpel.edu.br\/progep\/wp-json\/wp\/v2\/types\/page"}],"author":[{"embeddable":true,"href":"https:\/\/wp.ufpel.edu.br\/progep\/wp-json\/wp\/v2\/users\/52"}],"replies":[{"embeddable":true,"href":"https:\/\/wp.ufpel.edu.br\/progep\/wp-json\/wp\/v2\/comments?post=4140"}],"version-history":[{"count":105,"href":"https:\/\/wp.ufpel.edu.br\/progep\/wp-json\/wp\/v2\/pages\/4140\/revisions"}],"predecessor-version":[{"id":37016,"href":"https:\/\/wp.ufpel.edu.br\/progep\/wp-json\/wp\/v2\/pages\/4140\/revisions\/37016"}],"wp:attachment":[{"href":"https:\/\/wp.ufpel.edu.br\/progep\/wp-json\/wp\/v2\/media?parent=4140"}],"curies":[{"name":"wp","href":"https:\/\/api.w.org\/{rel}","templated":true}]}}