{"id":41368,"date":"2026-04-14T23:13:49","date_gmt":"2026-04-15T02:13:49","guid":{"rendered":"https:\/\/wp.ufpel.edu.br\/progep\/?page_id=41368"},"modified":"2026-04-14T23:13:49","modified_gmt":"2026-04-15T02:13:49","slug":"rascunho-nomeacao-e-exoneracao-de-cargos-de-direcao","status":"publish","type":"page","link":"https:\/\/wp.ufpel.edu.br\/progep\/rascunho-nomeacao-e-exoneracao-de-cargos-de-direcao\/","title":{"rendered":"Rascunho: Nomea\u00e7\u00e3o e Exonera\u00e7\u00e3o de Cargos de Dire\u00e7\u00e3o"},"content":{"rendered":"","protected":false},"excerpt":{"rendered":"","protected":false},"author":21,"featured_media":0,"parent":0,"menu_order":0,"comment_status":"closed","ping_status":"closed","template":"","meta":{"footnotes":""},"class_list":["post-41368","page","type-page","status-publish","hentry"],"_links":{"self":[{"href":"https:\/\/wp.ufpel.edu.br\/progep\/wp-json\/wp\/v2\/pages\/41368","targetHints":{"allow":["GET"]}}],"collection":[{"href":"https:\/\/wp.ufpel.edu.br\/progep\/wp-json\/wp\/v2\/pages"}],"about":[{"href":"https:\/\/wp.ufpel.edu.br\/progep\/wp-json\/wp\/v2\/types\/page"}],"author":[{"embeddable":true,"href":"https:\/\/wp.ufpel.edu.br\/progep\/wp-json\/wp\/v2\/users\/21"}],"replies":[{"embeddable":true,"href":"https:\/\/wp.ufpel.edu.br\/progep\/wp-json\/wp\/v2\/comments?post=41368"}],"version-history":[{"count":1,"href":"https:\/\/wp.ufpel.edu.br\/progep\/wp-json\/wp\/v2\/pages\/41368\/revisions"}],"predecessor-version":[{"id":41370,"href":"https:\/\/wp.ufpel.edu.br\/progep\/wp-json\/wp\/v2\/pages\/41368\/revisions\/41370"}],"wp:attachment":[{"href":"https:\/\/wp.ufpel.edu.br\/progep\/wp-json\/wp\/v2\/media?parent=41368"}],"curies":[{"name":"wp","href":"https:\/\/api.w.org\/{rel}","templated":true}]}}