{"id":41334,"date":"2026-04-14T23:08:13","date_gmt":"2026-04-15T02:08:13","guid":{"rendered":"https:\/\/wp.ufpel.edu.br\/progep\/?page_id=41334"},"modified":"2026-04-14T23:08:13","modified_gmt":"2026-04-15T02:08:13","slug":"rascunho-licenca-adotante-e-prorrogacao-de-licenca-adotante","status":"publish","type":"page","link":"https:\/\/wp.ufpel.edu.br\/progep\/rascunho-licenca-adotante-e-prorrogacao-de-licenca-adotante\/","title":{"rendered":"Rascunho: Licen\u00e7a Adotante e Prorroga\u00e7\u00e3o de Licen\u00e7a Adotante"},"content":{"rendered":"","protected":false},"excerpt":{"rendered":"","protected":false},"author":21,"featured_media":0,"parent":0,"menu_order":0,"comment_status":"closed","ping_status":"closed","template":"","meta":{"footnotes":""},"class_list":["post-41334","page","type-page","status-publish","hentry"],"_links":{"self":[{"href":"https:\/\/wp.ufpel.edu.br\/progep\/wp-json\/wp\/v2\/pages\/41334","targetHints":{"allow":["GET"]}}],"collection":[{"href":"https:\/\/wp.ufpel.edu.br\/progep\/wp-json\/wp\/v2\/pages"}],"about":[{"href":"https:\/\/wp.ufpel.edu.br\/progep\/wp-json\/wp\/v2\/types\/page"}],"author":[{"embeddable":true,"href":"https:\/\/wp.ufpel.edu.br\/progep\/wp-json\/wp\/v2\/users\/21"}],"replies":[{"embeddable":true,"href":"https:\/\/wp.ufpel.edu.br\/progep\/wp-json\/wp\/v2\/comments?post=41334"}],"version-history":[{"count":1,"href":"https:\/\/wp.ufpel.edu.br\/progep\/wp-json\/wp\/v2\/pages\/41334\/revisions"}],"predecessor-version":[{"id":41336,"href":"https:\/\/wp.ufpel.edu.br\/progep\/wp-json\/wp\/v2\/pages\/41334\/revisions\/41336"}],"wp:attachment":[{"href":"https:\/\/wp.ufpel.edu.br\/progep\/wp-json\/wp\/v2\/media?parent=41334"}],"curies":[{"name":"wp","href":"https:\/\/api.w.org\/{rel}","templated":true}]}}