{"id":41322,"date":"2026-04-14T22:50:14","date_gmt":"2026-04-15T01:50:14","guid":{"rendered":"https:\/\/wp.ufpel.edu.br\/progep\/?page_id=41322"},"modified":"2026-04-14T22:50:14","modified_gmt":"2026-04-15T01:50:14","slug":"rascunho-procedimentos-para-ingresso-contratacao-temporaria","status":"publish","type":"page","link":"https:\/\/wp.ufpel.edu.br\/progep\/rascunho-procedimentos-para-ingresso-contratacao-temporaria\/","title":{"rendered":"Rascunho: Procedimentos para Ingresso \u2013 Contrata\u00e7\u00e3o Tempor\u00e1ria"},"content":{"rendered":"","protected":false},"excerpt":{"rendered":"","protected":false},"author":21,"featured_media":0,"parent":0,"menu_order":0,"comment_status":"closed","ping_status":"closed","template":"","meta":{"footnotes":""},"class_list":["post-41322","page","type-page","status-publish","hentry"],"_links":{"self":[{"href":"https:\/\/wp.ufpel.edu.br\/progep\/wp-json\/wp\/v2\/pages\/41322","targetHints":{"allow":["GET"]}}],"collection":[{"href":"https:\/\/wp.ufpel.edu.br\/progep\/wp-json\/wp\/v2\/pages"}],"about":[{"href":"https:\/\/wp.ufpel.edu.br\/progep\/wp-json\/wp\/v2\/types\/page"}],"author":[{"embeddable":true,"href":"https:\/\/wp.ufpel.edu.br\/progep\/wp-json\/wp\/v2\/users\/21"}],"replies":[{"embeddable":true,"href":"https:\/\/wp.ufpel.edu.br\/progep\/wp-json\/wp\/v2\/comments?post=41322"}],"version-history":[{"count":1,"href":"https:\/\/wp.ufpel.edu.br\/progep\/wp-json\/wp\/v2\/pages\/41322\/revisions"}],"predecessor-version":[{"id":41324,"href":"https:\/\/wp.ufpel.edu.br\/progep\/wp-json\/wp\/v2\/pages\/41322\/revisions\/41324"}],"wp:attachment":[{"href":"https:\/\/wp.ufpel.edu.br\/progep\/wp-json\/wp\/v2\/media?parent=41322"}],"curies":[{"name":"wp","href":"https:\/\/api.w.org\/{rel}","templated":true}]}}