{"id":40868,"date":"2026-03-20T16:19:13","date_gmt":"2026-03-20T19:19:13","guid":{"rendered":"https:\/\/wp.ufpel.edu.br\/progep\/?page_id=40868"},"modified":"2026-03-20T17:57:37","modified_gmt":"2026-03-20T20:57:37","slug":"nomeacoes-edital-026-2025","status":"publish","type":"page","link":"https:\/\/wp.ufpel.edu.br\/progep\/nomeacoes-edital-026-2025\/","title":{"rendered":"Nomea\u00e7\u00f5es &#8211; Edital 026\/2025"},"content":{"rendered":"\n<div class=\"wp-block-group\"><div class=\"wp-block-group__inner-container is-layout-constrained wp-block-group-is-layout-constrained\">\n<div class=\"logoTituloModelStyle\"><img class=\"size-medium wp-image-27184 alignleft\" src=\"https:\/\/wp.ufpel.edu.br\/progep\/files\/2025\/03\/logo-progep_atualizacao-nome_AZUL.png\" style=\"padding:0\" alt=\"\" \/><\/p>\n<div style=\"padding:2rem\"><strong>Nomea\u00e7\u00f5es &#8211; Edital 026\/2025<\/strong><\/div>\n<\/div>\n<hr class=\"hrModelStyle\" \/>\n<div class=\"descriptionModelStyle\">Acompanhe nesta p\u00e1gina a publica\u00e7\u00e3o dos\/as nomeados\/as para cargos t\u00e9cnicos na UFPEL.<\/div>\n<\/div><\/div>\n\n\n<div class=\"pagNomeacoesStyle\">\n<div class=\"cargosNomeConvStyle\">\n<div class=\"cargosTitleStyle\"> Cargos nesta p\u00e1gina:<\/div>\n<div class=\"cargosStyle\">\n<p>Farmac\u00eautico-Bioqu\u00edmico<\/p>\n<p>M\u00e9dico\/\u00c1rea: Anestesiologia<\/p>\n<p>M\u00e9dico\/\u00c1rea: Aten\u00e7\u00e3o B\u00e1sica \u00e0 Sa\u00fade<\/p>\n<p>M\u00e9dico\/\u00c1rea: Cl\u00ednica M\u00e9dica<\/p>\n<p>M\u00e9dico\/\u00c1rea: Pediatria<\/p>\n<p>T\u00e9cnico de Laborat\u00f3rio\/\u00c1rea: Anatomia e Necropsia<\/p>\n<p>T\u00e9cnico de Laborat\u00f3rio\/\u00c1rea: Microbiologia<\/p>\n<p>T\u00e9cnico em Contabilidade<\/p>\n<\/div>\n<\/div>\n<p> Confira a p\u00e1gina com as informa\u00e7\u00f5es a respeito do certame: <\/p>\n<a href=\"https:\/\/portal.editais.legalleconcursos.com.br\/edital\/ver\/2479\" target=\"_blank\">Certame do Edital 026\/2025<\/a>\n<div class=\"titleStyle\"><strong>Ampla Concorr\u00eancia<\/strong><\/div>\n<div class=\"titleStyle\"><strong>Cargo<\/strong>: Farmac\u00eautico-Bioqu\u00edmico<\/div>\n\n<table id=\"tablepress-221\" class=\"tablepress tablepress-id-221\">\n<thead>\n<tr class=\"row-1\">\n\t<th class=\"column-1\">Classifica\u00e7\u00e3o<\/th><th class=\"column-2\">CANDIDATO(A) <\/th><th class=\"column-3\">SITUA\u00c7\u00c3O<\/th><td class=\"column-4\"><\/td><td class=\"column-5\"><\/td>\n<\/tr>\n<\/thead>\n<tbody class=\"row-striping row-hover\">\n<tr class=\"row-2\">\n\t<td class=\"column-1\">1<\/td><td class=\"column-2\">DIANER STRELOW STRELOW <\/td><td class=\"column-3\"><\/td><td class=\"column-4\"><\/td><td class=\"column-5\"><\/td>\n<\/tr>\n<tr class=\"row-3\">\n\t<td class=\"column-1\">2<\/td><td class=\"column-2\">DANIELA PERES MARTINEZ <\/td><td class=\"column-3\"><\/td><td class=\"column-4\"><\/td><td class=\"column-5\"><\/td>\n<\/tr>\n<tr class=\"row-4\">\n\t<td class=\"column-1\">3<\/td><td class=\"column-2\">ROSI\u00c9LI MARTINI <\/td><td class=\"column-3\"><\/td><td class=\"column-4\"><\/td><td class=\"column-5\"><\/td>\n<\/tr>\n<tr class=\"row-5\">\n\t<td class=\"column-1\">4<\/td><td class=\"column-2\">MELISSA MARIA RUBENICH NASCIMENTO<\/td><td class=\"column-3\"><\/td><td class=\"column-4\"><\/td><td class=\"column-5\"><\/td>\n<\/tr>\n<tr class=\"row-6\">\n\t<td class=\"column-1\">5<\/td><td class=\"column-2\">LILIANA URDANGARIN DE SOUSA<\/td><td class=\"column-3\"><\/td><td class=\"column-4\"><\/td><td class=\"column-5\"><\/td>\n<\/tr>\n<tr class=\"row-7\">\n\t<td class=\"column-1\">6<\/td><td class=\"column-2\">ALINE KEGLER <\/td><td class=\"column-3\"><\/td><td class=\"column-4\"><\/td><td class=\"column-5\"><\/td>\n<\/tr>\n<\/tbody>\n<\/table>\n<!-- #tablepress-221 from cache -->\n<div class=\"titleStyle\"><strong>Cargo<\/strong>: M\u00e9dico\/\u00c1rea: Anestesiologia<\/div>\n\n<table id=\"tablepress-220\" class=\"tablepress tablepress-id-220\">\n<thead>\n<tr class=\"row-1\">\n\t<th class=\"column-1\">Classifica\u00e7\u00e3o<\/th><th class=\"column-2\">CANDIDATO(A) <\/th><th class=\"column-3\">SITUA\u00c7\u00c3O<\/th><td class=\"column-4\"><\/td><td class=\"column-5\"><\/td>\n<\/tr>\n<\/thead>\n<tbody class=\"row-striping row-hover\">\n<tr class=\"row-2\">\n\t<td class=\"column-1\">1<\/td><td class=\"column-2\">MARINA DE MOURA UMPIERRE <\/td><td class=\"column-3\"><\/td><td class=\"column-4\"><\/td><td class=\"column-5\"><\/td>\n<\/tr>\n<tr class=\"row-3\">\n\t<td class=\"column-1\">2<\/td><td class=\"column-2\">PRISCILA PICCIN <\/td><td class=\"column-3\"><\/td><td class=\"column-4\"><\/td><td class=\"column-5\"><\/td>\n<\/tr>\n<tr class=\"row-4\">\n\t<td class=\"column-1\">3<\/td><td class=\"column-2\">PATRICIA LARROSA FREIRE<\/td><td class=\"column-3\"><\/td><td class=\"column-4\"><\/td><td class=\"column-5\"><\/td>\n<\/tr>\n<tr class=\"row-5\">\n\t<td class=\"column-1\">4<\/td><td class=\"column-2\">EVELISE CARLA GENESINI<\/td><td class=\"column-3\"><\/td><td class=\"column-4\"><\/td><td class=\"column-5\"><\/td>\n<\/tr>\n<\/tbody>\n<\/table>\n<!-- #tablepress-220 from cache -->\n<div class=\"titleStyle\"><strong>Cargo<\/strong>: M\u00e9dico\/\u00c1rea: Aten\u00e7\u00e3o B\u00e1sica \u00e0 Sa\u00fade<\/div>\n\n<table id=\"tablepress-219\" class=\"tablepress tablepress-id-219\">\n<thead>\n<tr class=\"row-1\">\n\t<th class=\"column-1\">Classifica\u00e7\u00e3o<\/th><th class=\"column-2\">CANDIDATO(A) <\/th><th class=\"column-3\">SITUA\u00c7\u00c3O<\/th>\n<\/tr>\n<\/thead>\n<tbody class=\"row-striping row-hover\">\n<tr class=\"row-2\">\n\t<td class=\"column-1\">1<\/td><td class=\"column-2\">LUIZ FELIPE DIAS CARLI<\/td><td class=\"column-3\"><\/td>\n<\/tr>\n<tr class=\"row-3\">\n\t<td class=\"column-1\">2<\/td><td class=\"column-2\">NAT\u00c1LIE MUNIEWEG <\/td><td class=\"column-3\"><\/td>\n<\/tr>\n<tr class=\"row-4\">\n\t<td class=\"column-1\">3<\/td><td class=\"column-2\">CAROLINA DE OLIVEIRA CASTRO* <\/td><td class=\"column-3\"><\/td>\n<\/tr>\n<tr class=\"row-5\">\n\t<td class=\"column-1\">4<\/td><td class=\"column-2\">LUISA MOREIRA DA CUNHA <\/td><td class=\"column-3\"><\/td>\n<\/tr>\n<tr class=\"row-6\">\n\t<td class=\"column-1\">5<\/td><td class=\"column-2\">HENRRY HERNANDEZ HERNANDEZ <\/td><td class=\"column-3\"><\/td>\n<\/tr>\n<\/tbody>\n<\/table>\n<!-- #tablepress-219 from cache -->\n<div style=\"padding: 0 2rem 0;font-size: 10pt\">\n*aprovado igualmente pelas cotas raciais\n<\/div>\n<div class=\"titleStyle\"><strong>Cargo<\/strong>: M\u00e9dico\/\u00c1rea: Cl\u00ednica M\u00e9dica<\/div>\n\n<table id=\"tablepress-218\" class=\"tablepress tablepress-id-218\">\n<thead>\n<tr class=\"row-1\">\n\t<th class=\"column-1\">Classifica\u00e7\u00e3o<\/th><th class=\"column-2\">CANDIDATO(A)<\/th><th class=\"column-3\">SITUA\u00c7\u00c3O<\/th>\n<\/tr>\n<\/thead>\n<tbody class=\"row-striping row-hover\">\n<tr class=\"row-2\">\n\t<td class=\"column-1\">1<\/td><td class=\"column-2\">\u00c1LVARO PORCI\u00daNCULA GONZALEZ<\/td><td class=\"column-3\"><\/td>\n<\/tr>\n<tr class=\"row-3\">\n\t<td class=\"column-1\">2<\/td><td class=\"column-2\">J\u00daLIA DAM\u00c9 FABI\u00c3O <\/td><td class=\"column-3\"><\/td>\n<\/tr>\n<tr class=\"row-4\">\n\t<td class=\"column-1\">3<\/td><td class=\"column-2\">J\u00daLIA SILVEIRA DE SOUZA <\/td><td class=\"column-3\"><\/td>\n<\/tr>\n<tr class=\"row-5\">\n\t<td class=\"column-1\">4<\/td><td class=\"column-2\">AN LUIZ THEOBALD<\/td><td class=\"column-3\"><\/td>\n<\/tr>\n<tr class=\"row-6\">\n\t<td class=\"column-1\">5<\/td><td class=\"column-2\">DAIANE DAL COL DAMAZIO <\/td><td class=\"column-3\"><\/td>\n<\/tr>\n<\/tbody>\n<\/table>\n<!-- #tablepress-218 from cache -->\n<div class=\"titleStyle\"><strong>Cargo<\/strong>: M\u00e9dico\/\u00c1rea: Pediatria<\/div>\n\n<table id=\"tablepress-217\" class=\"tablepress tablepress-id-217\">\n<thead>\n<tr class=\"row-1\">\n\t<th class=\"column-1\">Classifica\u00e7\u00e3o<\/th><th class=\"column-2\">CANDIDATO(A)<\/th><th class=\"column-3\">SITUA\u00c7\u00c3O<\/th><td class=\"column-4\"><\/td><td class=\"column-5\"><\/td>\n<\/tr>\n<\/thead>\n<tbody class=\"row-striping row-hover\">\n<tr class=\"row-2\">\n\t<td class=\"column-1\">1<\/td><td class=\"column-2\">JULIA CAROLINE PIRES MARTINS <\/td><td class=\"column-3\"><\/td><td class=\"column-4\"><\/td><td class=\"column-5\"><\/td>\n<\/tr>\n<tr class=\"row-3\">\n\t<td class=\"column-1\">2<\/td><td class=\"column-2\">LARISSA HALLAL RIBAS <\/td><td class=\"column-3\"><\/td><td class=\"column-4\"><\/td><td class=\"column-5\"><\/td>\n<\/tr>\n<tr class=\"row-4\">\n\t<td class=\"column-1\">3<\/td><td class=\"column-2\">FERNANDA FONTANA <\/td><td class=\"column-3\"><\/td><td class=\"column-4\"><\/td><td class=\"column-5\"><\/td>\n<\/tr>\n<tr class=\"row-5\">\n\t<td class=\"column-1\">4<\/td><td class=\"column-2\">GABRIELA SIQUEIRA SANTOS<\/td><td class=\"column-3\"><\/td><td class=\"column-4\"><\/td><td class=\"column-5\"><\/td>\n<\/tr>\n<tr class=\"row-6\">\n\t<td class=\"column-1\">5<\/td><td class=\"column-2\">PATRICIA PARADA FREITAS <\/td><td class=\"column-3\"><\/td><td class=\"column-4\"><\/td><td class=\"column-5\"><\/td>\n<\/tr>\n<\/tbody>\n<\/table>\n<!-- #tablepress-217 from cache -->\n<div class=\"titleStyle\"><strong>Cargo<\/strong>: T\u00e9cnico de Laborat\u00f3rio\/\u00c1rea: Anatomia e Necropsia<\/div>\n\n<table id=\"tablepress-216\" class=\"tablepress tablepress-id-216\">\n<thead>\n<tr class=\"row-1\">\n\t<th class=\"column-1\">Classifica\u00e7\u00e3o <\/th><th class=\"column-2\">CANDIDATO(A) <\/th><th class=\"column-3\">SITUA\u00c7\u00c3O<\/th>\n<\/tr>\n<\/thead>\n<tbody class=\"row-striping row-hover\">\n<tr class=\"row-2\">\n\t<td class=\"column-1\">1<\/td><td class=\"column-2\">FABIO PEREIRA MACHADO<\/td><td class=\"column-3\"><\/td>\n<\/tr>\n<tr class=\"row-3\">\n\t<td class=\"column-1\">2<\/td><td class=\"column-2\">B\u00c1RBARA TOMASCHEWSKI BERNEIRA DA <br \/>\nSILVA<\/td><td class=\"column-3\"><\/td>\n<\/tr>\n<\/tbody>\n<\/table>\n<!-- #tablepress-216 from cache -->\n<div class=\"titleStyle\"><strong>Cargo<\/strong>: T\u00e9cnico de Laborat\u00f3rio\/\u00c1rea: Microbiologia<\/div>\n\n<table id=\"tablepress-215\" class=\"tablepress tablepress-id-215\">\n<thead>\n<tr class=\"row-1\">\n\t<th class=\"column-1\">Classifica\u00e7\u00e3o<\/th><th class=\"column-2\">CANDIDATO(A)<\/th><th class=\"column-3\">SITUA\u00c7\u00c3O<\/th>\n<\/tr>\n<\/thead>\n<tbody class=\"row-striping row-hover\">\n<tr class=\"row-2\">\n\t<td class=\"column-1\">1<\/td><td class=\"column-2\">GISELE SANT ANNA CORDAS<\/td><td class=\"column-3\"><\/td>\n<\/tr>\n<tr class=\"row-3\">\n\t<td class=\"column-1\">2<\/td><td class=\"column-2\">CASSIANE BORGES DE SOUZA<\/td><td class=\"column-3\"><\/td>\n<\/tr>\n<tr class=\"row-4\">\n\t<td class=\"column-1\">3<\/td><td class=\"column-2\">GABRIEL FLORES PERES <\/td><td class=\"column-3\"><\/td>\n<\/tr>\n<tr class=\"row-5\">\n\t<td class=\"column-1\">4<\/td><td class=\"column-2\">ISABEL LADEIRA PEREIRA<\/td><td class=\"column-3\"><\/td>\n<\/tr>\n<tr class=\"row-6\">\n\t<td class=\"column-1\">5<\/td><td class=\"column-2\">CAROLINA DOS SANTOS BERMANN<\/td><td class=\"column-3\"><\/td>\n<\/tr>\n<\/tbody>\n<\/table>\n<!-- #tablepress-215 from cache -->\n<div class=\"titleStyle\"><strong>Cargo<\/strong>: T\u00e9cnico em Contabilidade<\/div>\n\n<table id=\"tablepress-214\" class=\"tablepress tablepress-id-214\">\n<thead>\n<tr class=\"row-1\">\n\t<th class=\"column-1\">Classifica\u00e7\u00e3o<\/th><th class=\"column-2\">CANDIDATO(A)<\/th><th class=\"column-3\">SITUA\u00c7\u00c3O<\/th>\n<\/tr>\n<\/thead>\n<tbody class=\"row-striping row-hover\">\n<tr class=\"row-2\">\n\t<td class=\"column-1\">1 <\/td><td class=\"column-2\">ANDR\u00c9 ROG\u00c9RIO VARGAS GARCIA<\/td><td class=\"column-3\"><\/td>\n<\/tr>\n<tr class=\"row-3\">\n\t<td class=\"column-1\">2 <\/td><td class=\"column-2\">CRISTIANO VOZER DE PAULA <\/td><td class=\"column-3\"><\/td>\n<\/tr>\n<tr class=\"row-4\">\n\t<td class=\"column-1\">3<\/td><td class=\"column-2\">RAPHAELA PAINES SCHONS <\/td><td class=\"column-3\"><\/td>\n<\/tr>\n<\/tbody>\n<\/table>\n<!-- #tablepress-214 from cache -->\n<div class=\"titleStyle\"><strong>COTAS PcD<\/strong><\/div>\n\n<table id=\"tablepress-213\" class=\"tablepress tablepress-id-213\">\n<thead>\n<tr class=\"row-1\">\n\t<th class=\"column-1\">Classifica\u00e7\u00e3o<\/th><th class=\"column-2\">Candidato(a) <\/th><th class=\"column-3\">Cargo\/\u00c1rea<\/th><th class=\"column-4\">Situa\u00e7\u00e3o<\/th>\n<\/tr>\n<\/thead>\n<tbody class=\"row-striping row-hover\">\n<tr class=\"row-2\">\n\t<td class=\"column-1\">1 <\/td><td class=\"column-2\">TESSALIA DINIZ LUERCE SARAIVA<\/td><td class=\"column-3\">T\u00e9cnico de <br \/>\nLaborat\u00f3rio\/\u00c1rea: <br \/>\nMicrobiologia<\/td><td class=\"column-4\"><\/td>\n<\/tr>\n<tr class=\"row-3\">\n\t<td class=\"column-1\">2<\/td><td class=\"column-2\">THIAGO SILVA DA ROSA <\/td><td class=\"column-3\">Farmac\u00eautico<br \/>\nBioqu\u00edmico <br \/>\n<\/td><td class=\"column-4\"><\/td>\n<\/tr>\n<\/tbody>\n<\/table>\n<!-- #tablepress-213 from cache -->\n<div class=\"titleStyle\"><strong>COTAS RACIAIS<\/strong><\/div>\n\n<table id=\"tablepress-212\" class=\"tablepress tablepress-id-212\">\n<thead>\n<tr class=\"row-1\">\n\t<th class=\"column-1\">Classifica\u00e7\u00e3o<\/th><th class=\"column-2\">Candidato(a)<\/th><th class=\"column-3\">Cargo\/\u00c1rea <\/th><th class=\"column-4\">Situa\u00e7\u00e3o<\/th>\n<\/tr>\n<\/thead>\n<tbody class=\"row-striping row-hover\">\n<tr class=\"row-2\">\n\t<td class=\"column-1\">1<\/td><td class=\"column-2\">CAROLINA DE OLIVEIRA CASTRO<\/td><td class=\"column-3\">M\u00e9dico\/\u00c1rea: Aten\u00e7\u00e3o <br \/>\nB\u00e1sica \u00e0 Sa\u00fade<\/td><td class=\"column-4\"><\/td>\n<\/tr>\n<tr class=\"row-3\">\n\t<td class=\"column-1\">2 <br \/>\n<\/td><td class=\"column-2\">M\u00c1RCIA DA SILVA BARCELLOS<\/td><td class=\"column-3\">Farmac\u00eautico<br \/>\nBioqu\u00edmico<\/td><td class=\"column-4\"><\/td>\n<\/tr>\n<\/tbody>\n<\/table>\n<!-- #tablepress-212 from cache -->\n<\/div>","protected":false},"excerpt":{"rendered":"<p>Nomea\u00e7\u00f5es &#8211; Edital 026\/2025 Acompanhe nesta p\u00e1gina a publica\u00e7\u00e3o dos\/as nomeados\/as para cargos t\u00e9cnicos na UFPEL. Cargos nesta p\u00e1gina: Farmac\u00eautico-Bioqu\u00edmico M\u00e9dico\/\u00c1rea: Anestesiologia M\u00e9dico\/\u00c1rea: Aten\u00e7\u00e3o B\u00e1sica \u00e0 Sa\u00fade M\u00e9dico\/\u00c1rea: Cl\u00ednica M\u00e9dica M\u00e9dico\/\u00c1rea: Pediatria T\u00e9cnico de Laborat\u00f3rio\/\u00c1rea: Anatomia e Necropsia T\u00e9cnico de Laborat\u00f3rio\/\u00c1rea: Microbiologia T\u00e9cnico em Contabilidade Confira a p\u00e1gina com as informa\u00e7\u00f5es a respeito do certame: [&hellip;]<\/p>\n","protected":false},"author":21,"featured_media":0,"parent":0,"menu_order":0,"comment_status":"closed","ping_status":"closed","template":"","meta":{"footnotes":""},"class_list":["post-40868","page","type-page","status-publish","hentry"],"_links":{"self":[{"href":"https:\/\/wp.ufpel.edu.br\/progep\/wp-json\/wp\/v2\/pages\/40868","targetHints":{"allow":["GET"]}}],"collection":[{"href":"https:\/\/wp.ufpel.edu.br\/progep\/wp-json\/wp\/v2\/pages"}],"about":[{"href":"https:\/\/wp.ufpel.edu.br\/progep\/wp-json\/wp\/v2\/types\/page"}],"author":[{"embeddable":true,"href":"https:\/\/wp.ufpel.edu.br\/progep\/wp-json\/wp\/v2\/users\/21"}],"replies":[{"embeddable":true,"href":"https:\/\/wp.ufpel.edu.br\/progep\/wp-json\/wp\/v2\/comments?post=40868"}],"version-history":[{"count":3,"href":"https:\/\/wp.ufpel.edu.br\/progep\/wp-json\/wp\/v2\/pages\/40868\/revisions"}],"predecessor-version":[{"id":40908,"href":"https:\/\/wp.ufpel.edu.br\/progep\/wp-json\/wp\/v2\/pages\/40868\/revisions\/40908"}],"wp:attachment":[{"href":"https:\/\/wp.ufpel.edu.br\/progep\/wp-json\/wp\/v2\/media?parent=40868"}],"curies":[{"name":"wp","href":"https:\/\/api.w.org\/{rel}","templated":true}]}}