{"id":40656,"date":"2026-03-04T11:09:21","date_gmt":"2026-03-04T14:09:21","guid":{"rendered":"https:\/\/wp.ufpel.edu.br\/progep\/?page_id=40656"},"modified":"2026-03-24T14:53:54","modified_gmt":"2026-03-24T17:53:54","slug":"capacitacao-vivencia-com-reiki-usui-tibetano","status":"publish","type":"page","link":"https:\/\/wp.ufpel.edu.br\/progep\/capacitacao-vivencia-com-reiki-usui-tibetano\/","title":{"rendered":"Capacita\u00e7\u00e3o: Viv\u00eancia com Reiki Usui Tibetano"},"content":{"rendered":"\n<div class=\"wp-block-group\"><div class=\"wp-block-group__inner-container is-layout-constrained wp-block-group-is-layout-constrained\">\n<div class=\"capacitacoes2026\">\n<div class=\"acoesTitle\">\n<div>Viv\u00eancia com Reiki Usui Tibetano<\/div>\n<p>Venha conhecer o Reiki Usui Tibetano, suas aplica\u00e7\u00f5es e recomenda\u00e7\u00f5es. Como tamb\u00e9m, a viv\u00eancia individual e\/ou em grupo.<\/p>\n<hr \/><\/div>\n<div class=\"corpoStyle\">\n<div>\n<p><strong>Facilitador(a): <\/strong>Elen Nunes Garcia (<em>Docente\/Instituto de Biologia\/Universidade Federal de Pelotas<\/em>)<\/p>\n<p><strong>Data de realiza\u00e7\u00e3o<\/strong>: 24\/03\/2026 (ter\u00e7a-feira)<\/p>\n<p><strong>Hor\u00e1rio: <\/strong> 8h30min \u00e0s 11h30min<\/p>\n<p><strong>Carga hor\u00e1ria<\/strong>: 3h<\/p>\n<p><strong>N\u00famero de vagas:<\/strong> 10, por ordem de inscri\u00e7\u00e3o<\/p>\n<p><strong>Modalidade: <\/strong> Presencial.\u00a0<\/p>\n<p><strong>Local:\u00a0 <\/strong> Sala 211, Campus Anglo, Rua Gomes Carneiro 1<\/p>\n<p><strong>Ementa: <\/strong><\/p>\n<ul>\n<li>Reiki Usui Tibetano: O que \u00e9?<\/li>\n<li>Aplica\u00e7\u00f5es e recomenda\u00e7\u00f5es;<\/li>\n<li>Viv\u00eancia individual e\/ou em grupo.<\/li>\n<\/ul>\n<p><strong>P\u00fablico Alvo<\/strong>: Servidores(as) docentes, TAE\u2019s e trabalhadores(as) terceirizados(as) ativos(as) da UFPel*.*<\/p>\n<p><strong>Per\u00edodo de inscri\u00e7\u00e3o<\/strong>: 04\/03 a 19\/03<\/p>\n<p><strong>Divulga\u00e7\u00e3o das inscri\u00e7\u00f5es homologadas<\/strong>: 20\/03**, nesta p\u00e1gina.<\/p>\n<\/div>\n<div class=\"coluna2CapAvulsa\">\n<p>*Considerando a Pol\u00edtica Nacional de Desenvolvimento de Pessoas, conforme Decreto n\u00ba 9.991\/19, somente ser\u00e3o certificados(as) os(as) servidores(as) p\u00fablicos pertencentes ao Quadro Efetivo da UFPel;<br \/>** Quando homologadas as inscri\u00e7\u00f5es, os(as) selecionados(as) receber\u00e3o e-mail de confirma\u00e7\u00e3o com instru\u00e7\u00f5es.<\/p>\n<p><strong>Observa\u00e7\u00e3o<\/strong>: A homologa\u00e7\u00e3o das inscri\u00e7\u00f5es dos(as) trabalhadores(as) terceirizados ficar\u00e1 condicionada \u00e0 an\u00e1lise pr\u00e9via e manifesta\u00e7\u00e3o por parte do NUGEST\/PRA.<\/p>\n<p><strong><a href=\"https:\/\/wp.ufpel.edu.br\/progep\/files\/2026\/03\/HOMOLOGACAO-Vivencia-com-Reiki-Usui-Tibetano-1.pdf\">Confira aqui as inscri\u00e7\u00f5es homologadas!<\/a><\/strong><\/p>\n<p><span style=\"font-size: 14pt\"><strong>Contato:<\/strong> cdp.capacita@ufpel.edu.br<\/span><\/p>\n<\/div>\n<\/div>\n<\/div>\n<\/div><\/div>\n","protected":false},"excerpt":{"rendered":"<p>Viv\u00eancia com Reiki Usui Tibetano Venha conhecer o Reiki Usui Tibetano, suas aplica\u00e7\u00f5es e recomenda\u00e7\u00f5es. Como tamb\u00e9m, a viv\u00eancia individual e\/ou em grupo. Facilitador(a): Elen Nunes Garcia (Docente\/Instituto de Biologia\/Universidade Federal de Pelotas) Data de realiza\u00e7\u00e3o: 24\/03\/2026 (ter\u00e7a-feira) Hor\u00e1rio: 8h30min \u00e0s 11h30min Carga hor\u00e1ria: 3h N\u00famero de vagas: 10, por ordem de inscri\u00e7\u00e3o Modalidade: Presencial.\u00a0 [&hellip;]<\/p>\n","protected":false},"author":21,"featured_media":0,"parent":0,"menu_order":0,"comment_status":"closed","ping_status":"closed","template":"page-sem-sidebar.php","meta":{"footnotes":""},"class_list":["post-40656","page","type-page","status-publish","hentry"],"_links":{"self":[{"href":"https:\/\/wp.ufpel.edu.br\/progep\/wp-json\/wp\/v2\/pages\/40656","targetHints":{"allow":["GET"]}}],"collection":[{"href":"https:\/\/wp.ufpel.edu.br\/progep\/wp-json\/wp\/v2\/pages"}],"about":[{"href":"https:\/\/wp.ufpel.edu.br\/progep\/wp-json\/wp\/v2\/types\/page"}],"author":[{"embeddable":true,"href":"https:\/\/wp.ufpel.edu.br\/progep\/wp-json\/wp\/v2\/users\/21"}],"replies":[{"embeddable":true,"href":"https:\/\/wp.ufpel.edu.br\/progep\/wp-json\/wp\/v2\/comments?post=40656"}],"version-history":[{"count":3,"href":"https:\/\/wp.ufpel.edu.br\/progep\/wp-json\/wp\/v2\/pages\/40656\/revisions"}],"predecessor-version":[{"id":40929,"href":"https:\/\/wp.ufpel.edu.br\/progep\/wp-json\/wp\/v2\/pages\/40656\/revisions\/40929"}],"wp:attachment":[{"href":"https:\/\/wp.ufpel.edu.br\/progep\/wp-json\/wp\/v2\/media?parent=40656"}],"curies":[{"name":"wp","href":"https:\/\/api.w.org\/{rel}","templated":true}]}}