{"id":40608,"date":"2026-02-25T09:59:03","date_gmt":"2026-02-25T12:59:03","guid":{"rendered":"https:\/\/wp.ufpel.edu.br\/progep\/?page_id=40608"},"modified":"2026-02-25T09:59:34","modified_gmt":"2026-02-25T12:59:34","slug":"cargos-tae-telefonista","status":"publish","type":"page","link":"https:\/\/wp.ufpel.edu.br\/progep\/cargos-tae-telefonista\/","title":{"rendered":"Cargos TAE: Telefonista"},"content":{"rendered":"\n<div class=\"wp-block-group\"><div class=\"wp-block-group__inner-container is-layout-constrained wp-block-group-is-layout-constrained\">\n<div class=\"wp-block-group\"><div class=\"wp-block-group__inner-container is-layout-constrained wp-block-group-is-layout-constrained\">\n<div class=\"logoTituloModelStyle\"><img class=\"size-medium wp-image-27184 alignleft\" src=\"https:\/\/wp.ufpel.edu.br\/progep\/files\/2025\/03\/logo-progep_atualizacao-nome_AZUL.png\" alt=\"\" \/><\/p>\n<div><strong>Telefonista<\/strong><\/div>\n<\/div>\n<hr class=\"hrModelStyle\" \/>\n<div class=\"descriptionModelStyle\">Esta p\u00e1gina apresenta os dados referentes a carreira dos\/as servidores\/as.<\/div>\n<\/div><\/div>\n\n\n\n<div class=\"cargoDescriptionStyle\">\n<div class=\"infoCargo\">N\u00edvel de Classifica\u00e7\u00e3o:\u00a0<strong>C<\/strong><br \/>Denomina\u00e7\u00e3o do cargo:<br \/><strong>Telefonista<\/strong><br \/>C\u00f3digo CBO: <strong>xxxxx<\/strong><\/div>\n<div class=\"requisitosCargo\"><span style=\"font-size: 16pt;padding-bottom: 0.5rem\"><strong>Requisitos de Qualifica\u00e7\u00e3o para Ingresso no Cargo<\/strong>:<\/span><br \/><strong>Escolaridade<\/strong>: Fundamental Completo<br \/><strong>Outros<\/strong>: Experi\u00eancia de 12 meses<br \/><strong>Habilita\u00e7\u00e3o Profissional.<\/strong><\/div>\n<div class=\"descSumaryCargo\"><span style=\"font-size: 16pt;font-weight: bold;padding-bottom: 0.5rem\">Descri\u00e7\u00e3o Sum\u00e1ria do Cargo:<\/span> Manipular equipamentos telef\u00f4nicos, estabelecendo comunica\u00e7\u00f5es internas e externas.\nZelar pelo equipamento comunicando defeitos, solicitando conserto e sua manuten\u00e7\u00e3o.\nRegistrar a dura\u00e7\u00e3o e\/ou custo das liga\u00e7\u00f5es. Atender pedidos de informa\u00e7\u00f5es solicitados.\nAnotar recados e registrar chamadas. Executar pequenas tarefas de apoio administrativo referente a sua \u00e1rea de trabalho, tais como coletar requisi\u00e7\u00f5es de liga\u00e7\u00f5es interurbanas particulares. Utilizar recursos de inform\u00e1tica. Auxiliar nas atividades de ensino, pesquisa e extens\u00e3o.\nExecutar outras tarefas de mesma natureza e n\u00edvel de complexidade associadas ao ambiente organizacional.<\/div>\n\n<\/div>\n\n\n\n<p><\/p>\n<\/div><\/div>\n","protected":false},"excerpt":{"rendered":"<p>Telefonista Esta p\u00e1gina apresenta os dados referentes a carreira dos\/as servidores\/as. N\u00edvel de Classifica\u00e7\u00e3o:\u00a0CDenomina\u00e7\u00e3o do cargo:TelefonistaC\u00f3digo CBO: xxxxx Requisitos de Qualifica\u00e7\u00e3o para Ingresso no Cargo:Escolaridade: Fundamental CompletoOutros: Experi\u00eancia de 12 mesesHabilita\u00e7\u00e3o Profissional. Descri\u00e7\u00e3o Sum\u00e1ria do Cargo: Manipular equipamentos telef\u00f4nicos, estabelecendo comunica\u00e7\u00f5es internas e externas. Zelar pelo equipamento comunicando defeitos, solicitando conserto e sua manuten\u00e7\u00e3o. Registrar [&hellip;]<\/p>\n","protected":false},"author":21,"featured_media":0,"parent":0,"menu_order":0,"comment_status":"closed","ping_status":"closed","template":"","meta":{"footnotes":""},"class_list":["post-40608","page","type-page","status-publish","hentry"],"_links":{"self":[{"href":"https:\/\/wp.ufpel.edu.br\/progep\/wp-json\/wp\/v2\/pages\/40608","targetHints":{"allow":["GET"]}}],"collection":[{"href":"https:\/\/wp.ufpel.edu.br\/progep\/wp-json\/wp\/v2\/pages"}],"about":[{"href":"https:\/\/wp.ufpel.edu.br\/progep\/wp-json\/wp\/v2\/types\/page"}],"author":[{"embeddable":true,"href":"https:\/\/wp.ufpel.edu.br\/progep\/wp-json\/wp\/v2\/users\/21"}],"replies":[{"embeddable":true,"href":"https:\/\/wp.ufpel.edu.br\/progep\/wp-json\/wp\/v2\/comments?post=40608"}],"version-history":[{"count":3,"href":"https:\/\/wp.ufpel.edu.br\/progep\/wp-json\/wp\/v2\/pages\/40608\/revisions"}],"predecessor-version":[{"id":40616,"href":"https:\/\/wp.ufpel.edu.br\/progep\/wp-json\/wp\/v2\/pages\/40608\/revisions\/40616"}],"wp:attachment":[{"href":"https:\/\/wp.ufpel.edu.br\/progep\/wp-json\/wp\/v2\/media?parent=40608"}],"curies":[{"name":"wp","href":"https:\/\/api.w.org\/{rel}","templated":true}]}}