{"id":40443,"date":"2026-02-11T15:32:22","date_gmt":"2026-02-11T18:32:22","guid":{"rendered":"https:\/\/wp.ufpel.edu.br\/progep\/?page_id=40443"},"modified":"2026-03-09T12:05:45","modified_gmt":"2026-03-09T15:05:45","slug":"capacitacao-pratica-de-escalda-pes-com-plantas-medicinais-aromaterapia-e-meditacao-guiada","status":"publish","type":"page","link":"https:\/\/wp.ufpel.edu.br\/progep\/capacitacao-pratica-de-escalda-pes-com-plantas-medicinais-aromaterapia-e-meditacao-guiada\/","title":{"rendered":"Oficina: Pr\u00e1tica de escalda-p\u00e9s com plantas medicinais, aromaterapia e medita\u00e7\u00e3o guiada"},"content":{"rendered":"\n<div class=\"wp-block-group\"><div class=\"wp-block-group__inner-container is-layout-constrained wp-block-group-is-layout-constrained\">\n<div class=\"capacitacoes2026\">\n<div class=\"acoesTitle\">\n<div>Pr\u00e1tica de escalda-p\u00e9s com plantas medicinais, aromaterapia e medita\u00e7\u00e3o guiada<\/div>\n<p>As participantes realizar\u00e3o a pr\u00e1tica de escalda-p\u00e9s com plantas medicinais (majoritariamente com efeito calmante), acompanhada de aromaterapia (o \u00f3leo essencial utilizado, ser\u00e1 escolhido individualmente por cada participante, entre as op\u00e7\u00f5es ofertadas) e medita\u00e7\u00e3o guiada, com tempo aproximado de 30 minutos a sess\u00e3o. O objetivo \u00e9 proporcionar relaxamento, al\u00edvio do cansa\u00e7o, diminui\u00e7\u00e3o do estresse e ansiedade, al\u00e9m da melhora da circula\u00e7\u00e3o sangu\u00ednea das extremidades. Ademais, atua no equil\u00edbrio fisiol\u00f3gico e energ\u00e9tico do corpo.<\/p>\n<hr \/><\/div>\n<div class=\"corpoStyle\">\n<div>\n<p><strong>Facilitador(a): <\/strong> Teila Ceolin (<em>Docente\/Faculdade de Enfermagem\/UFPel<\/em>)<\/p>\n<p><strong>Data de realiza\u00e7\u00e3o<\/strong>: 04\/03\/2026, quarta-feira<\/p>\n<p class=\"destaqueCapStyle\"><strong>Turma 1: <\/strong> <span>14h \u00e0s 14h30min<\/span><\/p>\n<p><strong>Carga hor\u00e1ria:<\/strong> <span>30min<\/span> <\/p>\n<p class=\"destaqueCapStyle\"><strong>Turma 2: <\/strong><span>15h \u00e0s 15h30min<\/span><\/p>\n<p><strong>Carga hor\u00e1ria:<\/strong> <span>30min<\/span> <\/p>\n<p><strong>Modalidade: <\/strong> Presencial<\/p>\n<p><strong>N\u00famero de vagas<\/strong>: 15 vagas por turma<\/p>\n<p><strong>Local:\u00a0 <\/strong> Sala 202, 2\u00ba Andar do Campus Anglo, na Faculdade de Enfermagem. Rua Gomes Carneiro, N\u00famero 1<\/p>\n<p><strong>Ementa: <\/strong><\/p>\n<ul>\n<li>Escalda-p\u00e9s com plantas medicinais, aromaterapia e medita\u00e7\u00e3o guidada;<\/li>\n<li>Proporcionar relaxamento, al\u00edvio do cansa\u00e7o, diminui\u00e7\u00e3o do estresse e ansiedade;<\/li>\n<li>Melhora da circula\u00e7\u00e3o sangu\u00ednea das extremidades;<\/li>\n<li>Equil\u00edbrio fisiol\u00f3gico e energ\u00e9tico do corpo.<\/li>\n<\/ul>\n<p><strong>P\u00fablico Alvo<\/strong>: Servidores(as) docentes, TAE\u2019s e trabalhadores(as) terceirizados(as) ativos(as) da UFPel*.*<\/p>\n<\/div>\n<div class=\"coluna2CapAvulsa\">\n<p><strong>Per\u00edodo de inscri\u00e7\u00e3o<\/strong>: 12\/02 a 01\/03<\/p>\n<p><strong>Divulga\u00e7\u00e3o das inscri\u00e7\u00f5es homologadas<\/strong>: 02\/03**, nesta p\u00e1gina.<\/p>\n\n\n<p>*Considerando a Pol\u00edtica Nacional de Desenvolvimento de Pessoas, conforme Decreto n\u00ba 9.991\/19, somente ser\u00e3o certificados(as) os(as) servidores(as) p\u00fablicos pertencentes ao Quadro Efetivo da UFPel;<br \/>** Quando homologadas as inscri\u00e7\u00f5es, os(as) selecionados(as) receber\u00e3o e-mail de confirma\u00e7\u00e3o com instru\u00e7\u00f5es.<\/p>\n<p><strong>Observa\u00e7\u00e3o<\/strong>: A homologa\u00e7\u00e3o das inscri\u00e7\u00f5es dos(as) trabalhadores(as) terceirizados ficar\u00e1 condicionada \u00e0 an\u00e1lise pr\u00e9via e manifesta\u00e7\u00e3o por parte do NUGEST\/PRA.<\/p>\n<p><strong><a href=\"https:\/\/wp.ufpel.edu.br\/progep\/files\/2026\/03\/HOMOLOGACAO-Pratica-de-escalda-pes-com-plantas-medicinais-aromaterapia-e-meditacao-guiada.pdf\" target=\"_blank\" rel=\"noopener\">Confira as inscri\u00e7\u00f5es homologadas!<\/a><\/strong><\/p>\n<p><span style=\"font-size: 14pt\"><strong>Contato:<\/strong> cdp.capacita@ufpel.edu.br<\/span><\/p>\n<\/div>\n<\/div>\n<\/div>\n<\/div><\/div>\n","protected":false},"excerpt":{"rendered":"<p>Pr\u00e1tica de escalda-p\u00e9s com plantas medicinais, aromaterapia e medita\u00e7\u00e3o guiada As participantes realizar\u00e3o a pr\u00e1tica de escalda-p\u00e9s com plantas medicinais (majoritariamente com efeito calmante), acompanhada de aromaterapia (o \u00f3leo essencial utilizado, ser\u00e1 escolhido individualmente por cada participante, entre as op\u00e7\u00f5es ofertadas) e medita\u00e7\u00e3o guiada, com tempo aproximado de 30 minutos a sess\u00e3o. O objetivo \u00e9 [&hellip;]<\/p>\n","protected":false},"author":21,"featured_media":0,"parent":0,"menu_order":0,"comment_status":"closed","ping_status":"closed","template":"page-sem-sidebar.php","meta":{"footnotes":""},"class_list":["post-40443","page","type-page","status-publish","hentry"],"_links":{"self":[{"href":"https:\/\/wp.ufpel.edu.br\/progep\/wp-json\/wp\/v2\/pages\/40443","targetHints":{"allow":["GET"]}}],"collection":[{"href":"https:\/\/wp.ufpel.edu.br\/progep\/wp-json\/wp\/v2\/pages"}],"about":[{"href":"https:\/\/wp.ufpel.edu.br\/progep\/wp-json\/wp\/v2\/types\/page"}],"author":[{"embeddable":true,"href":"https:\/\/wp.ufpel.edu.br\/progep\/wp-json\/wp\/v2\/users\/21"}],"replies":[{"embeddable":true,"href":"https:\/\/wp.ufpel.edu.br\/progep\/wp-json\/wp\/v2\/comments?post=40443"}],"version-history":[{"count":3,"href":"https:\/\/wp.ufpel.edu.br\/progep\/wp-json\/wp\/v2\/pages\/40443\/revisions"}],"predecessor-version":[{"id":40701,"href":"https:\/\/wp.ufpel.edu.br\/progep\/wp-json\/wp\/v2\/pages\/40443\/revisions\/40701"}],"wp:attachment":[{"href":"https:\/\/wp.ufpel.edu.br\/progep\/wp-json\/wp\/v2\/media?parent=40443"}],"curies":[{"name":"wp","href":"https:\/\/api.w.org\/{rel}","templated":true}]}}