{"id":40281,"date":"2026-01-22T18:09:57","date_gmt":"2026-01-22T21:09:57","guid":{"rendered":"https:\/\/wp.ufpel.edu.br\/progep\/?page_id=40281"},"modified":"2026-01-22T18:11:30","modified_gmt":"2026-01-22T21:11:30","slug":"cargo-tae-auxiliar-de-ind-e-conserv-de-alimentos","status":"publish","type":"page","link":"https:\/\/wp.ufpel.edu.br\/progep\/cargo-tae-auxiliar-de-ind-e-conserv-de-alimentos\/","title":{"rendered":"Cargo TAE: Auxiliar de Ind e Conserv de Alimentos"},"content":{"rendered":"\n<div class=\"wp-block-group\"><div class=\"wp-block-group__inner-container is-layout-constrained wp-block-group-is-layout-constrained\">\n<div class=\"wp-block-group\"><div class=\"wp-block-group__inner-container is-layout-constrained wp-block-group-is-layout-constrained\">\n<div class=\"logoTituloModelStyle\"><img class=\"size-medium wp-image-27184 alignleft\" src=\"https:\/\/wp.ufpel.edu.br\/progep\/files\/2025\/03\/logo-progep_atualizacao-nome_AZUL.png\" alt=\"\" \/><\/p>\n<div style=\"padding: 2rem 0\"><strong>Auxiliar de Ind e Conserv de Alimentos<\/strong><\/div>\n<\/div>\n<hr class=\"hrModelStyle\" \/>\n<div class=\"descriptionModelStyle\">Esta p\u00e1gina apresenta os dados referentes a carreira dos\/as servidores\/as.<\/div>\n<\/div><\/div>\n\n\n\n<div class=\"cargoDescriptionStyle\">\n<div class=\"infoCargo\">N\u00edvel de Classifica\u00e7\u00e3o:\u00a0<strong>B<\/strong><br \/>Denomina\u00e7\u00e3o do cargo:<br \/><strong>Auxiliar de Ind e Conserv de Alimentos<\/strong><br \/>C\u00f3digo CBO: <strong>&#8212;<\/strong><\/div>\n<div class=\"requisitosCargo\"><span style=\"font-size: 16pt;padding-bottom: 0.5rem\"><strong>Requisitos de Qualifica\u00e7\u00e3o para Ingresso no Cargo<\/strong>:<\/span><br \/><strong>Escolaridade<\/strong>: Fundamental Incompleto<br \/><strong>Outros<\/strong>: Experi\u00eancia de 12 meses<br \/><strong>Habilita\u00e7\u00e3o Profissional.<\/strong><\/div>\n<div class=\"descSumaryCargo\"><span style=\"font-size: 16pt;font-weight: bold;padding-bottom: 0.5rem\">Descri\u00e7\u00e3o Sum\u00e1ria do Cargo:<\/span><br \/>\nAuxiliar no processo de industrializa\u00e7\u00e3o de alimentos, recebendo, lavando, selecionando, classificando e pesando a mat\u00e9ria prima, bem como determinar o \u201cponto\u201d ideal de retirada dos produtos em processamento. Auxiliar nas atividades de ensino, pesquisa e extens\u00e3o.\n<\/div>\n<div class=\"atividadesCargo\"><span style=\"font-size: 16pt;font-weight: bold\">Descri\u00e7\u00e3o de Atividades T\u00edpicas do Cargo:<\/span> <br \/>\n\u2022 Receber,   lavar,   selecionar,   classificar   e   pesar   a   mat\u00e9ria   prima   destinada   \u00e0 industrializa\u00e7\u00e3o aliment\u00edcia.<br \/>\n<strong>\u2022 Operar   os   equipamentos   de   industrializa\u00e7\u00e3o   dos   produtos,   acompanhando   o processamento dos mesmos.<\/strong><br \/>\n\u2022 Adicionar os ingredientes necess\u00e1rios ao processamento dos produtos, conforme orienta\u00e7\u00e3o.<br \/>\n<strong>\u2022 Determinar   o   &#8220;ponto&#8221;   ideal   de   retirada   dos   produtos   em   processamento, observando as especifica\u00e7\u00f5es estabelecidas para os mesmos.<\/strong><br \/>\n\u2022 Limpar aparelhos, equipamentos e instala\u00e7\u00f5es industriais em geral, zelando pela conserva\u00e7\u00e3o dos mesmos.<br \/>\n<strong>\u2022 Executar outras tarefas de mesma natureza e n\u00edvel de complexidade associadas ao ambiente organizacional.<\/strong>\n\n<\/div>\n<\/div>\n\n\n\n<p><\/p>\n<\/div><\/div>\n","protected":false},"excerpt":{"rendered":"<p>Auxiliar de Ind e Conserv de Alimentos Esta p\u00e1gina apresenta os dados referentes a carreira dos\/as servidores\/as. N\u00edvel de Classifica\u00e7\u00e3o:\u00a0BDenomina\u00e7\u00e3o do cargo:Auxiliar de Ind e Conserv de AlimentosC\u00f3digo CBO: &#8212; Requisitos de Qualifica\u00e7\u00e3o para Ingresso no Cargo:Escolaridade: Fundamental IncompletoOutros: Experi\u00eancia de 12 mesesHabilita\u00e7\u00e3o Profissional. Descri\u00e7\u00e3o Sum\u00e1ria do Cargo: Auxiliar no processo de industrializa\u00e7\u00e3o de alimentos, [&hellip;]<\/p>\n","protected":false},"author":21,"featured_media":0,"parent":0,"menu_order":0,"comment_status":"closed","ping_status":"closed","template":"","meta":{"footnotes":""},"class_list":["post-40281","page","type-page","status-publish","hentry"],"_links":{"self":[{"href":"https:\/\/wp.ufpel.edu.br\/progep\/wp-json\/wp\/v2\/pages\/40281","targetHints":{"allow":["GET"]}}],"collection":[{"href":"https:\/\/wp.ufpel.edu.br\/progep\/wp-json\/wp\/v2\/pages"}],"about":[{"href":"https:\/\/wp.ufpel.edu.br\/progep\/wp-json\/wp\/v2\/types\/page"}],"author":[{"embeddable":true,"href":"https:\/\/wp.ufpel.edu.br\/progep\/wp-json\/wp\/v2\/users\/21"}],"replies":[{"embeddable":true,"href":"https:\/\/wp.ufpel.edu.br\/progep\/wp-json\/wp\/v2\/comments?post=40281"}],"version-history":[{"count":3,"href":"https:\/\/wp.ufpel.edu.br\/progep\/wp-json\/wp\/v2\/pages\/40281\/revisions"}],"predecessor-version":[{"id":40284,"href":"https:\/\/wp.ufpel.edu.br\/progep\/wp-json\/wp\/v2\/pages\/40281\/revisions\/40284"}],"wp:attachment":[{"href":"https:\/\/wp.ufpel.edu.br\/progep\/wp-json\/wp\/v2\/media?parent=40281"}],"curies":[{"name":"wp","href":"https:\/\/api.w.org\/{rel}","templated":true}]}}