{"id":40264,"date":"2026-01-22T16:27:09","date_gmt":"2026-01-22T19:27:09","guid":{"rendered":"https:\/\/wp.ufpel.edu.br\/progep\/?page_id=40264"},"modified":"2026-01-22T16:28:08","modified_gmt":"2026-01-22T19:28:08","slug":"cargo-tae-auxiliar-de-agropecuaria","status":"publish","type":"page","link":"https:\/\/wp.ufpel.edu.br\/progep\/cargo-tae-auxiliar-de-agropecuaria\/","title":{"rendered":"Cargo TAE: Auxiliar de Agropecuaria"},"content":{"rendered":"\n<div class=\"wp-block-group\"><div class=\"wp-block-group__inner-container is-layout-constrained wp-block-group-is-layout-constrained\">\n<div class=\"wp-block-group\"><div class=\"wp-block-group__inner-container is-layout-constrained wp-block-group-is-layout-constrained\">\n<div class=\"logoTituloModelStyle\"><img class=\"size-medium wp-image-27184 alignleft\" src=\"https:\/\/wp.ufpel.edu.br\/progep\/files\/2025\/03\/logo-progep_atualizacao-nome_AZUL.png\" alt=\"\" \/><\/p>\n<div><strong>Auxiliar de Agropecuaria<\/strong><\/div>\n<\/div>\n<hr class=\"hrModelStyle\" \/>\n<div class=\"descriptionModelStyle\">Esta p\u00e1gina apresenta os dados referentes a carreira dos\/as servidores\/as.<\/div>\n<\/div><\/div>\n\n\n\n<div class=\"cargoDescriptionStyle\">\n<div class=\"infoCargo\">N\u00edvel de Classifica\u00e7\u00e3o:\u00a0<strong>B<\/strong><br \/>Denomina\u00e7\u00e3o do cargo:<br \/><strong>Auxiliar de Agropecuaria<\/strong><br \/>C\u00f3digo CBO: <strong>&#8212;<\/strong><\/div>\n<div class=\"requisitosCargo\"><span style=\"font-size: 16pt;padding-bottom: 0.5rem\"><strong>Requisitos de Qualifica\u00e7\u00e3o para Ingresso no Cargo<\/strong>:<\/span><br \/><strong>Escolaridade<\/strong>: Fundamental Incompleto<br \/><strong>Outros<\/strong>: Experi\u00eancia de 12 meses<br \/><strong>Habilita\u00e7\u00e3o Profissional.<\/strong><\/div>\n<div class=\"descSumaryCargo\"><span style=\"font-size: 16pt;font-weight: bold;padding-bottom: 0.5rem\">Descri\u00e7\u00e3o Sum\u00e1ria do Cargo:<\/span> <br \/> Executar trabalhos pr\u00f3prios de cultura agr\u00edcola, bem como operar conjuntos mec\u00e2nicos para armazenagem   de   gr\u00e3os   e   fabrica\u00e7\u00e3o   de   ra\u00e7\u00f5es   destinadas   \u00e0   cria\u00e7\u00e3o,   tratamento   e\nalimenta\u00e7\u00e3o de animais. Auxiliar nas atividades de ensino, pesquisa e extens\u00e3o.<\/div>\n<div class=\"atividadesCargo\"><span style=\"font-size: 16pt;font-weight: bold\">Descri\u00e7\u00e3o de Atividades T\u00edpicas do Cargo:<\/span><br \/>\n\u2022 Executar trabalhos de defesa fitossanit\u00e1ria.<br \/>\n<strong>\u2022 Auxiliar na organiza\u00e7\u00e3o e instala\u00e7\u00e3o de sementeiras.<\/strong><br \/>\n\u2022 Auxiliar em trabalhos de insemina\u00e7\u00e3o artificial.<br \/>\n<strong>\u2022 Auxiliar na aplica\u00e7\u00e3o de soros e vacinas.<\/strong><br \/>\n\u2022 Auxiliar na execu\u00e7\u00e3o de projetos de experimenta\u00e7\u00e3o, pesquisa e realiza\u00e7\u00e3o de aulas pr\u00e1ticas.<br \/>\n<strong>\u2022 Manejar equipamentos diversos destinados \u00e0 produ\u00e7\u00e3o agropecu\u00e1ria.<\/strong><br \/>\n\u2022 Cultivar, semear, plantar e colher, valendo-se de ferramentas adequadas.<br \/>\n<strong>\u2022 Realizar trabalhos inerentes \u00e0 cria\u00e7\u00e3o e guarda de animais.<\/strong><br \/>\n\u2022 Executar servi\u00e7os de abatedouros.<br \/>\n<strong>\u2022 Executar tarefas de manuten\u00e7\u00e3o do equipamento utilizado.<\/strong><br \/>\n\u2022 Encilhar  os animais a serem domados e adestrados.<br \/>\n<strong>\u2022 Domar e adestrar os animais.<\/strong><br \/>\n\u2022 Utilizar equipamentos de seguran\u00e7a recomendados.<br \/>\n<strong>\u2022 Recolher animais para ordenha.<\/strong><br \/>\n\u2022 Ordenar animal, manual ou mecanicamente.<br \/>\n<strong>\u2022 Armazenar, distribuir e transportar o leite.<\/strong><br \/>\n\u2022 Proceder \u00e0 alimenta\u00e7\u00e3o suplementar ou complementar no campo ou em est\u00e1bulos, gaiolas dos animais sob sua responsabilidade.<br \/>\n<strong>\u2022 Tosquiar, lavar, limpar animais para exposi\u00e7\u00e3o, aulas pr\u00e1ticas ou outro fim.<\/strong><br \/>\n\u2022 Identificar e apontar animais com problemas de fertilidade, doen\u00e7as, reprodu\u00e7\u00e3o.<br \/>\n<strong>\u2022 Vacinar, medicar e auxiliar pequenas cirurgias.<\/strong><br \/>\n\u2022 Manter limpos os potreiros, campos, est\u00e1bulos, gaiolas e encerras que abriguem animais sob seu tratamento.<br \/>\n<strong>\u2022 Auxiliar as f\u00eameas nos partos.<\/strong><br \/>\n\u2022 Prestar socorro e atendimento aos rebanhos.<br \/>\n<strong>\u2022 Confeccionar bu\u00e7ais e outros apetrechos para animais.<\/strong><br \/>\n\u2022 Dar apoio \u00e0s aulas pr\u00e1ticas.<br \/>\n<strong>\u2022 Preparar, ensacar, transportar e distribuir ra\u00e7\u00e3o.<\/strong><br \/>\n\u2022 Receber   gr\u00e3os   para   armazenamento,   verificando   o   teor   de   umidade   e encaminhando-o para o secador ou silo.<br \/>\n<strong>\u2022 Efetuar o controle de pragas dos cereais armazenados em silos e sacarias.<\/strong><br \/>\n\u2022 Executar outras tarefas de mesma natureza e n\u00edvel de complexidade associadas ao ambiente organizacional.<br \/>\n<\/div>\n<\/div>\n\n\n\n<p><\/p>\n<\/div><\/div>\n","protected":false},"excerpt":{"rendered":"<p>Auxiliar de Agropecuaria Esta p\u00e1gina apresenta os dados referentes a carreira dos\/as servidores\/as. N\u00edvel de Classifica\u00e7\u00e3o:\u00a0BDenomina\u00e7\u00e3o do cargo:Auxiliar de AgropecuariaC\u00f3digo CBO: &#8212; Requisitos de Qualifica\u00e7\u00e3o para Ingresso no Cargo:Escolaridade: Fundamental IncompletoOutros: Experi\u00eancia de 12 mesesHabilita\u00e7\u00e3o Profissional. Descri\u00e7\u00e3o Sum\u00e1ria do Cargo: Executar trabalhos pr\u00f3prios de cultura agr\u00edcola, bem como operar conjuntos mec\u00e2nicos para armazenagem de gr\u00e3os [&hellip;]<\/p>\n","protected":false},"author":21,"featured_media":0,"parent":0,"menu_order":0,"comment_status":"closed","ping_status":"closed","template":"","meta":{"footnotes":""},"class_list":["post-40264","page","type-page","status-publish","hentry"],"_links":{"self":[{"href":"https:\/\/wp.ufpel.edu.br\/progep\/wp-json\/wp\/v2\/pages\/40264","targetHints":{"allow":["GET"]}}],"collection":[{"href":"https:\/\/wp.ufpel.edu.br\/progep\/wp-json\/wp\/v2\/pages"}],"about":[{"href":"https:\/\/wp.ufpel.edu.br\/progep\/wp-json\/wp\/v2\/types\/page"}],"author":[{"embeddable":true,"href":"https:\/\/wp.ufpel.edu.br\/progep\/wp-json\/wp\/v2\/users\/21"}],"replies":[{"embeddable":true,"href":"https:\/\/wp.ufpel.edu.br\/progep\/wp-json\/wp\/v2\/comments?post=40264"}],"version-history":[{"count":3,"href":"https:\/\/wp.ufpel.edu.br\/progep\/wp-json\/wp\/v2\/pages\/40264\/revisions"}],"predecessor-version":[{"id":40268,"href":"https:\/\/wp.ufpel.edu.br\/progep\/wp-json\/wp\/v2\/pages\/40264\/revisions\/40268"}],"wp:attachment":[{"href":"https:\/\/wp.ufpel.edu.br\/progep\/wp-json\/wp\/v2\/media?parent=40264"}],"curies":[{"name":"wp","href":"https:\/\/api.w.org\/{rel}","templated":true}]}}