{"id":39484,"date":"2025-12-18T11:51:45","date_gmt":"2025-12-18T14:51:45","guid":{"rendered":"https:\/\/wp.ufpel.edu.br\/progep\/?page_id=39484"},"modified":"2026-02-12T17:37:24","modified_gmt":"2026-02-12T20:37:24","slug":"capacitacao-e-projeto-trilha-pgd-curso-de-ferramentas-para-organizacao-do-trabalho","status":"publish","type":"page","link":"https:\/\/wp.ufpel.edu.br\/progep\/capacitacao-e-projeto-trilha-pgd-curso-de-ferramentas-para-organizacao-do-trabalho\/","title":{"rendered":"Capacita\u00e7\u00e3o E-Projeto: Trilha PGD: Ferramentas para Organiza\u00e7\u00e3o do  Trabalho"},"content":{"rendered":"\n<div class=\"wp-block-group\"><div class=\"wp-block-group__inner-container is-layout-constrained wp-block-group-is-layout-constrained\">\n<div class=\"cursoEprojetoStyle\">\n<div class=\"cabecalhoStyle\"><img src=\"https:\/\/wp.ufpel.edu.br\/progep\/files\/2025\/12\/eprojetoOrganizacao.jpg\" alt=\"Imagem de divulga\u00e7\u00e3o do curso Trilha PGD: Ferramentas para Organiza\u00e7\u00e3o do Trabalho.\" \/><\/p>\n<div>\n<div class=\"titleEprojeto\">Trilha PGD: Ferramentas para Organiza\u00e7\u00e3o do Trabalho<\/div>\n<div class=\"textEprojeto\">Neste curso ser\u00e1 focado na <strong>gest\u00e3o de tempo<\/strong>. Ser\u00e1 apresentado ferramentas para trabalho remoto com equipes, compartilhamento e edi\u00e7\u00e3o. Inscreva-se!<\/div>\n<\/div>\n<\/div>\n<hr \/>\n<div class=\"corpoStyle\">\n<div class=\"infosEspecificasStyle\">\n<p><strong>Ministrante:\u00a0<\/strong>Andressa Andrade Duquia (<em>T\u00e9cnica-Administrativa em Educa\u00e7\u00e3o\/Pr\u00f3-Reitoria de Gest\u00e3o de Pessoas\/UFPEL<\/em>)<\/p>\n<p><strong>Disponiblidade<\/strong>: 30 dias<\/p>\n<p><strong>Carga hor\u00e1ria<\/strong>: 20h<\/p>\n<p><strong>Modalidade: <\/strong> Online, sem tutoria. O curso \u00e9 oferecido de forma ass\u00edncrona, deste modo, o participante pode acessar o material e realizar as atividades no seu pr\u00f3prio ritmo, sem a presen\u00e7a de um tutor.<\/p>\n<p><strong>Ementa: <\/strong><\/p>\n<ul>\n<li>Gest\u00e3o do Tempo;<\/li>\n<li>Ferramentas para compartilhamento;<\/li>\n<li>Ferramentas para edi\u00e7\u00e3o;<\/li>\n<li>Ferramentas para reuni\u00f5es;<\/li>\n<li>Ferramentas para trabalho remoto em equipe \/ produtividade.<\/li>\n<\/ul>\n<p><strong><a href=\"https:\/\/wp.ufpel.edu.br\/progep\/inscricoes-e-projeto\/\" target=\"_blank\" rel=\"noopener\">INSCRI\u00c7\u00d5ES AQUI<\/a><\/strong><\/p>\n<\/div>\n<div class=\"infosGeraisStyle\">\n<p><strong>Local:\u00a0 <\/strong> Plataforma E-Projeto<\/p>\n<p><strong>P\u00fablico Alvo<\/strong>: Servidores(as) docentes, TAE\u2019s e trabalhadores(as) terceirizados(as) ativos(as) da UFPel*.*<\/p>\n<p><strong>Homologa\u00e7\u00e3o:<\/strong> Ser\u00e1 encaminhado um e-mail ao\/a inscrito\/a com acesso ao curso na Plataforma e-Projeto.<\/p>\n<p>*Considerando a Pol\u00edtica Nacional de Desenvolvimento de Pessoas, conforme Decreto n\u00ba 9.991\/19, somente ser\u00e3o certificados(as) os(as) servidores(as) p\u00fablicos pertencentes ao Quadro Efetivo da UFPel;<br \/>** Quando homologadas as inscri\u00e7\u00f5es, os(as) selecionados(as) receber\u00e3o e-mail de confirma\u00e7\u00e3o com instru\u00e7\u00f5es.<\/p>\n<p><strong>Observa\u00e7\u00e3o<\/strong>: A homologa\u00e7\u00e3o das inscri\u00e7\u00f5es dos(as) trabalhadores(as) terceirizados ficar\u00e1 condicionada \u00e0 an\u00e1lise pr\u00e9via e manifesta\u00e7\u00e3o por parte do NUGEST\/PRA.<\/p>\n<p><strong><a href=\"https:\/\/wp.ufpel.edu.br\/progep\/inscricoes-e-projeto\/\" target=\"_blank\" rel=\"noopener\">INSCRI\u00c7\u00d5ES AQUI<\/a><\/strong><\/p>\n<p class=\"contatoE-ProjetoStyle\"><strong>Contato:<\/strong> cdp.capacita@ufpel.edu.br<\/p>\n<\/div>\n<\/div>\n<\/div>\n<\/div><\/div>\n","protected":false},"excerpt":{"rendered":"<p>Trilha PGD: Ferramentas para Organiza\u00e7\u00e3o do Trabalho Neste curso ser\u00e1 focado na gest\u00e3o de tempo. Ser\u00e1 apresentado ferramentas para trabalho remoto com equipes, compartilhamento e edi\u00e7\u00e3o. Inscreva-se! Ministrante:\u00a0Andressa Andrade Duquia (T\u00e9cnica-Administrativa em Educa\u00e7\u00e3o\/Pr\u00f3-Reitoria de Gest\u00e3o de Pessoas\/UFPEL) Disponiblidade: 30 dias Carga hor\u00e1ria: 20h Modalidade: Online, sem tutoria. O curso \u00e9 oferecido de forma ass\u00edncrona, deste [&hellip;]<\/p>\n","protected":false},"author":21,"featured_media":0,"parent":0,"menu_order":0,"comment_status":"closed","ping_status":"closed","template":"page-sem-sidebar.php","meta":{"footnotes":""},"class_list":["post-39484","page","type-page","status-publish","hentry"],"_links":{"self":[{"href":"https:\/\/wp.ufpel.edu.br\/progep\/wp-json\/wp\/v2\/pages\/39484","targetHints":{"allow":["GET"]}}],"collection":[{"href":"https:\/\/wp.ufpel.edu.br\/progep\/wp-json\/wp\/v2\/pages"}],"about":[{"href":"https:\/\/wp.ufpel.edu.br\/progep\/wp-json\/wp\/v2\/types\/page"}],"author":[{"embeddable":true,"href":"https:\/\/wp.ufpel.edu.br\/progep\/wp-json\/wp\/v2\/users\/21"}],"replies":[{"embeddable":true,"href":"https:\/\/wp.ufpel.edu.br\/progep\/wp-json\/wp\/v2\/comments?post=39484"}],"version-history":[{"count":3,"href":"https:\/\/wp.ufpel.edu.br\/progep\/wp-json\/wp\/v2\/pages\/39484\/revisions"}],"predecessor-version":[{"id":40511,"href":"https:\/\/wp.ufpel.edu.br\/progep\/wp-json\/wp\/v2\/pages\/39484\/revisions\/40511"}],"wp:attachment":[{"href":"https:\/\/wp.ufpel.edu.br\/progep\/wp-json\/wp\/v2\/media?parent=39484"}],"curies":[{"name":"wp","href":"https:\/\/api.w.org\/{rel}","templated":true}]}}