{"id":39000,"date":"2025-12-02T09:09:08","date_gmt":"2025-12-02T12:09:08","guid":{"rendered":"https:\/\/wp.ufpel.edu.br\/progep\/?page_id=39000"},"modified":"2026-04-02T16:14:09","modified_gmt":"2026-04-02T19:14:09","slug":"cargo-tae-servente-de-limpeza","status":"publish","type":"page","link":"https:\/\/wp.ufpel.edu.br\/progep\/cargo-tae-servente-de-limpeza\/","title":{"rendered":"Cargo TAE: Servente de Limpeza"},"content":{"rendered":"\n<div class=\"wp-block-group\"><div class=\"wp-block-group__inner-container is-layout-constrained wp-block-group-is-layout-constrained\">\n<div class=\"wp-block-group\"><div class=\"wp-block-group__inner-container is-layout-constrained wp-block-group-is-layout-constrained\">\n<div class=\"logoTituloModelStyle\"><img class=\"size-medium wp-image-27184 alignleft\" src=\"https:\/\/wp.ufpel.edu.br\/progep\/files\/2025\/03\/logo-progep_atualizacao-nome_AZUL.png\" alt=\"\" \/><\/p>\n<div><strong>Servente de Limpeza<\/strong><\/div>\n<\/div>\n<hr class=\"hrModelStyle\" \/>\n<div class=\"descriptionModelStyle\">Esta p\u00e1gina apresenta os dados referentes a carreira dos\/as servidores\/as.<\/div>\n<\/div><\/div>\n\n\n\n<div class=\"cargoDescriptionStyle\">\n<div class=\"infoCargo\">N\u00edvel de Classifica\u00e7\u00e3o:\u00a0<strong>A<\/strong><br \/>Denomina\u00e7\u00e3o do cargo:<br \/><strong>Servente de Limpeza<\/strong><br \/>C\u00f3digo CBO: <strong>&#8212;<\/strong><\/div>\n<div class=\"requisitosCargo\"><span style=\"font-size: 16pt;padding-bottom: 0.5rem\"><strong>Requisitos de Qualifica\u00e7\u00e3o para Ingresso no Cargo<\/strong>:<\/span> <br \/><strong>Escolaridade<\/strong>: Alfabetizado<br \/><strong>Outros<\/strong>: (&#8211;)<br \/><strong>Habilita\u00e7\u00e3o Profissional.<\/strong><\/div>\n<div class=\"descSumaryCargo\"><span style=\"font-size: 16pt;font-weight: bold;padding-bottom: 0.5rem\">Descri\u00e7\u00e3o Sum\u00e1ria do Cargo:<\/span> Executar trabalhos de limpeza em geral em edif\u00edcios e outros locais, para manuten\u00e7\u00e3o das condi\u00e7\u00f5es de\nhigiene e conserva\u00e7\u00e3o do ambiente, coletando o lixo.\n<\/div>\n<div class=\"atividadesCargo\"><span style=\"font-size: 16pt;font-weight: bold\">Descri\u00e7\u00e3o de Atividades T\u00edpicas do Cargo:<\/span><br \/>\n\nExecutar os servi\u00e7os de limpeza dos pr\u00e9dios, p\u00e1tios, escrit\u00f3rios, instala\u00e7\u00f5es, salas de aula, etc.<br \/>\n<strong>Efetuar a remo\u00e7\u00e3o de entulhos de lixo.<\/strong><br \/>\nRealizar todas as opera\u00e7\u00f5es referentes \u00e0 movimenta\u00e7\u00e3o de m\u00f3veis e equipamentos, fazendo-o sob orienta\u00e7\u00e3o direta.<br \/>\n<strong>Proceder \u00e0 lavagem de vidra\u00e7as e persianas, ralos, caixa-de-gordura e esgotos, assim como desentupir pias e ralos.<\/strong><br \/>\nProver os sanit\u00e1rios com toalhas, sab\u00e3o e papel higi\u00eanico, removendo os j\u00e1 servidos.<br \/>\n<strong>Informar ao chefe imediato das irregularidades encontradas nas instala\u00e7\u00f5es das depend\u00eancias de trabalho.<\/strong><br \/>\nExecutar outras tarefas de mesma natureza e n\u00edvel de dificuldade.<\/div>\n<\/div>\n\n\n\n<p><\/p>\n<\/div><\/div>\n","protected":false},"excerpt":{"rendered":"<p>Servente de Limpeza Esta p\u00e1gina apresenta os dados referentes a carreira dos\/as servidores\/as. N\u00edvel de Classifica\u00e7\u00e3o:\u00a0ADenomina\u00e7\u00e3o do cargo:Servente de LimpezaC\u00f3digo CBO: &#8212; Requisitos de Qualifica\u00e7\u00e3o para Ingresso no Cargo: Escolaridade: AlfabetizadoOutros: (&#8211;)Habilita\u00e7\u00e3o Profissional. Descri\u00e7\u00e3o Sum\u00e1ria do Cargo: Executar trabalhos de limpeza em geral em edif\u00edcios e outros locais, para manuten\u00e7\u00e3o das condi\u00e7\u00f5es de higiene e [&hellip;]<\/p>\n","protected":false},"author":21,"featured_media":0,"parent":0,"menu_order":0,"comment_status":"closed","ping_status":"closed","template":"","meta":{"footnotes":""},"class_list":["post-39000","page","type-page","status-publish","hentry"],"_links":{"self":[{"href":"https:\/\/wp.ufpel.edu.br\/progep\/wp-json\/wp\/v2\/pages\/39000","targetHints":{"allow":["GET"]}}],"collection":[{"href":"https:\/\/wp.ufpel.edu.br\/progep\/wp-json\/wp\/v2\/pages"}],"about":[{"href":"https:\/\/wp.ufpel.edu.br\/progep\/wp-json\/wp\/v2\/types\/page"}],"author":[{"embeddable":true,"href":"https:\/\/wp.ufpel.edu.br\/progep\/wp-json\/wp\/v2\/users\/21"}],"replies":[{"embeddable":true,"href":"https:\/\/wp.ufpel.edu.br\/progep\/wp-json\/wp\/v2\/comments?post=39000"}],"version-history":[{"count":3,"href":"https:\/\/wp.ufpel.edu.br\/progep\/wp-json\/wp\/v2\/pages\/39000\/revisions"}],"predecessor-version":[{"id":41037,"href":"https:\/\/wp.ufpel.edu.br\/progep\/wp-json\/wp\/v2\/pages\/39000\/revisions\/41037"}],"wp:attachment":[{"href":"https:\/\/wp.ufpel.edu.br\/progep\/wp-json\/wp\/v2\/media?parent=39000"}],"curies":[{"name":"wp","href":"https:\/\/api.w.org\/{rel}","templated":true}]}}