{"id":38735,"date":"2025-12-22T08:52:56","date_gmt":"2025-12-22T11:52:56","guid":{"rendered":"https:\/\/wp.ufpel.edu.br\/progep\/?page_id=38735"},"modified":"2026-01-15T10:49:48","modified_gmt":"2026-01-15T13:49:48","slug":"capacitacao-trilhas-de-formacao","status":"publish","type":"page","link":"https:\/\/wp.ufpel.edu.br\/progep\/capacitacao-trilhas-de-formacao\/","title":{"rendered":"Capacita\u00e7\u00e3o: Trilhas de Forma\u00e7\u00e3o"},"content":{"rendered":"\n<div class=\"wp-block-group\"><div class=\"wp-block-group__inner-container is-layout-constrained wp-block-group-is-layout-constrained\">\n<div class=\"logoTituloModelStyle\"><img class=\"size-medium wp-image-27184 alignleft\" src=\"https:\/\/wp.ufpel.edu.br\/progep\/files\/2025\/03\/logo-progep_atualizacao-nome_AZUL.png\" alt=\"\" \/><\/p>\n<div><strong>Trilhas de Forma\u00e7\u00e3o<\/strong><\/div>\n<\/div>\n<hr class=\"hrModelStyle\" \/>\n<div class=\"descriptionModelStyle\">Confira esta novidade da <strong>PROGEP! As Trilhas de Forma\u00e7\u00e3o<\/strong> re\u00fanem cursos internos e externos para promover mais profundidade e expans\u00e3o na forma\u00e7\u00e3o continuada. Veja abaixo as trilhas que ser\u00e3o lan\u00e7adas em breve.<\/div>\n<\/div><\/div>\n\n<div class=\"trilhasDeFormacaoContainerStyle\">\n\n<a class=\"trilhaDeFormacaoCardStyle\" href=\"#\">\n<img src=\"https:\/\/wp.ufpel.edu.br\/progep\/files\/2023\/01\/PROGEP_Icones-Website_07-Programa-e-Gestao-de-Desempenho.png\" alt=\"Imagem PGD\"> <br \/>\n\n\n<span class=\"trilhaDeFormacaoTitle\">Programa de Gest\u00e3o e Desempenho<\/span><br \/>\n\n<span>Carga hor\u00e1ria: 90h at\u00e9 150h<\/span><br \/>\n<span class=\"botaoStyle\">Confira!<\/span>\n<\/a>\n\n\n<a class=\"trilhaDeFormacaoCardStyle\" href=\"#\">\n<img src=\"https:\/\/wp.ufpel.edu.br\/progep\/files\/2026\/01\/business-concept-with-copy-space-office-desk-table-with-pen-focus-analysis-chart-computer-notebook-cup-coffee-desk-vintage-tone-retro-filter-selective-focus-scaled.jpg\" alt=\"Imagem Administrativa\"><br \/>\n\n\n<span class=\"trilhaDeFormacaoTitle\">Administrativa<\/span><br \/>\n\n<span>Carga hor\u00e1ria: 90h at\u00e9 150h<\/span><br \/>\n<span class=\"botaoStyle\">Confira!<\/span>\n<\/a>\n\n\n\n<a class=\"trilhaDeFormacaoCardStyle\" href=\"#\">\n<img src=\"https:\/\/wp.ufpel.edu.br\/progep\/files\/2026\/01\/6206967-scaled.jpg\" alt=\"Gestores\"><br \/>\n<span class=\"trilhaDeFormacaoTitle\">Gestores<\/span><br \/>\n\n<span>Carga hor\u00e1ria: 90h at\u00e9 150h<\/span><br \/>\n<span class=\"botaoStyle\">Confira!<\/span>\n<\/a>\n\n\n<a class=\"trilhaDeFormacaoCardStyle\" href=\"#\">\n<img src=\"https:\/\/wp.ufpel.edu.br\/progep\/files\/2024\/12\/Escudo-Colorido-UFPEL_10042014.png\" alt=\"Ambienta\u00e7\u00e3o ao Servi\u00e7o P\u00fablico\"><br \/>\n<span class=\"trilhaDeFormacaoTitle\">Ambienta\u00e7\u00e3o ao Servi\u00e7o P\u00fablico<\/span><br \/>\n\n<span>Carga hor\u00e1ria: 90h at\u00e9 150h<\/span><br \/>\n<span class=\"botaoStyle\">Confira!<\/span>\n<\/a>\n\n\n<a class=\"trilhaDeFormacaoCardStyle\" href=\"#\">\n<img src=\"https:\/\/wp.ufpel.edu.br\/progep\/files\/2026\/01\/7933-scaled.jpg\" alt=\"Inclus\u00e3o\"><br \/>\n\n<span class=\"trilhaDeFormacaoTitle\">Inclus\u00e3o e Acessibilidade<\/span><br \/>\n\n<span class=\"infoStyle\">Carga hor\u00e1ria: 90h at\u00e9 150h<\/span><br \/>\n<span class=\"botaoStyle\">Confira!<\/span>\n<\/a>\n<\/div>","protected":false},"excerpt":{"rendered":"<p>Trilhas de Forma\u00e7\u00e3o Confira esta novidade da PROGEP! As Trilhas de Forma\u00e7\u00e3o re\u00fanem cursos internos e externos para promover mais profundidade e expans\u00e3o na forma\u00e7\u00e3o continuada. Veja abaixo as trilhas que ser\u00e3o lan\u00e7adas em breve. Programa de Gest\u00e3o e Desempenho Carga hor\u00e1ria: 90h at\u00e9 150h Confira! Administrativa Carga hor\u00e1ria: 90h at\u00e9 150h Confira! Gestores Carga [&hellip;]<\/p>\n","protected":false},"author":21,"featured_media":0,"parent":0,"menu_order":0,"comment_status":"closed","ping_status":"closed","template":"page-sem-sidebar.php","meta":{"footnotes":""},"class_list":["post-38735","page","type-page","status-publish","hentry"],"_links":{"self":[{"href":"https:\/\/wp.ufpel.edu.br\/progep\/wp-json\/wp\/v2\/pages\/38735","targetHints":{"allow":["GET"]}}],"collection":[{"href":"https:\/\/wp.ufpel.edu.br\/progep\/wp-json\/wp\/v2\/pages"}],"about":[{"href":"https:\/\/wp.ufpel.edu.br\/progep\/wp-json\/wp\/v2\/types\/page"}],"author":[{"embeddable":true,"href":"https:\/\/wp.ufpel.edu.br\/progep\/wp-json\/wp\/v2\/users\/21"}],"replies":[{"embeddable":true,"href":"https:\/\/wp.ufpel.edu.br\/progep\/wp-json\/wp\/v2\/comments?post=38735"}],"version-history":[{"count":3,"href":"https:\/\/wp.ufpel.edu.br\/progep\/wp-json\/wp\/v2\/pages\/38735\/revisions"}],"predecessor-version":[{"id":40089,"href":"https:\/\/wp.ufpel.edu.br\/progep\/wp-json\/wp\/v2\/pages\/38735\/revisions\/40089"}],"wp:attachment":[{"href":"https:\/\/wp.ufpel.edu.br\/progep\/wp-json\/wp\/v2\/media?parent=38735"}],"curies":[{"name":"wp","href":"https:\/\/api.w.org\/{rel}","templated":true}]}}