{"id":38731,"date":"2025-12-10T17:52:12","date_gmt":"2025-12-10T20:52:12","guid":{"rendered":"https:\/\/wp.ufpel.edu.br\/progep\/?page_id=38731"},"modified":"2026-01-15T11:26:31","modified_gmt":"2026-01-15T14:26:31","slug":"capacitacao-programa-mulheres-lideres-2","status":"publish","type":"page","link":"https:\/\/wp.ufpel.edu.br\/progep\/capacitacao-programa-mulheres-lideres-2\/","title":{"rendered":"Capacita\u00e7\u00e3o: Programa Mulheres L\u00edderes"},"content":{"rendered":"\n<div class=\"wp-block-group\"><div class=\"wp-block-group__inner-container is-layout-constrained wp-block-group-is-layout-constrained\">\n<div class=\"logoTituloModelStyle\"><img class=\"size-medium wp-image-27184 alignleft\" src=\"https:\/\/wp.ufpel.edu.br\/progep\/files\/2025\/03\/logo-progep_atualizacao-nome_AZUL.png\" alt=\"\" \/><\/p>\n<div><strong>Programa Mulheres L\u00edderes<\/strong><\/div>\n<\/div>\n<hr class=\"hrModelStyle\" \/>\n<div class=\"descriptionModelStyle\">O <strong>Programa Mulheres L\u00edderes<\/strong> tem o intuito de reconhecer, valorizar e estimular a trajet\u00f3ria profissional de mulheres na Universidade, bem como capacit\u00e1-las para o desenvolvimento das compet\u00eancias governamentais, institucionais e gerenciais priorit\u00e1rias para o desempenho das atividades de gest\u00e3o.<\/div>\n<div class=\"titleComumStyle\">Em breve a programa\u00e7\u00e3o de 2026.<\/div>\n<div class=\"pmlBlock\">\n<div class=\"monthPLM marchPML\">MAR\u00c7O<\/div>\n<div class=\"contentPML\">\nA\u00e7\u00f5es em breve!\n<\/div>\n<\/div>\n\n\n<div class=\"pmlBlock\">\n<div class=\"monthPLM junePML\">JULHO<\/div>\n<div class=\"contentPML\">\nA\u00e7\u00f5es em breve!\n<\/div>\n<\/div>\n\n\n<div class=\"pmlBlock\">\n<div class=\"monthPLM octoberPML\">OUTUBRO<\/div>\n<div class=\"contentPML\">\nA\u00e7\u00f5es em breve!\n<\/div>\n<\/div>\n\n<div class=\"titleComumStyle\"> Confira edi\u00e7\u00f5es anteriores:<\/div>\n<\/div><\/div>\n","protected":false},"excerpt":{"rendered":"<p>Programa Mulheres L\u00edderes O Programa Mulheres L\u00edderes tem o intuito de reconhecer, valorizar e estimular a trajet\u00f3ria profissional de mulheres na Universidade, bem como capacit\u00e1-las para o desenvolvimento das compet\u00eancias governamentais, institucionais e gerenciais priorit\u00e1rias para o desempenho das atividades de gest\u00e3o. Em breve a programa\u00e7\u00e3o de 2026. MAR\u00c7O A\u00e7\u00f5es em breve! JULHO A\u00e7\u00f5es em [&hellip;]<\/p>\n","protected":false},"author":21,"featured_media":0,"parent":0,"menu_order":0,"comment_status":"closed","ping_status":"closed","template":"","meta":{"footnotes":""},"class_list":["post-38731","page","type-page","status-publish","hentry"],"_links":{"self":[{"href":"https:\/\/wp.ufpel.edu.br\/progep\/wp-json\/wp\/v2\/pages\/38731","targetHints":{"allow":["GET"]}}],"collection":[{"href":"https:\/\/wp.ufpel.edu.br\/progep\/wp-json\/wp\/v2\/pages"}],"about":[{"href":"https:\/\/wp.ufpel.edu.br\/progep\/wp-json\/wp\/v2\/types\/page"}],"author":[{"embeddable":true,"href":"https:\/\/wp.ufpel.edu.br\/progep\/wp-json\/wp\/v2\/users\/21"}],"replies":[{"embeddable":true,"href":"https:\/\/wp.ufpel.edu.br\/progep\/wp-json\/wp\/v2\/comments?post=38731"}],"version-history":[{"count":3,"href":"https:\/\/wp.ufpel.edu.br\/progep\/wp-json\/wp\/v2\/pages\/38731\/revisions"}],"predecessor-version":[{"id":40137,"href":"https:\/\/wp.ufpel.edu.br\/progep\/wp-json\/wp\/v2\/pages\/38731\/revisions\/40137"}],"wp:attachment":[{"href":"https:\/\/wp.ufpel.edu.br\/progep\/wp-json\/wp\/v2\/media?parent=38731"}],"curies":[{"name":"wp","href":"https:\/\/api.w.org\/{rel}","templated":true}]}}