{"id":37645,"date":"2025-10-06T16:01:18","date_gmt":"2025-10-06T19:01:18","guid":{"rendered":"https:\/\/wp.ufpel.edu.br\/progep\/?page_id=37645"},"modified":"2025-10-20T17:38:16","modified_gmt":"2025-10-20T20:38:16","slug":"galeria-albuns-programa-mulheres-lideres","status":"publish","type":"page","link":"https:\/\/wp.ufpel.edu.br\/progep\/galeria-albuns-programa-mulheres-lideres\/","title":{"rendered":"Galeria: Cole\u00e7\u00e3o Programa Mulheres L\u00edderes"},"content":{"rendered":"\n<div class=\"wp-block-group\"><div class=\"wp-block-group__inner-container is-layout-constrained wp-block-group-is-layout-constrained\">\n<div class=\"logoTituloModelStyle\"><img class=\"size-medium wp-image-27184 alignleft\" src=\"https:\/\/wp.ufpel.edu.br\/progep\/files\/2025\/03\/logo-progep_atualizacao-nome_AZUL.png\" alt=\"\" \/><\/p>\n<div style=\"padding: 2.5rem\"><strong>Cole\u00e7\u00e3o do Programa Mulheres L\u00edderes<\/strong><\/div>\n<\/div>\n<hr class=\"hrModelStyle\" \/>\n<div class=\"descriptionModelStyle\">Confira nesta p\u00e1gina os \u00e1lbuns de fotos das atividades do Programa Mulheres L\u00edderes 2025<\/div>\n<\/div><\/div>\n\n\n<div class=\"galleriaDaPROGEP \">\n       \n         <div class=\"blocoPrincipal\"> \n            <div class=\"coluna-esquerda\">\n                <div class=\"imagem-principal mes-servidor\">\n                    <img src=\"https:\/\/wp.ufpel.edu.br\/progep\/files\/2025\/10\/WhatsApp-Image-2025-10-02-at-11.19.59.jpeg\" alt=\"Logo M\u00eas da Pessoa Servidora UFPEL\">\n                <\/div>  \n\n            <\/div>\n            <div class=\"coluna-direita\">\n                <h2 style=\"text-align: center\">Programa Mulheres L\u00edderes 2025<\/h2>\n                <a href=\"https:\/\/wp.ufpel.edu.br\/progep\/album-programa-mulheres-lideres\/\">Confira o \u00e1lbum das a\u00e7\u00f5es de 2025!<\/a>\n            <\/div>\n\n        <\/div>\n\n\n    <div class=\"albunsProgep\">\n       \n        <div class=\"cardVerticalGaleria\" style=\"background-image: linear-gradient(-20deg, #d558c8 0%, #24d292 100%);color: white\"> \n          <img src=\"https:\/\/wp.ufpel.edu.br\/progep\/files\/2025\/10\/WhatsApp-Image-2025-10-02-at-09.59.37.jpeg\" alt=\"Logo M\u00eas da Pessoa Servidora UFPEL\">\n                <div class=\"titleComumStyle\">Programa Mulheres L\u00edderes<\/div>               \n<div style=\"text-align: justify;padding: 0 2rem\">Confira o \u00e1lbum de fotos da    Edi\u00e7\u00e3o Especial do Programa Mulheres L\u00edderes: Encontro de Gestoras da UFPel<\/div>\n                   <a href=\"https:\/\/wp.ufpel.edu.br\/progep\/galeria-da-progep-album-abertura-do-mes-da-pessoa-servidora-ufpel\/\">Confira este \u00e1lbum da PROGEP!<\/a>\n        <\/div>\n\n\n<\/div>\n\n\n<\/div>\n","protected":false},"excerpt":{"rendered":"<p>Cole\u00e7\u00e3o do Programa Mulheres L\u00edderes Confira nesta p\u00e1gina os \u00e1lbuns de fotos das atividades do Programa Mulheres L\u00edderes 2025 Programa Mulheres L\u00edderes 2025 Confira o \u00e1lbum das a\u00e7\u00f5es de 2025! Programa Mulheres L\u00edderes Confira o \u00e1lbum de fotos da Edi\u00e7\u00e3o Especial do Programa Mulheres L\u00edderes: Encontro de Gestoras da UFPel Confira este \u00e1lbum da PROGEP!<\/p>\n","protected":false},"author":21,"featured_media":0,"parent":0,"menu_order":0,"comment_status":"closed","ping_status":"closed","template":"page-sem-sidebar.php","meta":{"footnotes":""},"class_list":["post-37645","page","type-page","status-publish","hentry"],"_links":{"self":[{"href":"https:\/\/wp.ufpel.edu.br\/progep\/wp-json\/wp\/v2\/pages\/37645","targetHints":{"allow":["GET"]}}],"collection":[{"href":"https:\/\/wp.ufpel.edu.br\/progep\/wp-json\/wp\/v2\/pages"}],"about":[{"href":"https:\/\/wp.ufpel.edu.br\/progep\/wp-json\/wp\/v2\/types\/page"}],"author":[{"embeddable":true,"href":"https:\/\/wp.ufpel.edu.br\/progep\/wp-json\/wp\/v2\/users\/21"}],"replies":[{"embeddable":true,"href":"https:\/\/wp.ufpel.edu.br\/progep\/wp-json\/wp\/v2\/comments?post=37645"}],"version-history":[{"count":3,"href":"https:\/\/wp.ufpel.edu.br\/progep\/wp-json\/wp\/v2\/pages\/37645\/revisions"}],"predecessor-version":[{"id":38325,"href":"https:\/\/wp.ufpel.edu.br\/progep\/wp-json\/wp\/v2\/pages\/37645\/revisions\/38325"}],"wp:attachment":[{"href":"https:\/\/wp.ufpel.edu.br\/progep\/wp-json\/wp\/v2\/media?parent=37645"}],"curies":[{"name":"wp","href":"https:\/\/api.w.org\/{rel}","templated":true}]}}