{"id":37541,"date":"2025-10-02T11:15:53","date_gmt":"2025-10-02T14:15:53","guid":{"rendered":"https:\/\/wp.ufpel.edu.br\/progep\/?page_id=37541"},"modified":"2025-10-07T16:21:37","modified_gmt":"2025-10-07T19:21:37","slug":"galeria-da-progep-album-abertura-do-mes-da-pessoa-servidora-ufpel","status":"publish","type":"page","link":"https:\/\/wp.ufpel.edu.br\/progep\/galeria-da-progep-album-abertura-do-mes-da-pessoa-servidora-ufpel\/","title":{"rendered":"Galeria da PROGEP: \u00c1lbum Programa Mulheres L\u00edderes: Encontro de Gestoras da UFPel"},"content":{"rendered":"\n<div class=\"wp-block-group\"><div class=\"wp-block-group__inner-container is-layout-constrained wp-block-group-is-layout-constrained\">\n<div class=\"logoTituloModelStyle\"><img class=\"size-medium wp-image-27184 alignleft\" src=\"https:\/\/wp.ufpel.edu.br\/progep\/files\/2025\/03\/logo-progep_atualizacao-nome_AZUL.png\" alt=\"\" \/>\n<div style=\"padding: 2rem 0\"><strong>\u00c1lbum: Programa Mulheres L\u00edderes: Encontro de Gestoras da UFPel<\/strong><\/div>\n<\/div>\n<hr class=\"hrModelStyle\" \/>\n<div class=\"descriptionModelStyle\">Confira nesta p\u00e1gina o \u00e1lbum de fotos de <strong>Programa Mulheres L\u00edderes<\/strong>: Edi\u00e7\u00e3o especial: Encontro de Gestoras da UFPel, ocorrida no dia 01 de outubro\u00a0de\u00a02025.<\/div>\n<\/div><\/div>\n\n\n<style>.wp-block-kadence-advancedgallery.kb-gallery-wrap-id-37541_8e4c93-29{margin-top:var(--global-kb-spacing-md, 2rem);margin-right:var(--global-kb-spacing-xs, 1rem);margin-bottom:var(--global-kb-spacing-xs, 1rem);margin-left:var(--global-kb-spacing-xs, 1rem);}.wp-block-kadence-advancedgallery .kb-gallery-type-masonry.kb-gallery-id-37541_8e4c93-29{margin:-16px;}.kb-gallery-type-masonry.kb-gallery-id-37541_8e4c93-29 .kadence-blocks-gallery-item{padding:16px;}.kb-gallery-id-37541_8e4c93-29 .kadence-blocks-gallery-item .kb-gal-image-radius, .kb-gallery-id-37541_8e4c93-29 .kb-slide-item .kb-gal-image-radius img{border-radius:0px 0px 0px 0px;;}.wp-block-kadence-advancedgallery.kb-gallery-wrap-id-37541_8e4c93-29{overflow:visible;}.kb-gallery-id-37541_8e4c93-29 .kadence-blocks-gallery-item .kb-gal-image-radius, .kb-gallery-id-37541_8e4c93-29 .kadence-blocks-gallery-thumb-item .kb-gal-image-radius{box-shadow:0px 0px 60px 5px rgba(0, 0, 0, 0.2);}.kb-gallery-id-37541_8e4c93-29 .kadence-blocks-gallery-item:hover .kb-gal-image-radius, .kb-gallery-id-37541_8e4c93-29 .kadence-blocks-gallery-thumb-item:hover .kb-gal-image-radius{box-shadow:-15px -15px 0px 0px rgba(0, 0, 0, 0.2);}<\/style><div class=\"kb-gallery-wrap-id-37541_8e4c93-29 alignnone wp-block-kadence-advancedgallery\"><ul class=\"kb-gallery-ul kb-gallery-non-static kb-gallery-type-masonry kb-masonry-init kb-gallery-id-37541_8e4c93-29 kb-gallery-caption-style-bottom-hover kb-gallery-filter-none kb-gallery-magnific-init\" data-image-filter=\"none\" data-item-selector=\".kadence-blocks-gallery-item\" data-lightbox-caption=\"true\" data-columns-xxl=\"3\" data-columns-xl=\"3\" data-columns-md=\"3\" data-columns-sm=\"2\" data-columns-xs=\"1\" data-columns-ss=\"1\"><li class=\"kadence-blocks-gallery-item\"><div class=\"kadence-blocks-gallery-item-inner\"><figure class=\"kb-gallery-figure kb-gallery-item-has-link kadence-blocks-gallery-item-hide-caption\"><a href=\"https:\/\/wp.ufpel.edu.br\/progep\/files\/2025\/10\/WhatsApp-Image-2025-10-02-at-11.18.44.jpeg\" data-description=\"Apresenta\u00e7\u00e3o de Piano\n\" class=\"kb-gallery-item-link\"  ><div class=\"kb-gal-image-radius\" style=\"max-width:1024px;\"><div class=\"kb-gallery-image-contain kadence-blocks-gallery-intrinsic\" style=\"padding-bottom:56%;\"><img src=\"https:\/\/wp.ufpel.edu.br\/progep\/files\/2025\/10\/WhatsApp-Image-2025-10-02-at-11.18.44-1024x576.jpeg\" width=\"1024\" height=\"576\" alt=\"\" data-full-image=\"https:\/\/wp.ufpel.edu.br\/progep\/files\/2025\/10\/WhatsApp-Image-2025-10-02-at-11.18.44.jpeg\" data-light-image=\"https:\/\/wp.ufpel.edu.br\/progep\/files\/2025\/10\/WhatsApp-Image-2025-10-02-at-11.18.44.jpeg\" data-id=\"37552\" class=\"wp-image-37552\" srcset=\"https:\/\/wp.ufpel.edu.br\/progep\/files\/2025\/10\/WhatsApp-Image-2025-10-02-at-11.18.44-1024x576.jpeg 1024w, https:\/\/wp.ufpel.edu.br\/progep\/files\/2025\/10\/WhatsApp-Image-2025-10-02-at-11.18.44-400x225.jpeg 400w, https:\/\/wp.ufpel.edu.br\/progep\/files\/2025\/10\/WhatsApp-Image-2025-10-02-at-11.18.44-768x432.jpeg 768w, https:\/\/wp.ufpel.edu.br\/progep\/files\/2025\/10\/WhatsApp-Image-2025-10-02-at-11.18.44.jpeg 1280w\" sizes=\"(max-width: 1024px) 100vw, 1024px\" \/><\/div><\/div><\/a><\/figure><\/div><\/li><li class=\"kadence-blocks-gallery-item\"><div class=\"kadence-blocks-gallery-item-inner\"><figure class=\"kb-gallery-figure kb-gallery-item-has-link kadence-blocks-gallery-item-hide-caption\"><a href=\"https:\/\/wp.ufpel.edu.br\/progep\/files\/2025\/10\/WhatsApp-Image-2025-10-03-at-08.57.06.jpeg\" class=\"kb-gallery-item-link\"  ><div class=\"kb-gal-image-radius\" style=\"max-width:768px;\"><div class=\"kb-gallery-image-contain kadence-blocks-gallery-intrinsic\" style=\"padding-bottom:133%;\"><img src=\"https:\/\/wp.ufpel.edu.br\/progep\/files\/2025\/10\/WhatsApp-Image-2025-10-03-at-08.57.06-768x1024.jpeg\" width=\"768\" height=\"1024\" alt=\"\" data-full-image=\"https:\/\/wp.ufpel.edu.br\/progep\/files\/2025\/10\/WhatsApp-Image-2025-10-03-at-08.57.06.jpeg\" data-light-image=\"https:\/\/wp.ufpel.edu.br\/progep\/files\/2025\/10\/WhatsApp-Image-2025-10-03-at-08.57.06.jpeg\" data-id=\"37577\" class=\"wp-image-37577\" srcset=\"https:\/\/wp.ufpel.edu.br\/progep\/files\/2025\/10\/WhatsApp-Image-2025-10-03-at-08.57.06-768x1024.jpeg 768w, https:\/\/wp.ufpel.edu.br\/progep\/files\/2025\/10\/WhatsApp-Image-2025-10-03-at-08.57.06-300x400.jpeg 300w, https:\/\/wp.ufpel.edu.br\/progep\/files\/2025\/10\/WhatsApp-Image-2025-10-03-at-08.57.06.jpeg 960w\" sizes=\"(max-width: 768px) 100vw, 768px\" \/><\/div><\/div><\/a><\/figure><\/div><\/li><li class=\"kadence-blocks-gallery-item\"><div class=\"kadence-blocks-gallery-item-inner\"><figure class=\"kb-gallery-figure kb-gallery-item-has-link kadence-blocks-gallery-item-hide-caption\"><a href=\"https:\/\/wp.ufpel.edu.br\/progep\/files\/2025\/10\/WhatsApp-Image-2025-10-02-at-09.59.37-2.jpeg\" class=\"kb-gallery-item-link\"  ><div class=\"kb-gal-image-radius\" style=\"max-width:1024px;\"><div class=\"kb-gallery-image-contain kadence-blocks-gallery-intrinsic\" style=\"padding-bottom:59%;\"><img src=\"https:\/\/wp.ufpel.edu.br\/progep\/files\/2025\/10\/WhatsApp-Image-2025-10-02-at-09.59.37-2-1024x614.jpeg\" width=\"1024\" height=\"614\" alt=\"\" data-full-image=\"https:\/\/wp.ufpel.edu.br\/progep\/files\/2025\/10\/WhatsApp-Image-2025-10-02-at-09.59.37-2.jpeg\" data-light-image=\"https:\/\/wp.ufpel.edu.br\/progep\/files\/2025\/10\/WhatsApp-Image-2025-10-02-at-09.59.37-2.jpeg\" data-id=\"37558\" class=\"wp-image-37558\" srcset=\"https:\/\/wp.ufpel.edu.br\/progep\/files\/2025\/10\/WhatsApp-Image-2025-10-02-at-09.59.37-2-1024x614.jpeg 1024w, https:\/\/wp.ufpel.edu.br\/progep\/files\/2025\/10\/WhatsApp-Image-2025-10-02-at-09.59.37-2-400x240.jpeg 400w, https:\/\/wp.ufpel.edu.br\/progep\/files\/2025\/10\/WhatsApp-Image-2025-10-02-at-09.59.37-2-768x460.jpeg 768w, https:\/\/wp.ufpel.edu.br\/progep\/files\/2025\/10\/WhatsApp-Image-2025-10-02-at-09.59.37-2-1536x921.jpeg 1536w, https:\/\/wp.ufpel.edu.br\/progep\/files\/2025\/10\/WhatsApp-Image-2025-10-02-at-09.59.37-2.jpeg 1600w\" sizes=\"(max-width: 1024px) 100vw, 1024px\" \/><\/div><\/div><\/a><\/figure><\/div><\/li><li class=\"kadence-blocks-gallery-item\"><div class=\"kadence-blocks-gallery-item-inner\"><figure class=\"kb-gallery-figure kb-gallery-item-has-link kadence-blocks-gallery-item-hide-caption\"><a href=\"https:\/\/wp.ufpel.edu.br\/progep\/files\/2025\/10\/WhatsApp-Image-2025-10-03-at-09.36.44.jpeg\" class=\"kb-gallery-item-link\"  ><div class=\"kb-gal-image-radius\" style=\"max-width:576px;\"><div class=\"kb-gallery-image-contain kadence-blocks-gallery-intrinsic\" style=\"padding-bottom:177%;\"><img src=\"https:\/\/wp.ufpel.edu.br\/progep\/files\/2025\/10\/WhatsApp-Image-2025-10-03-at-09.36.44-576x1024.jpeg\" width=\"576\" height=\"1024\" alt=\"\" data-full-image=\"https:\/\/wp.ufpel.edu.br\/progep\/files\/2025\/10\/WhatsApp-Image-2025-10-03-at-09.36.44.jpeg\" data-light-image=\"https:\/\/wp.ufpel.edu.br\/progep\/files\/2025\/10\/WhatsApp-Image-2025-10-03-at-09.36.44.jpeg\" data-id=\"37583\" class=\"wp-image-37583\" srcset=\"https:\/\/wp.ufpel.edu.br\/progep\/files\/2025\/10\/WhatsApp-Image-2025-10-03-at-09.36.44-576x1024.jpeg 576w, https:\/\/wp.ufpel.edu.br\/progep\/files\/2025\/10\/WhatsApp-Image-2025-10-03-at-09.36.44-225x400.jpeg 225w, https:\/\/wp.ufpel.edu.br\/progep\/files\/2025\/10\/WhatsApp-Image-2025-10-03-at-09.36.44.jpeg 720w\" sizes=\"(max-width: 576px) 100vw, 576px\" \/><\/div><\/div><\/a><\/figure><\/div><\/li><li class=\"kadence-blocks-gallery-item\"><div class=\"kadence-blocks-gallery-item-inner\"><figure class=\"kb-gallery-figure kb-gallery-item-has-link kadence-blocks-gallery-item-hide-caption\"><a href=\"https:\/\/wp.ufpel.edu.br\/progep\/files\/2025\/10\/WhatsApp-Image-2025-10-03-at-08.54.52.jpeg\" class=\"kb-gallery-item-link\"  ><div class=\"kb-gal-image-radius\" style=\"max-width:461px;\"><div class=\"kb-gallery-image-contain kadence-blocks-gallery-intrinsic\" style=\"padding-bottom:222%;\"><img src=\"https:\/\/wp.ufpel.edu.br\/progep\/files\/2025\/10\/WhatsApp-Image-2025-10-03-at-08.54.52-461x1024.jpeg\" width=\"461\" height=\"1024\" alt=\"\" data-full-image=\"https:\/\/wp.ufpel.edu.br\/progep\/files\/2025\/10\/WhatsApp-Image-2025-10-03-at-08.54.52.jpeg\" data-light-image=\"https:\/\/wp.ufpel.edu.br\/progep\/files\/2025\/10\/WhatsApp-Image-2025-10-03-at-08.54.52.jpeg\" data-id=\"37580\" class=\"wp-image-37580\" srcset=\"https:\/\/wp.ufpel.edu.br\/progep\/files\/2025\/10\/WhatsApp-Image-2025-10-03-at-08.54.52-461x1024.jpeg 461w, https:\/\/wp.ufpel.edu.br\/progep\/files\/2025\/10\/WhatsApp-Image-2025-10-03-at-08.54.52-180x400.jpeg 180w, https:\/\/wp.ufpel.edu.br\/progep\/files\/2025\/10\/WhatsApp-Image-2025-10-03-at-08.54.52-692x1536.jpeg 692w, https:\/\/wp.ufpel.edu.br\/progep\/files\/2025\/10\/WhatsApp-Image-2025-10-03-at-08.54.52.jpeg 721w\" sizes=\"(max-width: 461px) 100vw, 461px\" \/><\/div><\/div><\/a><\/figure><\/div><\/li><li class=\"kadence-blocks-gallery-item\"><div class=\"kadence-blocks-gallery-item-inner\"><figure class=\"kb-gallery-figure kb-gallery-item-has-link kadence-blocks-gallery-item-hide-caption\"><a href=\"https:\/\/wp.ufpel.edu.br\/progep\/files\/2025\/10\/WhatsApp-Image-2025-10-02-at-11.21.37.jpeg\" class=\"kb-gallery-item-link\"  ><div class=\"kb-gal-image-radius\" style=\"max-width:461px;\"><div class=\"kb-gallery-image-contain kadence-blocks-gallery-intrinsic\" style=\"padding-bottom:222%;\"><img src=\"https:\/\/wp.ufpel.edu.br\/progep\/files\/2025\/10\/WhatsApp-Image-2025-10-02-at-11.21.37-461x1024.jpeg\" width=\"461\" height=\"1024\" alt=\"\" data-full-image=\"https:\/\/wp.ufpel.edu.br\/progep\/files\/2025\/10\/WhatsApp-Image-2025-10-02-at-11.21.37.jpeg\" data-light-image=\"https:\/\/wp.ufpel.edu.br\/progep\/files\/2025\/10\/WhatsApp-Image-2025-10-02-at-11.21.37.jpeg\" data-id=\"37548\" class=\"wp-image-37548\" srcset=\"https:\/\/wp.ufpel.edu.br\/progep\/files\/2025\/10\/WhatsApp-Image-2025-10-02-at-11.21.37-461x1024.jpeg 461w, https:\/\/wp.ufpel.edu.br\/progep\/files\/2025\/10\/WhatsApp-Image-2025-10-02-at-11.21.37-180x400.jpeg 180w, https:\/\/wp.ufpel.edu.br\/progep\/files\/2025\/10\/WhatsApp-Image-2025-10-02-at-11.21.37-692x1536.jpeg 692w, https:\/\/wp.ufpel.edu.br\/progep\/files\/2025\/10\/WhatsApp-Image-2025-10-02-at-11.21.37.jpeg 721w\" sizes=\"(max-width: 461px) 100vw, 461px\" \/><\/div><\/div><\/a><\/figure><\/div><\/li><li class=\"kadence-blocks-gallery-item\"><div class=\"kadence-blocks-gallery-item-inner\"><figure class=\"kb-gallery-figure kb-gallery-item-has-link kadence-blocks-gallery-item-hide-caption\"><a href=\"https:\/\/wp.ufpel.edu.br\/progep\/files\/2025\/10\/WhatsApp-Image-2025-10-02-at-11.23.02.jpeg\" class=\"kb-gallery-item-link\"  ><div class=\"kb-gal-image-radius\" style=\"max-width:768px;\"><div class=\"kb-gallery-image-contain kadence-blocks-gallery-intrinsic\" style=\"padding-bottom:133%;\"><img src=\"https:\/\/wp.ufpel.edu.br\/progep\/files\/2025\/10\/WhatsApp-Image-2025-10-02-at-11.23.02-768x1024.jpeg\" width=\"768\" height=\"1024\" alt=\"\" data-full-image=\"https:\/\/wp.ufpel.edu.br\/progep\/files\/2025\/10\/WhatsApp-Image-2025-10-02-at-11.23.02.jpeg\" data-light-image=\"https:\/\/wp.ufpel.edu.br\/progep\/files\/2025\/10\/WhatsApp-Image-2025-10-02-at-11.23.02.jpeg\" data-id=\"37551\" class=\"wp-image-37551\" srcset=\"https:\/\/wp.ufpel.edu.br\/progep\/files\/2025\/10\/WhatsApp-Image-2025-10-02-at-11.23.02-768x1024.jpeg 768w, https:\/\/wp.ufpel.edu.br\/progep\/files\/2025\/10\/WhatsApp-Image-2025-10-02-at-11.23.02-300x400.jpeg 300w, https:\/\/wp.ufpel.edu.br\/progep\/files\/2025\/10\/WhatsApp-Image-2025-10-02-at-11.23.02-1152x1536.jpeg 1152w, https:\/\/wp.ufpel.edu.br\/progep\/files\/2025\/10\/WhatsApp-Image-2025-10-02-at-11.23.02.jpeg 1200w\" sizes=\"(max-width: 768px) 100vw, 768px\" \/><\/div><\/div><\/a><\/figure><\/div><\/li><li class=\"kadence-blocks-gallery-item\"><div class=\"kadence-blocks-gallery-item-inner\"><figure class=\"kb-gallery-figure kb-gallery-item-has-link kadence-blocks-gallery-item-hide-caption\"><a href=\"https:\/\/wp.ufpel.edu.br\/progep\/files\/2025\/10\/WhatsApp-Image-2025-10-02-at-11.23.17.jpeg\" class=\"kb-gallery-item-link\"  ><div class=\"kb-gal-image-radius\" style=\"max-width:1024px;\"><div class=\"kb-gallery-image-contain kadence-blocks-gallery-intrinsic\" style=\"padding-bottom:75%;\"><img src=\"https:\/\/wp.ufpel.edu.br\/progep\/files\/2025\/10\/WhatsApp-Image-2025-10-02-at-11.23.17-1024x768.jpeg\" width=\"1024\" height=\"768\" alt=\"\" data-full-image=\"https:\/\/wp.ufpel.edu.br\/progep\/files\/2025\/10\/WhatsApp-Image-2025-10-02-at-11.23.17.jpeg\" data-light-image=\"https:\/\/wp.ufpel.edu.br\/progep\/files\/2025\/10\/WhatsApp-Image-2025-10-02-at-11.23.17.jpeg\" data-id=\"37550\" class=\"wp-image-37550\" srcset=\"https:\/\/wp.ufpel.edu.br\/progep\/files\/2025\/10\/WhatsApp-Image-2025-10-02-at-11.23.17-1024x768.jpeg 1024w, https:\/\/wp.ufpel.edu.br\/progep\/files\/2025\/10\/WhatsApp-Image-2025-10-02-at-11.23.17-400x300.jpeg 400w, https:\/\/wp.ufpel.edu.br\/progep\/files\/2025\/10\/WhatsApp-Image-2025-10-02-at-11.23.17-768x576.jpeg 768w, https:\/\/wp.ufpel.edu.br\/progep\/files\/2025\/10\/WhatsApp-Image-2025-10-02-at-11.23.17-1536x1152.jpeg 1536w, https:\/\/wp.ufpel.edu.br\/progep\/files\/2025\/10\/WhatsApp-Image-2025-10-02-at-11.23.17.jpeg 1600w\" sizes=\"(max-width: 1024px) 100vw, 1024px\" \/><\/div><\/div><\/a><\/figure><\/div><\/li><li class=\"kadence-blocks-gallery-item\"><div class=\"kadence-blocks-gallery-item-inner\"><figure class=\"kb-gallery-figure kb-gallery-item-has-link kadence-blocks-gallery-item-hide-caption\"><a href=\"https:\/\/wp.ufpel.edu.br\/progep\/files\/2025\/10\/WhatsApp-Image-2025-10-02-at-11.22.01.jpeg\" class=\"kb-gallery-item-link\"  ><div class=\"kb-gal-image-radius\" style=\"max-width:768px;\"><div class=\"kb-gallery-image-contain kadence-blocks-gallery-intrinsic\" style=\"padding-bottom:133%;\"><img src=\"https:\/\/wp.ufpel.edu.br\/progep\/files\/2025\/10\/WhatsApp-Image-2025-10-02-at-11.22.01-768x1024.jpeg\" width=\"768\" height=\"1024\" alt=\"\" data-full-image=\"https:\/\/wp.ufpel.edu.br\/progep\/files\/2025\/10\/WhatsApp-Image-2025-10-02-at-11.22.01.jpeg\" data-light-image=\"https:\/\/wp.ufpel.edu.br\/progep\/files\/2025\/10\/WhatsApp-Image-2025-10-02-at-11.22.01.jpeg\" data-id=\"37549\" class=\"wp-image-37549\" srcset=\"https:\/\/wp.ufpel.edu.br\/progep\/files\/2025\/10\/WhatsApp-Image-2025-10-02-at-11.22.01-768x1024.jpeg 768w, https:\/\/wp.ufpel.edu.br\/progep\/files\/2025\/10\/WhatsApp-Image-2025-10-02-at-11.22.01-300x400.jpeg 300w, https:\/\/wp.ufpel.edu.br\/progep\/files\/2025\/10\/WhatsApp-Image-2025-10-02-at-11.22.01.jpeg 960w\" sizes=\"(max-width: 768px) 100vw, 768px\" \/><\/div><\/div><\/a><\/figure><\/div><\/li><li class=\"kadence-blocks-gallery-item\"><div class=\"kadence-blocks-gallery-item-inner\"><figure class=\"kb-gallery-figure kb-gallery-item-has-link kadence-blocks-gallery-item-hide-caption\"><a href=\"https:\/\/wp.ufpel.edu.br\/progep\/files\/2025\/10\/WhatsApp-Image-2025-10-03-at-08.55.40.jpeg\" class=\"kb-gallery-item-link\"  ><div class=\"kb-gal-image-radius\" style=\"max-width:768px;\"><div class=\"kb-gallery-image-contain kadence-blocks-gallery-intrinsic\" style=\"padding-bottom:133%;\"><img src=\"https:\/\/wp.ufpel.edu.br\/progep\/files\/2025\/10\/WhatsApp-Image-2025-10-03-at-08.55.40-768x1024.jpeg\" width=\"768\" height=\"1024\" alt=\"\" data-full-image=\"https:\/\/wp.ufpel.edu.br\/progep\/files\/2025\/10\/WhatsApp-Image-2025-10-03-at-08.55.40.jpeg\" data-light-image=\"https:\/\/wp.ufpel.edu.br\/progep\/files\/2025\/10\/WhatsApp-Image-2025-10-03-at-08.55.40.jpeg\" data-id=\"37578\" class=\"wp-image-37578\" srcset=\"https:\/\/wp.ufpel.edu.br\/progep\/files\/2025\/10\/WhatsApp-Image-2025-10-03-at-08.55.40-768x1024.jpeg 768w, https:\/\/wp.ufpel.edu.br\/progep\/files\/2025\/10\/WhatsApp-Image-2025-10-03-at-08.55.40-300x400.jpeg 300w, https:\/\/wp.ufpel.edu.br\/progep\/files\/2025\/10\/WhatsApp-Image-2025-10-03-at-08.55.40.jpeg 960w\" sizes=\"(max-width: 768px) 100vw, 768px\" \/><\/div><\/div><\/a><\/figure><\/div><\/li><li class=\"kadence-blocks-gallery-item\"><div class=\"kadence-blocks-gallery-item-inner\"><figure class=\"kb-gallery-figure kb-gallery-item-has-link kadence-blocks-gallery-item-hide-caption\"><a href=\"https:\/\/wp.ufpel.edu.br\/progep\/files\/2025\/10\/WhatsApp-Image-2025-10-02-at-11.20.19.jpeg\" class=\"kb-gallery-item-link\"  ><div class=\"kb-gal-image-radius\" style=\"max-width:768px;\"><div class=\"kb-gallery-image-contain kadence-blocks-gallery-intrinsic\" style=\"padding-bottom:133%;\"><img src=\"https:\/\/wp.ufpel.edu.br\/progep\/files\/2025\/10\/WhatsApp-Image-2025-10-02-at-11.20.19-768x1024.jpeg\" width=\"768\" height=\"1024\" alt=\"\" data-full-image=\"https:\/\/wp.ufpel.edu.br\/progep\/files\/2025\/10\/WhatsApp-Image-2025-10-02-at-11.20.19.jpeg\" data-light-image=\"https:\/\/wp.ufpel.edu.br\/progep\/files\/2025\/10\/WhatsApp-Image-2025-10-02-at-11.20.19.jpeg\" data-id=\"37554\" class=\"wp-image-37554\" srcset=\"https:\/\/wp.ufpel.edu.br\/progep\/files\/2025\/10\/WhatsApp-Image-2025-10-02-at-11.20.19-768x1024.jpeg 768w, https:\/\/wp.ufpel.edu.br\/progep\/files\/2025\/10\/WhatsApp-Image-2025-10-02-at-11.20.19-300x400.jpeg 300w, https:\/\/wp.ufpel.edu.br\/progep\/files\/2025\/10\/WhatsApp-Image-2025-10-02-at-11.20.19.jpeg 960w\" sizes=\"(max-width: 768px) 100vw, 768px\" \/><\/div><\/div><\/a><\/figure><\/div><\/li><li class=\"kadence-blocks-gallery-item\"><div class=\"kadence-blocks-gallery-item-inner\"><figure class=\"kb-gallery-figure kb-gallery-item-has-link kadence-blocks-gallery-item-hide-caption\"><a href=\"https:\/\/wp.ufpel.edu.br\/progep\/files\/2025\/10\/WhatsApp-Image-2025-10-02-at-11.19.59.jpeg\" class=\"kb-gallery-item-link\"  ><div class=\"kb-gal-image-radius\" style=\"max-width:1024px;\"><div class=\"kb-gallery-image-contain kadence-blocks-gallery-intrinsic\" style=\"padding-bottom:75%;\"><img src=\"https:\/\/wp.ufpel.edu.br\/progep\/files\/2025\/10\/WhatsApp-Image-2025-10-02-at-11.19.59-1024x768.jpeg\" width=\"1024\" height=\"768\" alt=\"\" data-full-image=\"https:\/\/wp.ufpel.edu.br\/progep\/files\/2025\/10\/WhatsApp-Image-2025-10-02-at-11.19.59.jpeg\" data-light-image=\"https:\/\/wp.ufpel.edu.br\/progep\/files\/2025\/10\/WhatsApp-Image-2025-10-02-at-11.19.59.jpeg\" data-id=\"37553\" class=\"wp-image-37553\" srcset=\"https:\/\/wp.ufpel.edu.br\/progep\/files\/2025\/10\/WhatsApp-Image-2025-10-02-at-11.19.59-1024x768.jpeg 1024w, https:\/\/wp.ufpel.edu.br\/progep\/files\/2025\/10\/WhatsApp-Image-2025-10-02-at-11.19.59-400x300.jpeg 400w, https:\/\/wp.ufpel.edu.br\/progep\/files\/2025\/10\/WhatsApp-Image-2025-10-02-at-11.19.59-768x576.jpeg 768w, https:\/\/wp.ufpel.edu.br\/progep\/files\/2025\/10\/WhatsApp-Image-2025-10-02-at-11.19.59-1536x1152.jpeg 1536w, https:\/\/wp.ufpel.edu.br\/progep\/files\/2025\/10\/WhatsApp-Image-2025-10-02-at-11.19.59.jpeg 1600w\" sizes=\"(max-width: 1024px) 100vw, 1024px\" \/><\/div><\/div><\/a><\/figure><\/div><\/li><li class=\"kadence-blocks-gallery-item\"><div class=\"kadence-blocks-gallery-item-inner\"><figure class=\"kb-gallery-figure kb-gallery-item-has-link kadence-blocks-gallery-item-hide-caption\"><a href=\"https:\/\/wp.ufpel.edu.br\/progep\/files\/2025\/10\/WhatsApp-Image-2025-10-02-at-16.05.36-1.jpeg\" class=\"kb-gallery-item-link\"  ><div class=\"kb-gal-image-radius\" style=\"max-width:1024px;\"><div class=\"kb-gallery-image-contain kadence-blocks-gallery-intrinsic\" style=\"padding-bottom:75%;\"><img src=\"https:\/\/wp.ufpel.edu.br\/progep\/files\/2025\/10\/WhatsApp-Image-2025-10-02-at-16.05.36-1-1024x768.jpeg\" width=\"1024\" height=\"768\" alt=\"\" data-full-image=\"https:\/\/wp.ufpel.edu.br\/progep\/files\/2025\/10\/WhatsApp-Image-2025-10-02-at-16.05.36-1.jpeg\" data-light-image=\"https:\/\/wp.ufpel.edu.br\/progep\/files\/2025\/10\/WhatsApp-Image-2025-10-02-at-16.05.36-1.jpeg\" data-id=\"37565\" class=\"wp-image-37565\" srcset=\"https:\/\/wp.ufpel.edu.br\/progep\/files\/2025\/10\/WhatsApp-Image-2025-10-02-at-16.05.36-1-1024x768.jpeg 1024w, https:\/\/wp.ufpel.edu.br\/progep\/files\/2025\/10\/WhatsApp-Image-2025-10-02-at-16.05.36-1-400x300.jpeg 400w, https:\/\/wp.ufpel.edu.br\/progep\/files\/2025\/10\/WhatsApp-Image-2025-10-02-at-16.05.36-1-768x576.jpeg 768w, https:\/\/wp.ufpel.edu.br\/progep\/files\/2025\/10\/WhatsApp-Image-2025-10-02-at-16.05.36-1.jpeg 1280w\" sizes=\"(max-width: 1024px) 100vw, 1024px\" \/><\/div><\/div><\/a><\/figure><\/div><\/li><li class=\"kadence-blocks-gallery-item\"><div class=\"kadence-blocks-gallery-item-inner\"><figure class=\"kb-gallery-figure kb-gallery-item-has-link kadence-blocks-gallery-item-hide-caption\"><a href=\"https:\/\/wp.ufpel.edu.br\/progep\/files\/2025\/10\/WhatsApp-Image-2025-10-02-at-14.43.07.jpeg\" class=\"kb-gallery-item-link\"  ><div class=\"kb-gal-image-radius\" style=\"max-width:1024px;\"><div class=\"kb-gallery-image-contain kadence-blocks-gallery-intrinsic\" style=\"padding-bottom:56%;\"><img src=\"https:\/\/wp.ufpel.edu.br\/progep\/files\/2025\/10\/WhatsApp-Image-2025-10-02-at-14.43.07-1024x576.jpeg\" width=\"1024\" height=\"576\" alt=\"\" data-full-image=\"https:\/\/wp.ufpel.edu.br\/progep\/files\/2025\/10\/WhatsApp-Image-2025-10-02-at-14.43.07.jpeg\" data-light-image=\"https:\/\/wp.ufpel.edu.br\/progep\/files\/2025\/10\/WhatsApp-Image-2025-10-02-at-14.43.07.jpeg\" data-id=\"37557\" class=\"wp-image-37557\" srcset=\"https:\/\/wp.ufpel.edu.br\/progep\/files\/2025\/10\/WhatsApp-Image-2025-10-02-at-14.43.07-1024x576.jpeg 1024w, https:\/\/wp.ufpel.edu.br\/progep\/files\/2025\/10\/WhatsApp-Image-2025-10-02-at-14.43.07-400x225.jpeg 400w, https:\/\/wp.ufpel.edu.br\/progep\/files\/2025\/10\/WhatsApp-Image-2025-10-02-at-14.43.07-768x432.jpeg 768w, https:\/\/wp.ufpel.edu.br\/progep\/files\/2025\/10\/WhatsApp-Image-2025-10-02-at-14.43.07.jpeg 1280w\" sizes=\"(max-width: 1024px) 100vw, 1024px\" \/><\/div><\/div><\/a><\/figure><\/div><\/li><li class=\"kadence-blocks-gallery-item\"><div class=\"kadence-blocks-gallery-item-inner\"><figure class=\"kb-gallery-figure kb-gallery-item-has-link kadence-blocks-gallery-item-hide-caption\"><a href=\"https:\/\/wp.ufpel.edu.br\/progep\/files\/2025\/10\/WhatsApp-Image-2025-10-03-at-08.58.42.jpeg\" class=\"kb-gallery-item-link\"  ><div class=\"kb-gal-image-radius\" style=\"max-width:1024px;\"><div class=\"kb-gallery-image-contain kadence-blocks-gallery-intrinsic\" style=\"padding-bottom:75%;\"><img src=\"https:\/\/wp.ufpel.edu.br\/progep\/files\/2025\/10\/WhatsApp-Image-2025-10-03-at-08.58.42-1024x768.jpeg\" width=\"1024\" height=\"768\" alt=\"\" data-full-image=\"https:\/\/wp.ufpel.edu.br\/progep\/files\/2025\/10\/WhatsApp-Image-2025-10-03-at-08.58.42.jpeg\" data-light-image=\"https:\/\/wp.ufpel.edu.br\/progep\/files\/2025\/10\/WhatsApp-Image-2025-10-03-at-08.58.42.jpeg\" data-id=\"37576\" class=\"wp-image-37576\" srcset=\"https:\/\/wp.ufpel.edu.br\/progep\/files\/2025\/10\/WhatsApp-Image-2025-10-03-at-08.58.42-1024x768.jpeg 1024w, https:\/\/wp.ufpel.edu.br\/progep\/files\/2025\/10\/WhatsApp-Image-2025-10-03-at-08.58.42-400x300.jpeg 400w, https:\/\/wp.ufpel.edu.br\/progep\/files\/2025\/10\/WhatsApp-Image-2025-10-03-at-08.58.42-768x576.jpeg 768w, https:\/\/wp.ufpel.edu.br\/progep\/files\/2025\/10\/WhatsApp-Image-2025-10-03-at-08.58.42.jpeg 1280w\" sizes=\"(max-width: 1024px) 100vw, 1024px\" \/><\/div><\/div><\/a><\/figure><\/div><\/li><\/ul><\/div>","protected":false},"excerpt":{"rendered":"<p>\u00c1lbum: Programa Mulheres L\u00edderes: Encontro de Gestoras da UFPel Confira nesta p\u00e1gina o \u00e1lbum de fotos de Programa Mulheres L\u00edderes: Edi\u00e7\u00e3o especial: Encontro de Gestoras da UFPel, ocorrida no dia 01 de outubro\u00a0de\u00a02025.<\/p>\n","protected":false},"author":21,"featured_media":0,"parent":0,"menu_order":0,"comment_status":"closed","ping_status":"closed","template":"page-sem-sidebar.php","meta":{"footnotes":""},"class_list":["post-37541","page","type-page","status-publish","hentry"],"_links":{"self":[{"href":"https:\/\/wp.ufpel.edu.br\/progep\/wp-json\/wp\/v2\/pages\/37541","targetHints":{"allow":["GET"]}}],"collection":[{"href":"https:\/\/wp.ufpel.edu.br\/progep\/wp-json\/wp\/v2\/pages"}],"about":[{"href":"https:\/\/wp.ufpel.edu.br\/progep\/wp-json\/wp\/v2\/types\/page"}],"author":[{"embeddable":true,"href":"https:\/\/wp.ufpel.edu.br\/progep\/wp-json\/wp\/v2\/users\/21"}],"replies":[{"embeddable":true,"href":"https:\/\/wp.ufpel.edu.br\/progep\/wp-json\/wp\/v2\/comments?post=37541"}],"version-history":[{"count":4,"href":"https:\/\/wp.ufpel.edu.br\/progep\/wp-json\/wp\/v2\/pages\/37541\/revisions"}],"predecessor-version":[{"id":38085,"href":"https:\/\/wp.ufpel.edu.br\/progep\/wp-json\/wp\/v2\/pages\/37541\/revisions\/38085"}],"wp:attachment":[{"href":"https:\/\/wp.ufpel.edu.br\/progep\/wp-json\/wp\/v2\/media?parent=37541"}],"curies":[{"name":"wp","href":"https:\/\/api.w.org\/{rel}","templated":true}]}}