{"id":36589,"date":"2025-09-08T15:14:34","date_gmt":"2025-09-08T18:14:34","guid":{"rendered":"https:\/\/wp.ufpel.edu.br\/progep\/?page_id=36589"},"modified":"2025-10-22T10:35:47","modified_gmt":"2025-10-22T13:35:47","slug":"capacitacao-inteligencia-artificial-na-educacao-possibilidades-para-planejamento-e-pratica-em-sala-de-aula","status":"publish","type":"page","link":"https:\/\/wp.ufpel.edu.br\/progep\/capacitacao-inteligencia-artificial-na-educacao-possibilidades-para-planejamento-e-pratica-em-sala-de-aula\/","title":{"rendered":"Capacita\u00e7\u00e3o: Intelig\u00eancia Artificial na Educa\u00e7\u00e3o: Possibilidades para Planejamento e Pr\u00e1tica em Sala de Aula"},"content":{"rendered":"\n<div class=\"wp-block-group\"><div class=\"wp-block-group__inner-container is-layout-constrained wp-block-group-is-layout-constrained\">\n<div class=\"acaoStyle\">\n<div class=\"cabecalhoAcoes\">\n<div style=\"font-weight: bold;color: red;background-color: yellow;padding: 1rem;border-radius: 0.75rem;margin-bottom: 1rem\"><strong>INSCRI\u00c7\u00d5ES ENCERRADAS!<\/strong><\/div>\n<div>Intelig\u00eancia Artificial na Educa\u00e7\u00e3o: Possibilidades <br \/>para Planejamento e Pr\u00e1tica em Sala de Aula<\/div>\n<p>Aprimore suas habilidades e descubra como as Intelig\u00eancias Artificiais generativas podem transformar seu trabalho. Aprenda a usar essas ferramentas para otimizar o planejamento pedag\u00f3gico, criar planos de aula, atividades e avalia\u00e7\u00f5es de forma mais eficiente e desenvolver rubricas claras e objetivas.<\/p>\n<\/div>\n<div class=\"corpoStyle\"><strong>Facilitador(a): <\/strong> Helena Vitalina Selbach (<em>Docente \/ Centro de Letras e Comunica\u00e7\u00e3o \/ UFPEL<\/em>)\n<p><strong>Data de realiza\u00e7\u00e3o<\/strong>: 29\/09\/2025, segunda-feira<br \/><strong>Hor\u00e1rio: <\/strong> 15h30min \u00e0s 17h30min<br \/><strong>Carga hor\u00e1ria<\/strong>: 2h<br \/><strong>N\u00famero de vagas:<\/strong> 22, por ordem de inscri\u00e7\u00e3o<br \/><strong>Modalidade: <\/strong> Presencial.\u00a0<br \/><strong>Local:\u00a0 <\/strong> Laborat\u00f3rio CLC \u2013 Sala 117, (Campus Anglo)<br \/><strong>Ementa: <\/strong><\/p>\n<ul>\n<li>Possibilidades de uso de Intelig\u00eancias Artificiais (IAs) generativas no planejamento pedag\u00f3gico;<\/li>\n<li>Cria\u00e7\u00e3o de planos de aula, atividades e avalia\u00e7\u00f5es assistidas por IA;<\/li>\n<li>Desenvolvimento de rubricas e crit\u00e9rios de avalia\u00e7\u00e3o com suporte de IA.<\/li>\n<\/ul>\n<p><strong>P\u00fablico Alvo<\/strong>: Servidores(as) docentes, TAE\u2019s e trabalhadores(as) terceirizados(as) ativos(as) da UFPel*.*<\/p>\n<p><strong>Per\u00edodo de inscri\u00e7\u00e3o<\/strong>: 10\/09 a <s>25\/09<\/s> 23\/09<\/p>\n<p><strong>Divulga\u00e7\u00e3o das inscri\u00e7\u00f5es homologadas<\/strong>: 26\/09**, nesta p\u00e1gina.<\/p>\n<p>*Considerando a Pol\u00edtica Nacional de Desenvolvimento de Pessoas, conforme Decreto n\u00ba 9.991\/19, somente ser\u00e3o certificados(as) os(as) servidores(as) p\u00fablicos pertencentes ao Quadro Efetivo da UFPel;<br \/>** Quando homologadas as inscri\u00e7\u00f5es, os(as) selecionados(as) receber\u00e3o e-mail de confirma\u00e7\u00e3o com instru\u00e7\u00f5es.<\/p>\n<p><strong>Observa\u00e7\u00e3o<\/strong>: A homologa\u00e7\u00e3o das inscri\u00e7\u00f5es dos(as) trabalhadores(as) terceirizados ficar\u00e1 condicionada \u00e0 an\u00e1lise pr\u00e9via e manifesta\u00e7\u00e3o por parte do NUGEST\/PRA.<\/p>\n<p><b>Inscri\u00e7\u00f5es encerrradas devido limite de vagas atingido.<\/b><\/p>\n<a href=\"https:\/\/wp.ufpel.edu.br\/progep\/files\/2025\/09\/HOMOLOGACAO-Inteligencia-Artificial-na-Educacao_-Possibilidades-para-Planejamento-e-Pratica-em-Sala-de-Aula.pdf\" target=\"_blank\"> Confira aqui as inscri\u00e7\u00e3o homologadas!<\/a>\n<p><span style=\"font-size: 14pt\"><strong>Contato:<\/strong> cdp.capacita@ufpel.edu.br<\/span><\/p>\n<\/div>\n<\/div>\n<\/div><\/div>\n","protected":false},"excerpt":{"rendered":"<p>INSCRI\u00c7\u00d5ES ENCERRADAS! Intelig\u00eancia Artificial na Educa\u00e7\u00e3o: Possibilidades para Planejamento e Pr\u00e1tica em Sala de Aula Aprimore suas habilidades e descubra como as Intelig\u00eancias Artificiais generativas podem transformar seu trabalho. Aprenda a usar essas ferramentas para otimizar o planejamento pedag\u00f3gico, criar planos de aula, atividades e avalia\u00e7\u00f5es de forma mais eficiente e desenvolver rubricas claras e [&hellip;]<\/p>\n","protected":false},"author":21,"featured_media":0,"parent":0,"menu_order":0,"comment_status":"closed","ping_status":"closed","template":"","meta":{"footnotes":""},"class_list":["post-36589","page","type-page","status-publish","hentry"],"_links":{"self":[{"href":"https:\/\/wp.ufpel.edu.br\/progep\/wp-json\/wp\/v2\/pages\/36589","targetHints":{"allow":["GET"]}}],"collection":[{"href":"https:\/\/wp.ufpel.edu.br\/progep\/wp-json\/wp\/v2\/pages"}],"about":[{"href":"https:\/\/wp.ufpel.edu.br\/progep\/wp-json\/wp\/v2\/types\/page"}],"author":[{"embeddable":true,"href":"https:\/\/wp.ufpel.edu.br\/progep\/wp-json\/wp\/v2\/users\/21"}],"replies":[{"embeddable":true,"href":"https:\/\/wp.ufpel.edu.br\/progep\/wp-json\/wp\/v2\/comments?post=36589"}],"version-history":[{"count":3,"href":"https:\/\/wp.ufpel.edu.br\/progep\/wp-json\/wp\/v2\/pages\/36589\/revisions"}],"predecessor-version":[{"id":38415,"href":"https:\/\/wp.ufpel.edu.br\/progep\/wp-json\/wp\/v2\/pages\/36589\/revisions\/38415"}],"wp:attachment":[{"href":"https:\/\/wp.ufpel.edu.br\/progep\/wp-json\/wp\/v2\/media?parent=36589"}],"curies":[{"name":"wp","href":"https:\/\/api.w.org\/{rel}","templated":true}]}}