{"id":36333,"date":"2025-09-12T15:16:35","date_gmt":"2025-09-12T18:16:35","guid":{"rendered":"https:\/\/wp.ufpel.edu.br\/progep\/?page_id=36333"},"modified":"2025-10-22T09:22:41","modified_gmt":"2025-10-22T12:22:41","slug":"capacitacao-visita-guiada-predios-da-ufpel","status":"publish","type":"page","link":"https:\/\/wp.ufpel.edu.br\/progep\/capacitacao-visita-guiada-predios-da-ufpel\/","title":{"rendered":"Capacita\u00e7\u00e3o: Visita Monitorada aos Pr\u00e9dios da UFPel &#8211; Centro Hist\u00f3rico"},"content":{"rendered":"\n<div class=\"wp-block-group\"><div class=\"wp-block-group__inner-container is-layout-constrained wp-block-group-is-layout-constrained\">\n<div class=\"acaoMesServidorStyle\">\n<div class=\"headerAcaoStyle\">\n<div class=\"mesServidorLogo\"><img src=\"https:\/\/wp.ufpel.edu.br\/progep\/files\/2025\/09\/logo-Mes-Pessoa-Servidora.png\" \/>\n<div style=\"font-size: 16pt;text-align: center;font-weight: bold\">M\u00eas da Pessoa Servidora da UFPEL<\/div>\n<\/div>\n<div class=\"cabecalhoAcoes\">\n<div style=\"font-size: 20pt\">Visita Monitorada aos Pr\u00e9dios da UFPel &#8211; Centro Hist\u00f3rico<\/div>\n<\/div>\n<\/div>\n<main>\n<div class=\"corpoStyle\">\n<div style=\"flex: 1\">\n<strong>Facilitador(a): <\/strong> Dalila M\u00fcller (<em>Docente \/ Centro de Ci\u00eancias Socio-Organizacionais \/ UFPEL<\/em>);<br \/>Diuliana da Silveira Schiavon (<em>Bolsista<\/em>); <br \/>Let\u00edcia Garcez Treicha (<em>Estagi\u00e1ria<\/em>).\n<p><strong>Data de realiza\u00e7\u00e3o<\/strong>: 14\/10\/2025, ter\u00e7a-feira<br \/><strong>Hor\u00e1rio: <\/strong>13h30min \u00e0s 18h<br \/><strong>Carga hor\u00e1ria<\/strong>: 4h30min<br \/><strong>Modalidade: <\/strong>Presencial <br \/><strong>Ponto de encontro:\u00a0 <\/strong> Em frente ao Museu do Doce (Pra\u00e7a Cel. Pedro Os\u00f3rio, n\u00ba 8)<\/p>\n<p><strong>Pr\u00e9dios a serem visitados: <\/strong><br \/>1 &#8211; <strong>Conservat\u00f3rio de M\u00fasica<\/strong>;<br \/>2 &#8211; <strong>Museu do Doce<\/strong>;<br \/>3 &#8211; <strong>Museu de Ci\u00eancias Naturais Carlos Ritter<\/strong>;<br \/>4 &#8211; <strong>Grande Hotel<\/strong> (somente fachada);<br \/>5 &#8211; <strong>Mercosul<\/strong>;<br \/>6 &#8211; <strong>Museu de Arte Leopoldo Gotuzzo<\/strong> (MALG).<\/p>\n<\/div>\n<div style=\"flex: 1\"><strong>P\u00fablico Alvo<\/strong>: Servidores(as) docentes, TAE\u2019s e trabalhadores(as) terceirizados(as) ativos(as) da UFPel*.*\n<p><strong>Per\u00edodo de inscri\u00e7\u00e3o<\/strong>: 15\/09 a 09\/10<\/p>\n<p><strong>Divulga\u00e7\u00e3o das inscri\u00e7\u00f5es homologadas<\/strong>: 10\/10**, nesta p\u00e1gina.<\/p>\n<p>*Considerando a Pol\u00edtica Nacional de Desenvolvimento de Pessoas, conforme Decreto n\u00ba 9.991\/19, somente ser\u00e3o certificados(as) os(as) servidores(as) p\u00fablicos pertencentes ao Quadro Efetivo da UFPel;<br \/>** Quando homologadas as inscri\u00e7\u00f5es, os(as) selecionados(as) receber\u00e3o e-mail de confirma\u00e7\u00e3o com instru\u00e7\u00f5es.<\/p>\n<p><strong>Observa\u00e7\u00e3o<\/strong>: A homologa\u00e7\u00e3o das inscri\u00e7\u00f5es dos(as) trabalhadores(as) terceirizados ficar\u00e1 condicionada \u00e0 an\u00e1lise pr\u00e9via e manifesta\u00e7\u00e3o por parte do NUGEST\/PRA.<\/p>\n<\/div>\n<\/div>\n<footer><strong><a href=\"https:\/\/wp.ufpel.edu.br\/progep\/files\/2025\/10\/HOMOLOGACAO-Visita-Monitorada-aos-Predios-da-UFPel-\u2013-Centro-Historico-.pdf\" target=\"_blank\" rel=\"noopener\">Confira as inscri\u00e7\u00f5es homologadas aqui!<\/a><\/strong>\n<div class=\"prevLegal footerMesServidor\"><strong>Contato:<\/strong> cdp.capacita@ufpel.edu.br<\/div>\n<\/footer>\n<p>\u00a0<\/p>\n<\/main>\n<\/div><\/div>\n","protected":false},"excerpt":{"rendered":"<p>M\u00eas da Pessoa Servidora da UFPEL Visita Monitorada aos Pr\u00e9dios da UFPel &#8211; Centro Hist\u00f3rico Facilitador(a): Dalila M\u00fcller (Docente \/ Centro de Ci\u00eancias Socio-Organizacionais \/ UFPEL);Diuliana da Silveira Schiavon (Bolsista); Let\u00edcia Garcez Treicha (Estagi\u00e1ria). Data de realiza\u00e7\u00e3o: 14\/10\/2025, ter\u00e7a-feiraHor\u00e1rio: 13h30min \u00e0s 18hCarga hor\u00e1ria: 4h30minModalidade: Presencial Ponto de encontro:\u00a0 Em frente ao Museu do Doce (Pra\u00e7a [&hellip;]<\/p>\n","protected":false},"author":21,"featured_media":0,"parent":0,"menu_order":0,"comment_status":"closed","ping_status":"closed","template":"page-sem-sidebar.php","meta":{"footnotes":""},"class_list":["post-36333","page","type-page","status-publish","hentry"],"_links":{"self":[{"href":"https:\/\/wp.ufpel.edu.br\/progep\/wp-json\/wp\/v2\/pages\/36333","targetHints":{"allow":["GET"]}}],"collection":[{"href":"https:\/\/wp.ufpel.edu.br\/progep\/wp-json\/wp\/v2\/pages"}],"about":[{"href":"https:\/\/wp.ufpel.edu.br\/progep\/wp-json\/wp\/v2\/types\/page"}],"author":[{"embeddable":true,"href":"https:\/\/wp.ufpel.edu.br\/progep\/wp-json\/wp\/v2\/users\/21"}],"replies":[{"embeddable":true,"href":"https:\/\/wp.ufpel.edu.br\/progep\/wp-json\/wp\/v2\/comments?post=36333"}],"version-history":[{"count":3,"href":"https:\/\/wp.ufpel.edu.br\/progep\/wp-json\/wp\/v2\/pages\/36333\/revisions"}],"predecessor-version":[{"id":38378,"href":"https:\/\/wp.ufpel.edu.br\/progep\/wp-json\/wp\/v2\/pages\/36333\/revisions\/38378"}],"wp:attachment":[{"href":"https:\/\/wp.ufpel.edu.br\/progep\/wp-json\/wp\/v2\/media?parent=36333"}],"curies":[{"name":"wp","href":"https:\/\/api.w.org\/{rel}","templated":true}]}}