{"id":36293,"date":"2025-09-10T11:01:18","date_gmt":"2025-09-10T14:01:18","guid":{"rendered":"https:\/\/wp.ufpel.edu.br\/progep\/?page_id=36293"},"modified":"2025-10-22T09:21:34","modified_gmt":"2025-10-22T12:21:34","slug":"capacitacao-do-grao-a-xicara-os-segredos-dos-cafes-especiais","status":"publish","type":"page","link":"https:\/\/wp.ufpel.edu.br\/progep\/capacitacao-do-grao-a-xicara-os-segredos-dos-cafes-especiais\/","title":{"rendered":"Capacita\u00e7\u00e3o: &#8220;Do gr\u00e3o \u00e0 x\u00edcara: os segredos dos Caf\u00e9s especiais&#8221;"},"content":{"rendered":"\n<div class=\"wp-block-group\"><div class=\"wp-block-group__inner-container is-layout-constrained wp-block-group-is-layout-constrained\">\n<div class=\"acaoMesServidorStyle\">\n<div class=\"headerAcaoStyle\">\n<div class=\"mesServidorLogo\"><img src=\"https:\/\/wp.ufpel.edu.br\/progep\/files\/2025\/09\/logo-Mes-Pessoa-Servidora.png\" \/>\n<div style=\"font-size: 16pt;text-align: center;font-weight: bold\">M\u00eas da Pessoa Servidora da UFPEL<\/div>\n<\/div>\n<div class=\"cabecalhoAcoes\">\n<div style=\"font-weight: bold;color: red;background-color: yellow;padding: 1rem;border-radius: 0.75rem;margin-bottom: 1rem\"><strong>INSCRI\u00c7\u00d5ES ENCERRADAS!<\/strong><\/div>\n<div style=\"font-size: 20pt\">&#8220;Do gr\u00e3o \u00e0 x\u00edcara: os segredos dos Caf\u00e9s especiais&#8221;<\/div>\n<p style=\"color: white\">A aula apresenta uma imers\u00e3o no universo dos caf\u00e9s especiais, abordando desde o cultivo e processamento dos gr\u00e3os at\u00e9 as t\u00e9cnicas de preparo e degusta\u00e7\u00e3o. Ser\u00e3o abordados os fatores que determinam e diferenciam os caf\u00e9s tradicionais dos especiais, qualidade e a classifica\u00e7\u00e3o, explorando seus aspectos sensoriais, culturais e gastron\u00f4micos.<\/p>\n<\/div>\n<\/div>\n<main>\n<div class=\"corpoStyle\">\n<div class=\"coluna1Style\">\n<strong>Facilitador(a): <\/strong> \u00c2ngela Galvan de Lima (<em> Docente \/ Faculdade de Nutri\u00e7\u00e3o \/ UFPEL<\/em>)\n<p><strong>Data de realiza\u00e7\u00e3o<\/strong>: \u00a009\/10\/2025, quinta-feira<br \/><strong>Hor\u00e1rio: <\/strong> 14h \u00e0s 17h<br \/><strong>Carga hor\u00e1ria<\/strong>: 3h<br \/><strong>N\u00famero de vagas:<\/strong> 30<br \/><strong>Modalidade: <\/strong>Presencial<br \/><strong>Local:\u00a0 <\/strong> Sala 232E &#8211; Laborat\u00f3rio de Aula Show &#8211; Campus Anglo 2\u00ba andar<br \/><br \/><strong>Ementa: <\/strong><\/p>\n<ul>\n<li>Do Campo \u00e0 X\u00edcara: O universo dos caf\u00e9s<\/li>\n<li>O Que Torna um Caf\u00e9 &#8220;Especial&#8221;?<\/li>\n<li>Degusta\u00e7\u00e3o e Aspectos Sensoriais de Caf\u00e9s<\/li>\n<li>M\u00e9todos de Preparo<\/li>\n<li>Caf\u00e9: Cultura, Hist\u00f3ria e Gastronomia<\/li>\n<\/ul>\n<strong>P\u00fablico Alvo<\/strong>: Servidores(as) docentes, TAE\u2019s e trabalhadores(as) terceirizados(as) ativos(as) da UFPel*.*<br \/>\n<p><strong>Per\u00edodo de inscri\u00e7\u00e3o<\/strong>: 15\/09 a 06\/10<\/p>\n<\/div>\n<div class=\"coluna2Style\">\n\n<strong>Divulga\u00e7\u00e3o das inscri\u00e7\u00f5es homologadas<\/strong>: 07\/10**, nesta p\u00e1gina.\n<p>*Considerando a Pol\u00edtica Nacional de Desenvolvimento de Pessoas, conforme Decreto n\u00ba 9.991\/19, somente ser\u00e3o certificados(as) os(as) servidores(as) p\u00fablicos pertencentes ao Quadro Efetivo da UFPel;<br \/>** Quando homologadas as inscri\u00e7\u00f5es, os(as) selecionados(as) receber\u00e3o e-mail de confirma\u00e7\u00e3o com instru\u00e7\u00f5es.<\/p>\n<p><strong>Observa\u00e7\u00e3o<\/strong>: A homologa\u00e7\u00e3o das inscri\u00e7\u00f5es dos(as) trabalhadores(as) terceirizados ficar\u00e1 condicionada \u00e0 an\u00e1lise pr\u00e9via e manifesta\u00e7\u00e3o por parte do NUGEST\/PRA.<\/p>\n<\/div>\n<\/div>\n<footer>\n<div class=\"infoImportantes\">\n<strong>Lista de ingredientes<\/strong>: Ser\u00e3o fornecidos pela palestrante. Caso algum participante queira levar algum caf\u00e9 em gr\u00e3o ou em p\u00f3 para ser analisado e preparado na hora da aula, podem ficar \u00e0 vontade.\n<\/div>\n<a href=\"https:\/\/wp.ufpel.edu.br\/progep\/files\/2025\/10\/HOMOLOGACAO-Do-grao-a-xicara_-os-segredos-dos-Cafes-especiais.pdf\" target=\"_blank\"> Confira as inscri\u00e7\u00f5es homologadas aqui!<\/a>\n<div class=\"prevLegal footerMesServidor\"><strong>Contato:<\/strong> cdp.capacita@ufpel.edu.br<\/div>\n<\/footer>\n<p>\u00a0<\/p>\n<\/main>\n<\/div><\/div>\n","protected":false},"excerpt":{"rendered":"<p>M\u00eas da Pessoa Servidora da UFPEL INSCRI\u00c7\u00d5ES ENCERRADAS! &#8220;Do gr\u00e3o \u00e0 x\u00edcara: os segredos dos Caf\u00e9s especiais&#8221; A aula apresenta uma imers\u00e3o no universo dos caf\u00e9s especiais, abordando desde o cultivo e processamento dos gr\u00e3os at\u00e9 as t\u00e9cnicas de preparo e degusta\u00e7\u00e3o. Ser\u00e3o abordados os fatores que determinam e diferenciam os caf\u00e9s tradicionais dos especiais, [&hellip;]<\/p>\n","protected":false},"author":21,"featured_media":0,"parent":0,"menu_order":0,"comment_status":"closed","ping_status":"closed","template":"page-sem-sidebar.php","meta":{"footnotes":""},"class_list":["post-36293","page","type-page","status-publish","hentry"],"_links":{"self":[{"href":"https:\/\/wp.ufpel.edu.br\/progep\/wp-json\/wp\/v2\/pages\/36293","targetHints":{"allow":["GET"]}}],"collection":[{"href":"https:\/\/wp.ufpel.edu.br\/progep\/wp-json\/wp\/v2\/pages"}],"about":[{"href":"https:\/\/wp.ufpel.edu.br\/progep\/wp-json\/wp\/v2\/types\/page"}],"author":[{"embeddable":true,"href":"https:\/\/wp.ufpel.edu.br\/progep\/wp-json\/wp\/v2\/users\/21"}],"replies":[{"embeddable":true,"href":"https:\/\/wp.ufpel.edu.br\/progep\/wp-json\/wp\/v2\/comments?post=36293"}],"version-history":[{"count":3,"href":"https:\/\/wp.ufpel.edu.br\/progep\/wp-json\/wp\/v2\/pages\/36293\/revisions"}],"predecessor-version":[{"id":38375,"href":"https:\/\/wp.ufpel.edu.br\/progep\/wp-json\/wp\/v2\/pages\/36293\/revisions\/38375"}],"wp:attachment":[{"href":"https:\/\/wp.ufpel.edu.br\/progep\/wp-json\/wp\/v2\/media?parent=36293"}],"curies":[{"name":"wp","href":"https:\/\/api.w.org\/{rel}","templated":true}]}}