{"id":35392,"date":"2025-07-22T15:27:45","date_gmt":"2025-07-22T18:27:45","guid":{"rendered":"https:\/\/wp.ufpel.edu.br\/progep\/?page_id=35392"},"modified":"2025-10-22T10:34:08","modified_gmt":"2025-10-22T13:34:08","slug":"capacitacao-universidade-sustentavel-a-gestao-de-residuos-em-foco","status":"publish","type":"page","link":"https:\/\/wp.ufpel.edu.br\/progep\/capacitacao-universidade-sustentavel-a-gestao-de-residuos-em-foco\/","title":{"rendered":"Capacita\u00e7\u00e3o: Universidade Sustent\u00e1vel: A Gest\u00e3o de Res\u00edduos em Foco"},"content":{"rendered":"\n<div class=\"wp-block-group\"><div class=\"wp-block-group__inner-container is-layout-constrained wp-block-group-is-layout-constrained\">\n<div class=\"acaoStyle\">\n<div class=\"cabecalhoAcoes\">\n<div>Universidade Sustent\u00e1vel: A Gest\u00e3o de Res\u00edduos em Foco<\/div>\n<p>A palestra abordar\u00e1 a atua\u00e7\u00e3o da Coordena\u00e7\u00e3o de Gest\u00e3o Ambiental e Plano Diretor (CGAPD), por meio do N\u00facleo de Gest\u00e3o Ambiental (NGA), destacando a contribui\u00e7\u00e3o desta coordena\u00e7\u00e3o na promo\u00e7\u00e3o da sustentabilidade institucional. Ser\u00e3o apresentado um breve diagn\u00f3stico da situa\u00e7\u00e3o atual da gest\u00e3o de res\u00edduos na UFPel, e os principais desafios enfrentados. A atividade tamb\u00e9m ir\u00e1 explorar o ciclo dos diferentes tipos de res\u00edduos gerados na universidade \u2014 comuns, recicl\u00e1veis e perigosos \u2014 e como eles s\u00e3o tratados dentro do contexto acad\u00eamico. Por fim, ser\u00e1 discutida a gest\u00e3o de res\u00edduos como uma ferramenta essencial para a sustentabilidade ambiental, para o cumprimento da legisla\u00e7\u00e3o vigente e para o fortalecimento da responsabilidade socioambiental no ambiente universit\u00e1rio.<\/p>\n<\/div>\n<div class=\"corpoStyle\"><strong>Facilitadoras: <br \/><\/strong>Tatiane Lotufo Leite (<em>Chefe do N\u00facleo de Gest\u00e3o Ambiental \/ PROPLAD <\/em>)<br \/>Ver\u00f4nica Leite Christino (<em>T\u00e9cnica em Qu\u00edmica\/ PROPLAD <\/em>)\n<p><strong>Data de realiza\u00e7\u00e3o<\/strong>: 20\/08 (quarta-feira) <br \/><strong>Hor\u00e1rio: <\/strong>14h \u00e0s 16h<br \/><strong>Modalidade: <\/strong>Presencial<br \/><strong>Local: <\/strong>Campus Anglo (Sala a definir)<br \/><strong>Ementa: <\/strong><\/p>\n<ul>\n<li>Apresenta\u00e7\u00e3o da CGAPD\/NGA;<\/li>\n<li>Breve diagn\u00f3stico dos Res\u00edduos na UFPel;<\/li>\n<li>O ciclo dos diferentes res\u00edduos na UFPel;<\/li>\n<li>A Gest\u00e3o dos Res\u00edduos como ferramenta para sustentabilidade.<\/li>\n<\/ul>\n<p><strong>P\u00fablico Alvo<\/strong>: Servidores(as) docentes, TAE\u2019s e trabalhadores(as) terceirizados(as) ativos(as) da UFPel*.*<\/p>\n<p><strong>Per\u00edodo de inscri\u00e7\u00e3o<\/strong>: 22\/07 a 17\/08<\/p>\n<p><strong>Divulga\u00e7\u00e3o das inscri\u00e7\u00f5es homologadas<\/strong>: 18\/08**, nesta p\u00e1gina.<\/p>\n<p>*Considerando a Pol\u00edtica Nacional de Desenvolvimento de Pessoas, conforme Decreto n\u00ba 9.991\/19, somente ser\u00e3o certificados(as) os(as) servidores(as) p\u00fablicos pertencentes ao Quadro Efetivo da UFPel;<br \/>** Quando homologadas as inscri\u00e7\u00f5es, os(as) selecionados(as) receber\u00e3o e-mail de confirma\u00e7\u00e3o com instru\u00e7\u00f5es.<\/p>\n<p><strong>Observa\u00e7\u00e3o<\/strong>: A homologa\u00e7\u00e3o das inscri\u00e7\u00f5es dos(as) trabalhadores(as) terceirizados ficar\u00e1 condicionada \u00e0 an\u00e1lise pr\u00e9via e manifesta\u00e7\u00e3o por parte do NUGEST\/PRA.<\/p>\n<p><strong><a href=\"https:\/\/wp.ufpel.edu.br\/progep\/files\/2025\/08\/HOMOLOGACAO-Universidade-Sustentavel_-A-Gestao-de-Residuos-em-Foco.pdf\" target=\"_blank\" rel=\"noopener\">Confira as inscri\u00e7\u00f5es homologadas aqui<\/a><\/strong><\/p>\nAinda \u00e9 poss\u00edvel realizar sua inscri\u00e7\u00e3o abaixo:\n<p><strong><a href=\"https:\/\/wp.ufpel.edu.br\/progep\/inscricoes-para-curso\/\" target=\"_blank\" rel=\"noopener\">INSCRI\u00c7\u00d5ES AQUI<\/a><\/strong><\/p>\n<p><span style=\"font-size: 14pt\"><strong>Contato:<\/strong> cdp.capacita@ufpel.edu.br<\/span><\/p>\n<\/div>\n<\/div>\n<\/div><\/div>\n","protected":false},"excerpt":{"rendered":"<p>Universidade Sustent\u00e1vel: A Gest\u00e3o de Res\u00edduos em Foco A palestra abordar\u00e1 a atua\u00e7\u00e3o da Coordena\u00e7\u00e3o de Gest\u00e3o Ambiental e Plano Diretor (CGAPD), por meio do N\u00facleo de Gest\u00e3o Ambiental (NGA), destacando a contribui\u00e7\u00e3o desta coordena\u00e7\u00e3o na promo\u00e7\u00e3o da sustentabilidade institucional. Ser\u00e3o apresentado um breve diagn\u00f3stico da situa\u00e7\u00e3o atual da gest\u00e3o de res\u00edduos na UFPel, e [&hellip;]<\/p>\n","protected":false},"author":21,"featured_media":0,"parent":0,"menu_order":0,"comment_status":"closed","ping_status":"closed","template":"","meta":{"footnotes":""},"class_list":["post-35392","page","type-page","status-publish","hentry"],"_links":{"self":[{"href":"https:\/\/wp.ufpel.edu.br\/progep\/wp-json\/wp\/v2\/pages\/35392","targetHints":{"allow":["GET"]}}],"collection":[{"href":"https:\/\/wp.ufpel.edu.br\/progep\/wp-json\/wp\/v2\/pages"}],"about":[{"href":"https:\/\/wp.ufpel.edu.br\/progep\/wp-json\/wp\/v2\/types\/page"}],"author":[{"embeddable":true,"href":"https:\/\/wp.ufpel.edu.br\/progep\/wp-json\/wp\/v2\/users\/21"}],"replies":[{"embeddable":true,"href":"https:\/\/wp.ufpel.edu.br\/progep\/wp-json\/wp\/v2\/comments?post=35392"}],"version-history":[{"count":3,"href":"https:\/\/wp.ufpel.edu.br\/progep\/wp-json\/wp\/v2\/pages\/35392\/revisions"}],"predecessor-version":[{"id":38410,"href":"https:\/\/wp.ufpel.edu.br\/progep\/wp-json\/wp\/v2\/pages\/35392\/revisions\/38410"}],"wp:attachment":[{"href":"https:\/\/wp.ufpel.edu.br\/progep\/wp-json\/wp\/v2\/media?parent=35392"}],"curies":[{"name":"wp","href":"https:\/\/api.w.org\/{rel}","templated":true}]}}