{"id":33498,"date":"2025-06-25T08:21:22","date_gmt":"2025-06-25T11:21:22","guid":{"rendered":"https:\/\/wp.ufpel.edu.br\/progep\/?page_id=33498"},"modified":"2025-10-22T10:32:18","modified_gmt":"2025-10-22T13:32:18","slug":"capacitacao-planejando-acoes-ambientais-na-ufpel","status":"publish","type":"page","link":"https:\/\/wp.ufpel.edu.br\/progep\/capacitacao-planejando-acoes-ambientais-na-ufpel\/","title":{"rendered":"Capacita\u00e7\u00e3o: Planejando a\u00e7\u00f5es ambientais na ufpel"},"content":{"rendered":"\n<div class=\"wp-block-group\"><div class=\"wp-block-group__inner-container is-layout-constrained wp-block-group-is-layout-constrained\">\n<div class=\"acaoStyle\">\n<div class=\"cabecalhoAcoes\">\n<div style=\"font-weight: bold;color: red;background-color: yellow;padding: 1rem;border-radius: 0.75rem;margin-bottom: 1rem\">ATEN\u00c7\u00c3O INSCRI\u00c7\u00d5ES PRORROGADAS. EVENTO REAGENDADO<\/div>\n<div>Planejando a\u00e7\u00f5es ambientais na UFPEL: conhecendo o licenciamento e a gest\u00e3o de \u00e1reas verdes<\/div>\n<p>A capacita\u00e7\u00e3o abordar\u00e1 o licenciamento ambiental na UFPel, a gest\u00e3o de \u00e1reas verdes e os procedimentos para o manejo adequado da vegeta\u00e7\u00e3o nos espa\u00e7os da universidade. Ser\u00e3o apresentados os aspectos legais e t\u00e9cnicos que orientam essas pr\u00e1ticas, promovendo a atua\u00e7\u00e3o sustent\u00e1vel e em conformidade com a legisla\u00e7\u00e3o ambiental vigente.<\/p>\n<\/div>\n<div class=\"corpoStyle\"><strong>Facilitador(a): <\/strong>Raphaella Lobo Barbosa de Jezus (<em>Engenheira agr\u00f4noma \/ N\u00facleo de Gest\u00e3o Ambiental \/ PROPLAD<\/em>)\n<div style=\"color: red\"><strong>Data de realiza\u00e7\u00e3o<\/strong>: 18\/07 (sexta-feira)<\/div>\n<div><strong>Hor\u00e1rio: <\/strong>14h \u00e0s 16h<br \/><strong>Carga hor\u00e1ria<\/strong>: 2h<br \/><strong>Modalidade<\/strong>: presencial<br \/><strong>Local:\u00a0 <\/strong>Audit\u00f3rio da Biblioteca (Campus Anglo)<br \/><strong>Ementa: <\/strong><\/div>\n<ul>\n<li>Licenciamento Ambiental na UFPel;<\/li>\n<li>Gest\u00e3o de \u00e1reas verdes;<\/li>\n<li>Procedimentos e orienta\u00e7\u00f5es para manejo da vegeta\u00e7\u00e3o na UFPel.<\/li>\n<\/ul>\n<p><strong>P\u00fablico Alvo<\/strong>: Servidores(as) docentes, TAE\u2019s e trabalhadores(as) terceirizados(as) ativos(as) da UFPel*.*<\/p>\n<p><strong>Per\u00edodo de inscri\u00e7\u00e3o<\/strong>: 25\/06 a 15\/07<\/p>\n<p><strong>Divulga\u00e7\u00e3o das inscri\u00e7\u00f5es homologadas<\/strong>: 16\/07**, nesta p\u00e1gina.<\/p>\n<p>*Considerando a Pol\u00edtica Nacional de Desenvolvimento de Pessoas, conforme Decreto n\u00ba 9.991\/19, somente ser\u00e3o certificados(as) os(as) servidores(as) p\u00fablicos pertencentes ao Quadro Efetivo da UFPel;<br \/>** Quando homologadas as inscri\u00e7\u00f5es, os(as) selecionados(as) receber\u00e3o e-mail de confirma\u00e7\u00e3o com instru\u00e7\u00f5es.<\/p>\n<p><strong>Observa\u00e7\u00e3o<\/strong>: A homologa\u00e7\u00e3o das inscri\u00e7\u00f5es dos(as) trabalhadores(as) terceirizados ficar\u00e1 condicionada \u00e0 an\u00e1lise pr\u00e9via e manifesta\u00e7\u00e3o por parte do NUGEST\/PRA.<\/p>\n<p><strong><a href=\"https:\/\/wp.ufpel.edu.br\/progep\/files\/2025\/07\/HOMOLOGACAO-Planejando-acoes-ambientais-na-UFPEL_-conhecendo-o-licenciamento-e-a-gestao-de-areas-verdes-.pdf\" target=\"_blank\" rel=\"noopener\">Confira as inscri\u00e7\u00f5es homologadas aqui<\/a><\/strong><\/p>\n<p><span style=\"font-size: 14pt\"><strong>Contato:<\/strong> cdp.capacita@ufpel.edu.br<\/span><\/p>\n<\/div>\n<\/div>\n<\/div><\/div>\n","protected":false},"excerpt":{"rendered":"<p>ATEN\u00c7\u00c3O INSCRI\u00c7\u00d5ES PRORROGADAS. EVENTO REAGENDADO Planejando a\u00e7\u00f5es ambientais na UFPEL: conhecendo o licenciamento e a gest\u00e3o de \u00e1reas verdes A capacita\u00e7\u00e3o abordar\u00e1 o licenciamento ambiental na UFPel, a gest\u00e3o de \u00e1reas verdes e os procedimentos para o manejo adequado da vegeta\u00e7\u00e3o nos espa\u00e7os da universidade. Ser\u00e3o apresentados os aspectos legais e t\u00e9cnicos que orientam essas [&hellip;]<\/p>\n","protected":false},"author":21,"featured_media":0,"parent":0,"menu_order":0,"comment_status":"closed","ping_status":"closed","template":"","meta":{"footnotes":""},"class_list":["post-33498","page","type-page","status-publish","hentry"],"_links":{"self":[{"href":"https:\/\/wp.ufpel.edu.br\/progep\/wp-json\/wp\/v2\/pages\/33498","targetHints":{"allow":["GET"]}}],"collection":[{"href":"https:\/\/wp.ufpel.edu.br\/progep\/wp-json\/wp\/v2\/pages"}],"about":[{"href":"https:\/\/wp.ufpel.edu.br\/progep\/wp-json\/wp\/v2\/types\/page"}],"author":[{"embeddable":true,"href":"https:\/\/wp.ufpel.edu.br\/progep\/wp-json\/wp\/v2\/users\/21"}],"replies":[{"embeddable":true,"href":"https:\/\/wp.ufpel.edu.br\/progep\/wp-json\/wp\/v2\/comments?post=33498"}],"version-history":[{"count":3,"href":"https:\/\/wp.ufpel.edu.br\/progep\/wp-json\/wp\/v2\/pages\/33498\/revisions"}],"predecessor-version":[{"id":38406,"href":"https:\/\/wp.ufpel.edu.br\/progep\/wp-json\/wp\/v2\/pages\/33498\/revisions\/38406"}],"wp:attachment":[{"href":"https:\/\/wp.ufpel.edu.br\/progep\/wp-json\/wp\/v2\/media?parent=33498"}],"curies":[{"name":"wp","href":"https:\/\/api.w.org\/{rel}","templated":true}]}}