{"id":32525,"date":"2025-05-16T08:53:57","date_gmt":"2025-05-16T11:53:57","guid":{"rendered":"https:\/\/wp.ufpel.edu.br\/progep\/?page_id=32525"},"modified":"2025-10-22T10:31:30","modified_gmt":"2025-10-22T13:31:30","slug":"capacitacao-comunicacao-publica","status":"publish","type":"page","link":"https:\/\/wp.ufpel.edu.br\/progep\/capacitacao-comunicacao-publica\/","title":{"rendered":"Capacita\u00e7\u00e3o: Capacita na Web: Comunica\u00e7\u00e3o P\u00fablica"},"content":{"rendered":"\n<div class=\"wp-block-group\"><div class=\"wp-block-group__inner-container is-layout-constrained wp-block-group-is-layout-constrained\">\n<div class=\"acaoStyle\">\n<div class=\"cabecalhoAcoes\">\n<div>Como comunicar em uma institui\u00e7\u00e3o p\u00fablica?<\/div>\n<p>Uma das quest\u00f5es que nos unifica \u00e9 a comunica\u00e7\u00e3o e pensar ela no contexto universit\u00e1rio \u00e9 essencial. Dessa forma, a capacita\u00e7\u00e3o busca pensar como fazer a Comunica\u00e7\u00e3o Institucional, o que \u00e9, suas especificidades e seu p\u00fablico. Como tamb\u00e9m, suas boas pr\u00e1ticas.<\/p>\n<\/div>\n<div class=\"corpoStyle\"><strong>Facilitador(a): <\/strong>Thiago Bergmann Ara\u00fajo  (<em>Jornalista \/ Coordena\u00e7\u00e3o de Comunica\u00e7\u00e3o Social<\/em>)<br \/><strong>Data de realiza\u00e7\u00e3o<\/strong>: 04\/06, quarta-feira <br \/><strong>Hor\u00e1rio: <\/strong>14h \u00e0s 17h<br \/><strong>Carga hor\u00e1ria<\/strong>: 3h<br \/><strong>Modalidade: <\/strong><em>Online<\/em><br \/><strong>Local:\u00a0 <\/strong>Plataforma Webconf<br \/><strong>Ementa: <\/strong><\/p>\n<ul>\n<li>Como fazer Comunica\u00e7\u00e3o Institucional?<\/li>\n<li>O que \u00e9 a Comunica\u00e7\u00e3o P\u00fablica e suas especificidades<\/li>\n<li>Quais s\u00e3o os meus p\u00fablicos e como atingi-los?<\/li>\n<li>Que boas pr\u00e1ticas devo seguir?<\/li>\n<\/ul>\n<p><strong>P\u00fablico Alvo<\/strong>: Servidores(as) docentes, TAE\u2019s e trabalhadores(as) terceirizados(as) ativos(as) da UFPel*.*<\/p>\n<p><strong>Per\u00edodo de inscri\u00e7\u00e3o<\/strong>: 16\/05 a 01\/06<\/p>\n<p><strong>Divulga\u00e7\u00e3o das inscri\u00e7\u00f5es homologadas<\/strong>: 02\/06**, nesta p\u00e1gina.<\/p>\n<p>*Considerando a Pol\u00edtica Nacional de Desenvolvimento de Pessoas, conforme Decreto n\u00ba 9.991\/19, somente ser\u00e3o certificados(as) os(as) servidores(as) p\u00fablicos pertencentes ao Quadro Efetivo da UFPel;<br \/>** Quando homologadas as inscri\u00e7\u00f5es, os(as) selecionados(as) receber\u00e3o e-mail de confirma\u00e7\u00e3o com instru\u00e7\u00f5es.<\/p>\n<p><strong>Observa\u00e7\u00e3o<\/strong>: A homologa\u00e7\u00e3o das inscri\u00e7\u00f5es dos(as) trabalhadores(as) terceirizados ficar\u00e1 condicionada \u00e0 an\u00e1lise pr\u00e9via e manifesta\u00e7\u00e3o por parte do NUGEST\/PRA.<\/p>\n<p><strong><a target=\"_blank\" href=\"https:\/\/wp.ufpel.edu.br\/progep\/files\/2025\/06\/HOMOLOGACAO-Como-comunicar-em-uma-instituicao-publica_.pdf\" rel=\"noopener\">Confira os homologados aqui!<\/a><\/strong><\/p>\n<p><span style=\"font-size: 14pt\"><strong>Contato:<\/strong> cdp.capacita@ufpel.edu.br<\/span><\/p>\n<\/div>\n<\/div>\n<\/div><\/div>\n","protected":false},"excerpt":{"rendered":"<p>Como comunicar em uma institui\u00e7\u00e3o p\u00fablica? Uma das quest\u00f5es que nos unifica \u00e9 a comunica\u00e7\u00e3o e pensar ela no contexto universit\u00e1rio \u00e9 essencial. Dessa forma, a capacita\u00e7\u00e3o busca pensar como fazer a Comunica\u00e7\u00e3o Institucional, o que \u00e9, suas especificidades e seu p\u00fablico. Como tamb\u00e9m, suas boas pr\u00e1ticas. Facilitador(a): Thiago Bergmann Ara\u00fajo (Jornalista \/ Coordena\u00e7\u00e3o de [&hellip;]<\/p>\n","protected":false},"author":21,"featured_media":0,"parent":0,"menu_order":0,"comment_status":"closed","ping_status":"closed","template":"","meta":{"footnotes":""},"class_list":["post-32525","page","type-page","status-publish","hentry"],"_links":{"self":[{"href":"https:\/\/wp.ufpel.edu.br\/progep\/wp-json\/wp\/v2\/pages\/32525","targetHints":{"allow":["GET"]}}],"collection":[{"href":"https:\/\/wp.ufpel.edu.br\/progep\/wp-json\/wp\/v2\/pages"}],"about":[{"href":"https:\/\/wp.ufpel.edu.br\/progep\/wp-json\/wp\/v2\/types\/page"}],"author":[{"embeddable":true,"href":"https:\/\/wp.ufpel.edu.br\/progep\/wp-json\/wp\/v2\/users\/21"}],"replies":[{"embeddable":true,"href":"https:\/\/wp.ufpel.edu.br\/progep\/wp-json\/wp\/v2\/comments?post=32525"}],"version-history":[{"count":3,"href":"https:\/\/wp.ufpel.edu.br\/progep\/wp-json\/wp\/v2\/pages\/32525\/revisions"}],"predecessor-version":[{"id":38403,"href":"https:\/\/wp.ufpel.edu.br\/progep\/wp-json\/wp\/v2\/pages\/32525\/revisions\/38403"}],"wp:attachment":[{"href":"https:\/\/wp.ufpel.edu.br\/progep\/wp-json\/wp\/v2\/media?parent=32525"}],"curies":[{"name":"wp","href":"https:\/\/api.w.org\/{rel}","templated":true}]}}