{"id":32143,"date":"2025-04-28T15:56:04","date_gmt":"2025-04-28T18:56:04","guid":{"rendered":"https:\/\/wp.ufpel.edu.br\/progep\/?page_id=32143"},"modified":"2025-07-04T15:18:11","modified_gmt":"2025-07-04T18:18:11","slug":"guia-da-lideranca","status":"publish","type":"page","link":"https:\/\/wp.ufpel.edu.br\/progep\/guia-da-lideranca\/","title":{"rendered":"Guia da Lideran\u00e7a"},"content":{"rendered":"\n<div class=\"wp-block-group\"><div class=\"wp-block-group__inner-container is-layout-constrained wp-block-group-is-layout-constrained\">\n<div class=\"logoTituloModelStyle\"><img class=\"size-medium wp-image-27184 alignleft\" src=\"https:\/\/wp.ufpel.edu.br\/progep\/files\/2025\/03\/logo-progep_atualizacao-nome_AZUL.png\" alt=\"\" \/>\n<div style=\"padding: 2.5rem;font-size: 30pt\"><strong>Guia da Lideran\u00e7a<\/strong><\/div>\n<\/div>\n<hr class=\"hrModelStyle\" \/>\n<div class=\"descriptionModelStyle\">Confira nesta p\u00e1gina o &#8220;Guia da Lideran\u00e7a&#8221;, que versa sobre as compet\u00eancias e deveres do\/a gestor\/a. Em breve, a p\u00e1gina contar\u00e1 com outros recursos.<\/div>\n<\/div><\/div>\n\n\n\n\n<div class=\"guiaDaLiderancaStyle botaoStyle botaoGrandeStyle\">\n\n\n<a href=\"https:\/\/wp.ufpel.edu.br\/progep\/files\/2025\/04\/Guia-da-Lideranca-1.pdf\" target=\"_blank\">Confira aqui o Guia da Lideran\u00e7a<\/a>\n<\/div>","protected":false},"excerpt":{"rendered":"<p>Guia da Lideran\u00e7a Confira nesta p\u00e1gina o &#8220;Guia da Lideran\u00e7a&#8221;, que versa sobre as compet\u00eancias e deveres do\/a gestor\/a. Em breve, a p\u00e1gina contar\u00e1 com outros recursos. Confira aqui o Guia da Lideran\u00e7a<\/p>\n","protected":false},"author":21,"featured_media":0,"parent":0,"menu_order":0,"comment_status":"closed","ping_status":"closed","template":"page-sem-sidebar.php","meta":{"footnotes":""},"class_list":["post-32143","page","type-page","status-publish","hentry"],"_links":{"self":[{"href":"https:\/\/wp.ufpel.edu.br\/progep\/wp-json\/wp\/v2\/pages\/32143","targetHints":{"allow":["GET"]}}],"collection":[{"href":"https:\/\/wp.ufpel.edu.br\/progep\/wp-json\/wp\/v2\/pages"}],"about":[{"href":"https:\/\/wp.ufpel.edu.br\/progep\/wp-json\/wp\/v2\/types\/page"}],"author":[{"embeddable":true,"href":"https:\/\/wp.ufpel.edu.br\/progep\/wp-json\/wp\/v2\/users\/21"}],"replies":[{"embeddable":true,"href":"https:\/\/wp.ufpel.edu.br\/progep\/wp-json\/wp\/v2\/comments?post=32143"}],"version-history":[{"count":20,"href":"https:\/\/wp.ufpel.edu.br\/progep\/wp-json\/wp\/v2\/pages\/32143\/revisions"}],"predecessor-version":[{"id":34450,"href":"https:\/\/wp.ufpel.edu.br\/progep\/wp-json\/wp\/v2\/pages\/32143\/revisions\/34450"}],"wp:attachment":[{"href":"https:\/\/wp.ufpel.edu.br\/progep\/wp-json\/wp\/v2\/media?parent=32143"}],"curies":[{"name":"wp","href":"https:\/\/api.w.org\/{rel}","templated":true}]}}