{"id":30994,"date":"2025-04-04T11:22:00","date_gmt":"2025-04-04T14:22:00","guid":{"rendered":"https:\/\/wp.ufpel.edu.br\/progep\/?page_id=30994"},"modified":"2026-03-24T18:07:18","modified_gmt":"2026-03-24T21:07:18","slug":"promocao-e-progressao-docente","status":"publish","type":"page","link":"https:\/\/wp.ufpel.edu.br\/progep\/promocao-e-progressao-docente\/","title":{"rendered":"Promo\u00e7\u00e3o e Progress\u00e3o Docente"},"content":{"rendered":"\n<div class=\"wp-block-group\"><div class=\"wp-block-group__inner-container is-layout-constrained wp-block-group-is-layout-constrained\">\n<div class=\"logoTituloModelStyle\"><img class=\"size-medium wp-image-27184 alignleft\" src=\"https:\/\/wp.ufpel.edu.br\/progep\/files\/2025\/03\/logo-progep_atualizacao-nome_AZUL.png\" alt=\"\" \/><\/p>\n<div style=\"padding: 2rem 0\"><strong>Promo\u00e7\u00e3o e Progress\u00e3o Servidor\/a Docente<\/strong><\/div>\n<\/div>\n<hr class=\"hrModelStyle\" \/>\n<div class=\"descriptionModelStyle\">Confira sobre Promo\u00e7\u00e3o e Progress\u00e3o na Carreira dos\/as Servidores\/as Docentes.<\/div>\n<\/div><\/div>\n\n\n\n\n\n<div class=\"blocoDIVStyle paragrafoComumStyle\"><strong>Informa-se que a Resolu\u00e7\u00e3o 64\/2021 CONSUN (1530975)<\/strong> foi publicada novamente, em 11\/03\/2026, com a inclus\u00e3o de seus Anexo(s) I, II e III (3717110), conforme o link:  <a href=\"https:\/\/wp.ufpel.edu.br\/scs\/files\/2026\/03\/Resolucao-64.2021-CONSUN-e-anexos.pdf\" target=\"_blank\">Acesso a Resolu\u00e7\u00e3o 64\/2021 CONSUN (1530975)<\/a><\/div>\n\n<div class=\"blocoDIVStyle titleComumStyle\">O que \u00e9?<\/div>\n\n<div class=\"paragrafoComumStyle\">O <strong>ingresso de servidores\/as docentes <\/strong>ocorrer\u00e1 sempre no n\u00edvel<strong> 1 da Classe A: Assistente<\/strong>.\u00a0<\/div>\n\n\n\n<div class=\"paragrafoComumStyle\">O <strong>desenvolvimento na carreira <\/strong>ocorrer\u00e1 mediante <strong>progress\u00e3o <\/strong>(passagem do servidor para o n\u00edvel de vencimento imediatamente superior dentro de uma mesma classe) e <strong>promo\u00e7\u00e3o <\/strong>(passagem do\/a servidor\/a de uma classe para outra subsequente). <\/div>\n\n<div class=\"paragrafoComumStyle\"><strong>As progress\u00f5es s\u00e3o realizadas de of\u00edcio<\/strong>, ou seja, mensalmente as informa\u00e7\u00f5es dos\/as servidores\/as que completam o interst\u00edcio de 24 meses s\u00e3o relacionadas com os resultados da avalia\u00e7\u00e3o de desempenho (RAAD) dos dois anos anteriores. Havendo resultado favor\u00e1vel, a concess\u00e3o gerar\u00e1 efeitos financeiros a contar da data de interst\u00edcio. <strong>Dessa forma tamb\u00e9m ocorre a Promo\u00e7\u00e3o para a Classe B: Adjunto<\/strong>.<\/div>\n\n<div class=\"paragrafoComumStyle\">J\u00e1 as <strong>promo\u00e7\u00f5es para as Classes C: Associado e D: Titular (para EBTT: Classe C e Titular) <\/strong>devem ser <strong>requeridas pelo SEI \u00e0 Se\u00e7\u00e3o de Desenvolvimento na Carreira dos Servidores (SDCS). <\/strong>Nesses casos, as solicita\u00e7\u00f5es devem ser realizadas, no m\u00ednimo, (30) trinta dias antes do t\u00e9rmino do interst\u00edcio, pois \u00e9 o prazo que a banca tem para realizar a an\u00e1lise da documenta\u00e7\u00e3o.\u00a0<\/div>\n\n<div class=\"paragrafoComumStyle\">As condi\u00e7\u00f5es para a obten\u00e7\u00e3o da Promo\u00e7\u00e3o na Carreira do Magist\u00e9rio Superior s\u00e3o: <\/div>\n<ul class=\"MarginPaddingStyle\">\n<li class=\"paragrafoMenorStyle\"><strong>Para a classe B: Adjunto<\/strong> \u21e8 ser aprovado em processo de avalia\u00e7\u00e3o de desempenho;<\/li>\n\n<li class=\"paragrafoMenorStyle\"><strong>Classe C: Associado <\/strong>\u21e8 possuir t\u00edtulo de doutor e ter sua avalia\u00e7\u00e3o de desempenho acad\u00eamico realizada por banca espec\u00edfica, indicada pela CPPD (Art. 11 da <a style=\"color: #0000ff\" href=\"https:\/\/wp.ufpel.edu.br\/scs\/files\/2021\/12\/Res.-64-CONSUUN.pdf\" target=\"_blank\" rel=\"noopener\">Resolu\u00e7\u00e3o CONSUN n\u00ba 64\/2021 (Progress\u00e3o\/Promo\u00e7\u00e3o) &#8211; Em vigor desde 01\/01\/2022<\/a>);<\/li>\n\n<li class=\"paragrafoMenorStyle\"><strong>Classe D: Titular<\/strong> \u21e8 ser aprovado em processo de avalia\u00e7\u00e3o de desempenho e lograr aprova\u00e7\u00e3o de memorial, que dever\u00e1 considerar as atividades de ensino, pesquisa e extens\u00e3o, gest\u00e3o acad\u00eamica e produ\u00e7\u00e3o profissional relevante, ou defesa de tese acad\u00eamica in\u00e9dita, conforme <a style=\"color: #0000ff\" href=\"https:\/\/wp.ufpel.edu.br\/cppd\/files\/2012\/03\/Resolu%C3%A7%C3%A3o-015-2014-CONSUN.pdf\" target=\"_blank\" rel=\"noopener noreferrer\">Resolu\u00e7\u00e3o CONSUN n\u00ba 15\/2014<\/a>; <a style=\"color: #0000ff\" href=\"https:\/\/wp.ufpel.edu.br\/cppd\/files\/2012\/03\/Resolu%C3%A7%C3%A3o-015-2014-COCEPE-pdfff.pdf\" target=\"_blank\" rel=\"noopener noreferrer\">Resolu\u00e7\u00e3o COCEPE n\u00ba 15\/2014<\/a>; <a style=\"color: #0000ff\" href=\"https:\/\/wp.ufpel.edu.br\/cppd\/files\/2012\/03\/Altera%C3%A7%C3%A3o-da-Reolu%C3%A7%C3%A3o-015-2014-CONSUN.pdf\" target=\"_blank\" rel=\"noopener noreferrer\">Resolu\u00e7\u00e3o CONSUN n\u00ba 15\/2014<\/a>.<\/li>\n\n<\/ul>\n\n<div class=\"paragrafoComumStyle\">Para ser considerado apto, o\/a docente <span style=\"font-weight: 400\">dever\u00e1 <\/span>os seguintes resultados no Relat\u00f3rio Anual de Atividades Docentes (RAAD):<\/div><br>\n<table id=\"tablepress-167\" class=\"tablepress tablepress-id-167\">\n<thead>\n<tr class=\"row-1\">\n\t<th class=\"column-1\">RAAD<\/th><th class=\"column-2\">Valores para Regime de Trabalho de 20h<\/th><th class=\"column-3\">Valores para Regime de Trabalho de 40h e Dedica\u00e7\u00e3o Exclusiva<\/th>\n<\/tr>\n<\/thead>\n<tbody class=\"row-striping row-hover\">\n<tr class=\"row-2\">\n\t<td class=\"column-1\">Total de pontos (Resolu\u00e7\u00e3o CONSUN n\u00ba 64\/21 - Art. 9\u00ba)<\/td><td class=\"column-2\">\u2265 110<\/td><td class=\"column-3\">\u2265 150<\/td>\n<\/tr>\n<tr class=\"row-3\">\n\t<td class=\"column-1\">Carga Hor\u00e1ria Anual Efetiva (Resolu\u00e7\u00e3o CONSUN n\u00ba 64\/21 - Art. 10\u00ba)<\/td><td class=\"column-2\">880, margem de 10% (792 a 968)<\/td><td class=\"column-3\">1760, margem de 10% (1584 a 1936)<\/td>\n<\/tr>\n<\/tbody>\n<\/table>\n<!-- #tablepress-167 from cache -->\n\n\n<div class=\"paragrafoComumStyle\">A estrutura\u00e7\u00e3o da carreira pode ser observada a seguir:<\/div>\n<div class=\"tabelasRepoDoc\">\n<span class=\"collapseomatic \" id=\"id69e641a13d485\"  tabindex=\"0\" title=\"Tabela Professor Magist\u00e9rio Superior\"    >Tabela Professor Magist\u00e9rio Superior<\/span><div id=\"target-id69e641a13d485\" class=\"collapseomatic_content \">\n\n<table id=\"tablepress-6\" class=\"tablepress tablepress-id-6 tbody-has-connected-cells\">\n<thead>\n<tr class=\"row-1\">\n\t<th colspan=\"3\" class=\"column-1\">Situa\u00e7\u00e3o at\u00e9 31\/12\/2024<\/th><th colspan=\"3\" class=\"column-4\">Situa\u00e7\u00e3o a partir de 01\/01\/2025<\/th>\n<\/tr>\n<\/thead>\n<tbody class=\"row-striping row-hover\">\n<tr class=\"row-2\">\n\t<td class=\"column-1\">Classe<\/td><td class=\"column-2\">Denomina\u00e7\u00e3o<\/td><td class=\"column-3\">N\u00edvel<\/td><td class=\"column-4\">N\u00edvel<\/td><td class=\"column-5\">Denomina\u00e7\u00e3o<\/td><td class=\"column-6\">Classe<\/td>\n<\/tr>\n<tr class=\"row-3\">\n\t<td class=\"column-1\">E<\/td><td class=\"column-2\">Titular<\/td><td class=\"column-3\">1<\/td><td class=\"column-4\">1<\/td><td class=\"column-5\">Titular<\/td><td class=\"column-6\">D<\/td>\n<\/tr>\n<tr class=\"row-4\">\n\t<td rowspan=\"4\" class=\"column-1\">D<\/td><td rowspan=\"4\" class=\"column-2\">Associado<\/td><td class=\"column-3\">4<\/td><td class=\"column-4\">4<\/td><td rowspan=\"4\" class=\"column-5\">Associado<\/td><td rowspan=\"4\" class=\"column-6\">C<\/td>\n<\/tr>\n<tr class=\"row-5\">\n\t<td class=\"column-3\">3<\/td><td class=\"column-4\">3<\/td>\n<\/tr>\n<tr class=\"row-6\">\n\t<td class=\"column-3\">2<\/td><td class=\"column-4\">2<\/td>\n<\/tr>\n<tr class=\"row-7\">\n\t<td class=\"column-3\">1<\/td><td class=\"column-4\">1<\/td>\n<\/tr>\n<tr class=\"row-8\">\n\t<td rowspan=\"4\" class=\"column-1\">C<\/td><td rowspan=\"4\" class=\"column-2\">Adjunto<\/td><td class=\"column-3\">4<\/td><td class=\"column-4\">4<\/td><td rowspan=\"4\" class=\"column-5\">Adjunto<\/td><td rowspan=\"4\" class=\"column-6\">B<\/td>\n<\/tr>\n<tr class=\"row-9\">\n\t<td class=\"column-3\">3<\/td><td class=\"column-4\">3<\/td>\n<\/tr>\n<tr class=\"row-10\">\n\t<td class=\"column-3\">2<\/td><td class=\"column-4\">2<\/td>\n<\/tr>\n<tr class=\"row-11\">\n\t<td class=\"column-3\">1<\/td><td class=\"column-4\">1<\/td>\n<\/tr>\n<tr class=\"row-12\">\n\t<td rowspan=\"2\" class=\"column-1\">B<\/td><td rowspan=\"2\" class=\"column-2\">Assistente<\/td><td class=\"column-3\">2<\/td><td rowspan=\"8\" class=\"column-4\">1<\/td><td rowspan=\"8\" class=\"column-5\">Assistente<\/td><td rowspan=\"8\" class=\"column-6\">A<\/td>\n<\/tr>\n<tr class=\"row-13\">\n\t<td class=\"column-3\">1<\/td>\n<\/tr>\n<tr class=\"row-14\">\n\t<td rowspan=\"6\" class=\"column-1\">A<\/td><td class=\"column-2\">Adjunto-A, se doutor<\/td><td rowspan=\"3\" class=\"column-3\">2<\/td>\n<\/tr>\n<tr class=\"row-15\">\n\t<td class=\"column-2\">Assistente-A, se mestre<\/td>\n<\/tr>\n<tr class=\"row-16\">\n\t<td class=\"column-2\">Auxiliar-A, se Graduado ou Especialista<\/td>\n<\/tr>\n<tr class=\"row-17\">\n\t<td class=\"column-2\">Adjunto-A, se doutor<\/td><td rowspan=\"3\" class=\"column-3\">1<\/td>\n<\/tr>\n<tr class=\"row-18\">\n\t<td class=\"column-2\">Assistente-A, se mestre<\/td>\n<\/tr>\n<tr class=\"row-19\">\n\t<td class=\"column-2\">Auxiliar-A, se Graduado ou Especialista<\/td>\n<\/tr>\n<\/tbody>\n<\/table>\n<!-- #tablepress-6 from cache -->\n<\/div>\n<\/div>\n<div class=\"paragrafoComumStyle\">A estrutura\u00e7\u00e3o no caso da Carreira de Magist\u00e9rio do Ensino B\u00e1sico, T\u00e9cnico e Tecnol\u00f3gico (EBTT) possui denomina\u00e7\u00f5es diferentes, como pode ser observado na tabela a seguir, por\u00e9m apresenta tamb\u00e9m os requisitos de interst\u00edcio de 24 meses e de resultado favor\u00e1vel em avalia\u00e7\u00e3o de desempenho.<\/div>\n\n<div class=\"tabelasRepoDoc\">\n<span class=\"collapseomatic \" id=\"id69e641a13dad3\"  tabindex=\"0\" title=\"Tabela Professor do Ensino B\u00e1sico, T\u00e9cnico e Tecnol\u00f3gico\"    >Tabela Professor do Ensino B\u00e1sico, T\u00e9cnico e Tecnol\u00f3gico<\/span><div id=\"target-id69e641a13dad3\" class=\"collapseomatic_content \">\n\n<table id=\"tablepress-7\" class=\"tablepress tablepress-id-7 tbody-has-connected-cells\">\n<thead>\n<tr class=\"row-1\">\n\t<th colspan=\"2\" class=\"column-1\">Situa\u00e7\u00e3o at\u00e9 31\/12\/2024<\/th><th colspan=\"2\" class=\"column-3\">Situa\u00e7\u00e3o a partir de 01\/01\/2025<\/th>\n<\/tr>\n<\/thead>\n<tbody class=\"row-striping row-hover\">\n<tr class=\"row-2\">\n\t<td class=\"column-1\">Classe<\/td><td class=\"column-2\">N\u00edvel<\/td><td class=\"column-3\">Classe<\/td><td class=\"column-4\">N\u00edvel<\/td>\n<\/tr>\n<tr class=\"row-3\">\n\t<td class=\"column-1\">Titular<\/td><td class=\"column-2\">1<\/td><td class=\"column-3\">Titular<\/td><td class=\"column-4\">1<\/td>\n<\/tr>\n<tr class=\"row-4\">\n\t<td rowspan=\"4\" class=\"column-1\">D IV<\/td><td class=\"column-2\">4<\/td><td rowspan=\"4\" class=\"column-3\">C<\/td><td class=\"column-4\">4<\/td>\n<\/tr>\n<tr class=\"row-5\">\n\t<td class=\"column-2\">3<\/td><td class=\"column-4\">3<\/td>\n<\/tr>\n<tr class=\"row-6\">\n\t<td class=\"column-2\">2<\/td><td class=\"column-4\">2<\/td>\n<\/tr>\n<tr class=\"row-7\">\n\t<td class=\"column-2\">1<\/td><td class=\"column-4\">1<\/td>\n<\/tr>\n<tr class=\"row-8\">\n\t<td rowspan=\"4\" class=\"column-1\">D III<\/td><td class=\"column-2\">4<\/td><td rowspan=\"4\" class=\"column-3\">B<\/td><td class=\"column-4\">4<\/td>\n<\/tr>\n<tr class=\"row-9\">\n\t<td class=\"column-2\">3<\/td><td class=\"column-4\">3<\/td>\n<\/tr>\n<tr class=\"row-10\">\n\t<td class=\"column-2\">2<\/td><td class=\"column-4\">2<\/td>\n<\/tr>\n<tr class=\"row-11\">\n\t<td class=\"column-2\">1<\/td><td class=\"column-4\">1<\/td>\n<\/tr>\n<tr class=\"row-12\">\n\t<td rowspan=\"2\" class=\"column-1\">D II<\/td><td class=\"column-2\">2<\/td><td rowspan=\"4\" class=\"column-3\">A<\/td><td rowspan=\"4\" class=\"column-4\">1<\/td>\n<\/tr>\n<tr class=\"row-13\">\n\t<td class=\"column-2\">1<\/td>\n<\/tr>\n<tr class=\"row-14\">\n\t<td rowspan=\"2\" class=\"column-1\">D I<\/td><td class=\"column-2\">2<\/td>\n<\/tr>\n<tr class=\"row-15\">\n\t<td class=\"column-2\">1<\/td>\n<\/tr>\n<\/tbody>\n<\/table>\n<!-- #tablepress-7 from cache -->\n<\/div>\n<\/div>\n\n\n\n\n\n<div class=\"paragrafoComumStyle\"><strong>Base de Conhecimento do SEI <\/strong>para altera\u00e7\u00f5es funcionais que necessitam de solicita\u00e7\u00e3o do\/a servidor\/a: <a href=\"https:\/\/wp.ufpel.edu.br\/escritoriodeprocessos\/files\/2023\/08\/Promocao-Funcional-com-Banca.pdf\" target=\"_blank\">Promo\u00e7\u00e3o Funcional com Banca<\/a><\/div>\n\n<div class=\"blocoDIVStyle\">\n<div class=\"titleComumStyle\">Fundamento Legal:<\/div><br><div class=\"linksComum\">\n\n<a href=\"https:\/\/wp.ufpel.edu.br\/scs\/files\/2026\/03\/Resolucao-64.2021-CONSUN-e-anexos.pdf\" target=\"_blank\"><strong>RESOLU\u00c7\u00c3O N\u00ba 64, DE 08 DE DEZEMBRO DE 2021<\/strong><\/a>\n<a href=\"https:\/\/www.in.gov.br\/en\/web\/dou\/-\/lei-n-15.141-de-2-de-junho-de-2025-633791330\" target=\"_blank\"><strong>Lei n\u00ba 15.141, de 2 de junho de 2025<\/strong><\/a>\n<a href=\"http:\/\/www.planalto.gov.br\/ccivil_03\/_ato2011-2014\/2012\/lei\/l12772.htm\" target=\"_blank\" rel=\"noopener noreferrer\">Lei n\u00ba 12.772\/2012<\/a>\n\n<a href=\"https:\/\/www.in.gov.br\/materia\/-\/asset_publisher\/Kujrw0TZC2Mb\/content\/id\/30686939\/do1-2013-06-21-portaria-n-554-de-20-de-junho-de-2013-30686935\" target=\"_blank\" rel=\"noopener\">Portaria MEC n\u00ba 554\/2013<\/a>\n\n<a href=\"https:\/\/wp.ufpel.edu.br\/scs\/files\/2021\/12\/Res.-64-CONSUUN.pdf\" target=\"_blank\" rel=\"noopener\">Resolu\u00e7\u00e3o CONSUN n\u00ba 64\/2021 (Progress\u00e3o\/Promo\u00e7\u00e3o) &#8211; Em vigor desde 01\/01\/2022<\/a>\n\n<a href=\"https:\/\/wp.ufpel.edu.br\/cppd\/files\/2012\/03\/RES.10_2015-CONSUN-Progress%C3%A3o-_Promo%C3%A7%C3%A3o1.pdf\" target=\"_blank\" rel=\"noopener noreferrer\">Resolu\u00e7\u00e3o n\u00ba 10\/2015- CONSUN (Progress\u00e3o\/Promo\u00e7\u00e3o) &#8211; Em vigor at\u00e9 31\/12\/2021<\/a>\n\n<a href=\"https:\/\/wp.ufpel.edu.br\/cppd\/files\/2012\/03\/ANEXO-Resolu%C3%A7%C3%A3o-104.pdf\" target=\"_blank\" rel=\"noopener noreferrer\">ANEXO \u00e0 Resolu\u00e7\u00e3o n\u00ba 10\/2015 &#8211; Em vigor at\u00e9 31\/12\/2021<\/a>\n\n<a href=\"https:\/\/wp.ufpel.edu.br\/cppd\/files\/2012\/03\/PARECER-424_2014_CABJ_PF_UFPEL_PGF_AGU-Efeitos-financeiros-progressao-docente.pdf\" target=\"_blank\">Efeitos Financeiros<\/a>\n\n<a href=\"https:\/\/wp.ufpel.edu.br\/cppd\/files\/2012\/03\/Resolu%C3%A7%C3%A3o-015-2014-CONSUN.pdf\" target=\"_blank\" rel=\"noopener noreferrer\">Classe E \u2013 Titular: Resolu\u00e7\u00e3o CONSUN n\u00ba 15\/2014<\/a>\n\n<a href=\"https:\/\/wp.ufpel.edu.br\/cppd\/files\/2012\/03\/Resolu%C3%A7%C3%A3o-015-2014-COCEPE-pdfff.pdf\" target=\"_blank\" rel=\"noopener noreferrer\">Classe E \u2013 Titular: Resolu\u00e7\u00e3o COCEPE n\u00ba 15\/2014<\/a>\n\n<a href=\"https:\/\/wp.ufpel.edu.br\/cppd\/files\/2012\/03\/Altera%C3%A7%C3%A3o-da-Reolu%C3%A7%C3%A3o-015-2014-CONSUN.pdf\" target=\"_blank\">Classe E \u2013 Titular:\u00a0Altera\u00e7\u00e3o da Resolu\u00e7\u00e3o CONSUN n\u00ba 15\/2014<\/a>\n\n<a href=\"https:\/\/wp.ufpel.edu.br\/progep\/files\/2024\/09\/Parecer-2-2024-CFEDU-progressao-de-docentes.pdf\" target=\"_blank\">PARECER n. 00002\/2024\/CFEDU\/SUBCONSU\/PGF\/AGU<\/a><br><\/div><br><\/div>\n\n<div class=\"prevLegal\"><br><div class=\"titleComumStyle\">D\u00favidas:<\/div><br><div class=\"paragrafoComumStyle\">Favor encaminhar pelo <a href=\"https:\/\/wp.ufpel.edu.br\/perguntas\/solicitar-atendimento\/\" target=\"_blank\" rel=\"noopener\">Sistema de Atendimento da UFPel<\/a> escolhendo como &#8220;\u00e1rea desejada&#8221; a op\u00e7\u00e3o &#8220;Gest\u00e3o de Pessoas\/Desenvolvimento de Pessoal&#8221; e para &#8220;t\u00f3pico&#8221;, a op\u00e7\u00e3o &#8220;Progress\u00e3o\/Promo\u00e7\u00e3o Funcional &#8211; DOC&#8221;.<\/div><br><\/div><\/p>\n","protected":false},"excerpt":{"rendered":"<p>Promo\u00e7\u00e3o e Progress\u00e3o Servidor\/a Docente Confira sobre Promo\u00e7\u00e3o e Progress\u00e3o na Carreira dos\/as Servidores\/as Docentes. Informa-se que a Resolu\u00e7\u00e3o 64\/2021 CONSUN (1530975) foi publicada novamente, em 11\/03\/2026, com a inclus\u00e3o de seus Anexo(s) I, II e III (3717110), conforme o link: Acesso a Resolu\u00e7\u00e3o 64\/2021 CONSUN (1530975) O que \u00e9? O ingresso de servidores\/as docentes [&hellip;]<\/p>\n","protected":false},"author":21,"featured_media":0,"parent":0,"menu_order":0,"comment_status":"closed","ping_status":"closed","template":"","meta":{"footnotes":""},"class_list":["post-30994","page","type-page","status-publish","hentry"],"_links":{"self":[{"href":"https:\/\/wp.ufpel.edu.br\/progep\/wp-json\/wp\/v2\/pages\/30994","targetHints":{"allow":["GET"]}}],"collection":[{"href":"https:\/\/wp.ufpel.edu.br\/progep\/wp-json\/wp\/v2\/pages"}],"about":[{"href":"https:\/\/wp.ufpel.edu.br\/progep\/wp-json\/wp\/v2\/types\/page"}],"author":[{"embeddable":true,"href":"https:\/\/wp.ufpel.edu.br\/progep\/wp-json\/wp\/v2\/users\/21"}],"replies":[{"embeddable":true,"href":"https:\/\/wp.ufpel.edu.br\/progep\/wp-json\/wp\/v2\/comments?post=30994"}],"version-history":[{"count":3,"href":"https:\/\/wp.ufpel.edu.br\/progep\/wp-json\/wp\/v2\/pages\/30994\/revisions"}],"predecessor-version":[{"id":40952,"href":"https:\/\/wp.ufpel.edu.br\/progep\/wp-json\/wp\/v2\/pages\/30994\/revisions\/40952"}],"wp:attachment":[{"href":"https:\/\/wp.ufpel.edu.br\/progep\/wp-json\/wp\/v2\/media?parent=30994"}],"curies":[{"name":"wp","href":"https:\/\/api.w.org\/{rel}","templated":true}]}}