{"id":30817,"date":"2025-03-28T15:48:15","date_gmt":"2025-03-28T18:48:15","guid":{"rendered":"https:\/\/wp.ufpel.edu.br\/progep\/?page_id=30817"},"modified":"2025-06-30T16:20:39","modified_gmt":"2025-06-30T19:20:39","slug":"gestao-de-riscos-cenario-atual-na-universidade-federal-do-pampa","status":"publish","type":"page","link":"https:\/\/wp.ufpel.edu.br\/progep\/gestao-de-riscos-cenario-atual-na-universidade-federal-do-pampa\/","title":{"rendered":"Capacita\u00e7\u00e3o: Capacita na Web: Gest\u00e3o de Riscos: UNIPAMPA"},"content":{"rendered":"<div class=\"acaoStyle\">\n<div class=\"cabecalhoAcoes\">\n<div>Gest\u00e3o de Riscos: Cen\u00e1rio atual na Universidade Federal do Pampa<\/div>\n<p>A capacita\u00e7\u00e3o tem por objetivo apresentar as a\u00e7\u00f5es de Gest\u00e3o de Riscos realizadas na pr\u00e1tica di\u00e1ria da Universidade Federal do Pampa, demonstrando a metodologia adotada e as ferramentas de apoio para a realiza\u00e7\u00e3o da Gest\u00e3o de Riscos.<\/p>\n<\/div>\n<div class=\"corpoStyle\"><strong>Facilitador(a): <\/strong>Pierre Corr\u00eaa Martin (Analista de Tecnologia da Informa\u00e7\u00e3o e Comunica\u00e7\u00e3o\/UNIPAMPA)<br \/>\n<b><\/b><b>Modalidade:\u00a0<\/b><em>Online<\/em>.<br \/>\n<strong>Carga hor\u00e1ria:<\/strong> 8 horas<br \/>\n<strong>Data<\/strong>: 04 de abril de 2025<br \/>\n<strong>Hor\u00e1rio:<\/strong><br \/>\nManh\u00e3: 08:00 \u00e0s 12h.<br \/>\nTarde: 13:30 \u00e0s 17:30.<br \/>\n<strong>Realiza\u00e7\u00e3o<\/strong>: Plataforma Webconf<\/p>\n<p><strong>Ementa:<\/strong><br \/>\n&#8211; Apresentar conceitos de Gest\u00e3o de Riscos;<br \/>\n&#8211; Demonstrar de que forma podem ser aplicados os conceitos de Gest\u00e3o de Riscos;<br \/>\n&#8211; Relatar o hist\u00f3rico da implanta\u00e7\u00e3o de Gest\u00e3o de Riscos na Unipampa;<br \/>\n&#8211; Apresentar as ferramentas utilizadas para a identifica\u00e7\u00e3o e an\u00e1lise dos riscos;<\/p>\n<p class=\"v1MsoNormal\"><strong>P\u00fablico:<\/strong><br \/>\n&#8211; Membros dos Comit\u00eas Tem\u00e1ticos que comp\u00f5em a estrutura de<br \/>\ngovernan\u00e7a na UFPel;<br \/>\n&#8211; Servidores da Unidades relacionadas \u00e0 estrutura de integridade na UFPel.<\/p>\n<p><strong>Per\u00edodo de inscri\u00e7\u00e3o<\/strong>: at\u00e9 dia 01\/04<\/p>\n<p><strong>Divulga\u00e7\u00e3o das inscri\u00e7\u00f5es homologadas<\/strong>: 02\/04**, nesta p\u00e1gina.<\/p>\n<p>*Considerando a Pol\u00edtica Nacional de Desenvolvimento de Pessoas, conforme Decreto n\u00ba 9.991\/19, somente ser\u00e3o certificados os\/as servidores\/as p\u00fablicos\/as pertencentes ao Quadro Efetivo da UFPel.<\/p>\n<p>**Quando homologadas as inscri\u00e7\u00f5es, os\/as selecionados\/as receber\u00e3o e-mail com instru\u00e7\u00f5es de acesso \u00e0 Plataforma E-projeto da UFPel.<\/p>\n<p><a href=\"https:\/\/wp.ufpel.edu.br\/progep\/files\/2025\/04\/HOMOLOGACAO-Gestao-de-Riscos_-Cenario-atual-na-Universidade-Federal-do-Pampa.pdf\"> Confira aqui as inscri\u00e7\u00f5es homologadas<\/a><\/p>\n<p><strong>Contato SFS:<\/strong>\u00a0cdp.capacita@ufpel.edu.br<\/p>\n<\/div>\n<\/div>\n","protected":false},"excerpt":{"rendered":"<p>Gest\u00e3o de Riscos: Cen\u00e1rio atual na Universidade Federal do Pampa A capacita\u00e7\u00e3o tem por objetivo apresentar as a\u00e7\u00f5es de Gest\u00e3o de Riscos realizadas na pr\u00e1tica di\u00e1ria da Universidade Federal do Pampa, demonstrando a metodologia adotada e as ferramentas de apoio para a realiza\u00e7\u00e3o da Gest\u00e3o de Riscos. Facilitador(a): Pierre Corr\u00eaa Martin (Analista de Tecnologia da [&hellip;]<\/p>\n","protected":false},"author":21,"featured_media":0,"parent":0,"menu_order":0,"comment_status":"closed","ping_status":"closed","template":"","meta":{"footnotes":""},"class_list":["post-30817","page","type-page","status-publish","hentry"],"_links":{"self":[{"href":"https:\/\/wp.ufpel.edu.br\/progep\/wp-json\/wp\/v2\/pages\/30817","targetHints":{"allow":["GET"]}}],"collection":[{"href":"https:\/\/wp.ufpel.edu.br\/progep\/wp-json\/wp\/v2\/pages"}],"about":[{"href":"https:\/\/wp.ufpel.edu.br\/progep\/wp-json\/wp\/v2\/types\/page"}],"author":[{"embeddable":true,"href":"https:\/\/wp.ufpel.edu.br\/progep\/wp-json\/wp\/v2\/users\/21"}],"replies":[{"embeddable":true,"href":"https:\/\/wp.ufpel.edu.br\/progep\/wp-json\/wp\/v2\/comments?post=30817"}],"version-history":[{"count":18,"href":"https:\/\/wp.ufpel.edu.br\/progep\/wp-json\/wp\/v2\/pages\/30817\/revisions"}],"predecessor-version":[{"id":34278,"href":"https:\/\/wp.ufpel.edu.br\/progep\/wp-json\/wp\/v2\/pages\/30817\/revisions\/34278"}],"wp:attachment":[{"href":"https:\/\/wp.ufpel.edu.br\/progep\/wp-json\/wp\/v2\/media?parent=30817"}],"curies":[{"name":"wp","href":"https:\/\/api.w.org\/{rel}","templated":true}]}}