{"id":30802,"date":"2025-03-28T16:16:44","date_gmt":"2025-03-28T19:16:44","guid":{"rendered":"https:\/\/wp.ufpel.edu.br\/progep\/?page_id=30802"},"modified":"2026-01-22T20:02:31","modified_gmt":"2026-01-22T23:02:31","slug":"progressao-por-merito","status":"publish","type":"page","link":"https:\/\/wp.ufpel.edu.br\/progep\/progressao-por-merito\/","title":{"rendered":"Progress\u00e3o por M\u00e9rito de T\u00e9cnico\/a-Administrativo\/a"},"content":{"rendered":"\n<div class=\"wp-block-group\"><div class=\"wp-block-group__inner-container is-layout-constrained wp-block-group-is-layout-constrained\">\n<div class=\"logoTituloModelStyle\"><img class=\"size-medium wp-image-27184 alignleft\" src=\"https:\/\/wp.ufpel.edu.br\/progep\/files\/2025\/03\/logo-progep_atualizacao-nome_AZUL.png\" alt=\"\" \/>\n<div style=\"padding: 2rem 0\"><strong>Progress\u00e3o por M\u00e9rito de T\u00e9cnico\/a-Administrativo\/a<\/strong><\/div>\n<\/div>\n<hr class=\"hrModelStyle\" \/>\n<div class=\"descriptionModelStyle\">A Progress\u00e3o por M\u00e9rito foi modificada pela <a href=\"https:\/\/www.in.gov.br\/en\/web\/dou\/-\/lei-n-15.141-de-2-de-junho-de-2025-633791330\" target=\"_blank\" rel=\"noopener\">LEI N\u00ba 15.141, DE 2 DE JUNHO DE 2025<\/a>. Nesta p\u00e1gina, ser\u00e3o apresentadas as principais altera\u00e7\u00f5es. Fique atualizado(a)!<\/div>\n<\/div><\/div>\n\n\n<div class=\"blocoDIVStyle\"><strong style=\"text-indent: 2.5rem;padding: 0 1rem;font-size: 14pt\">ATEN\u00c7\u00c3O: A participa\u00e7\u00e3o no <a href=\"https:\/\/wp.ufpel.edu.br\/progep\/avaliacao-de-desempenho-de-tecnico-administrativo\/\" title=\"Avalia\u00e7\u00e3o de Desempenho de TAE\" target=\"_blank\">processo avaliativo<\/a> \u00e9 indispens\u00e1vel para a obten\u00e7\u00e3o da Progress\u00e3o por M\u00e9rito.<\/strong><\/div>\n<hr \/>\n<div class=\"titleComumStyle\">O que \u00e9?<\/div>\n<p class=\"paragrafoComumStyle\">A Progress\u00e3o por M\u00e9rito \u00e9 uma das formas de desenvolvimento da carreira dos(as) servidores(as) T\u00e9cnico-Administrativos em Educa\u00e7\u00e3o (TAEs). A mudan\u00e7a para o padr\u00e3o de vencimento imediatamente subsequente ocorrer\u00e1 a cada 12 (doze) meses de efetivo exerc\u00edcio, mediante resultado favor\u00e1vel em processo de <a href=\"https:\/\/wp.ufpel.edu.br\/progep\/cdp\/%EF%82%A7programa-de-avaliacao-de-desempenho-do-servidor-tecnico-administrativo\/\" target=\"_blank\" rel=\"noopener noreferrer\">avalia\u00e7\u00e3o de desempenho<\/a>.<\/p>\n\n<p class=\"paragrafoComumStyle\">A partir de 01\/01\/2025, a carreira passou a ser estruturada em 19 padr\u00f5es de vencimento (confira neste link <a href=\"https:\/\/wp.ufpel.edu.br\/progep\/reposicionamento-da-carreira-tae-medida-provisoria\/\">Reposicionamento da carreira T\u00e9cnico Administrativo em Educa\u00e7\u00e3o \u2013 Medida Provis\u00f3ria).<\/a> Ao entrar em exerc\u00edcio, o(a) servidor(a) inicia no padr\u00e3o de vencimento 1 e, a cada 12 meses, tem direito a progredir para a posi\u00e7\u00e3o seguinte. Veja tabela abaixo:<\/p>\n\n<div class=\"tabelasRepoDoc\" style=\"padding: 1rem\">\n<p><span style=\"font-size: 14pt\"><span class=\"collapseomatic \" id=\"id6a036df222453\"  tabindex=\"0\" title=\"T\u00e9cnico-administrativo em educa\u00e7\u00e3o (PCCTAE)\"    >T\u00e9cnico-administrativo em educa\u00e7\u00e3o (PCCTAE)<\/span><div id=\"target-id6a036df222453\" class=\"collapseomatic_content \"><\/span><br \/><span style=\"font-size: 14pt\">\n<table id=\"tablepress-8\" class=\"tablepress tablepress-id-8\">\n<thead>\n<tr class=\"row-1\">\n\t<td class=\"column-1\"><\/td><th class=\"column-2\">Situa\u00e7\u00e3o at\u00e9 31\/12\/2024<\/th><td class=\"column-3\"><\/td><td class=\"column-4\"><\/td><td class=\"column-5\"><\/td><th class=\"column-6\">Situa\u00e7\u00e3o a partir de 01\/01\/2025<\/th>\n<\/tr>\n<tr class=\"row-2\">\n\t<td class=\"column-1\"><\/td><th class=\"column-2\">N\u00edvel de capacita\u00e7\u00e3o<\/th><td class=\"column-3\"><\/td><td class=\"column-4\"><\/td><td class=\"column-5\"><\/td><td class=\"column-6\"><\/td>\n<\/tr>\n<tr class=\"row-3\">\n\t<td class=\"column-1\"><\/td><th class=\"column-2\">I<\/th><th class=\"column-3\">II<\/th><th class=\"column-4\">III<\/th><th class=\"column-5\">IV<\/th><td class=\"column-6\"><\/td>\n<\/tr>\n<\/thead>\n<tbody class=\"row-striping row-hover\">\n<tr class=\"row-4\">\n\t<td class=\"column-1\">Padr\u00e3o de vencimento<\/td><td class=\"column-2\">1<\/td><td class=\"column-3\"><\/td><td class=\"column-4\"><\/td><td class=\"column-5\"><\/td><td class=\"column-6\">1<\/td>\n<\/tr>\n<tr class=\"row-5\">\n\t<td class=\"column-1\"><\/td><td class=\"column-2\">2<\/td><td class=\"column-3\">1<\/td><td class=\"column-4\"><\/td><td class=\"column-5\"><\/td><td class=\"column-6\">2<\/td>\n<\/tr>\n<tr class=\"row-6\">\n\t<td class=\"column-1\"><\/td><td class=\"column-2\">3<\/td><td class=\"column-3\">2<\/td><td class=\"column-4\">1<\/td><td class=\"column-5\"><\/td><td class=\"column-6\">3<\/td>\n<\/tr>\n<tr class=\"row-7\">\n\t<td class=\"column-1\"><\/td><td class=\"column-2\">4<\/td><td class=\"column-3\">3<\/td><td class=\"column-4\">2<\/td><td class=\"column-5\">1<\/td><td class=\"column-6\">4<\/td>\n<\/tr>\n<tr class=\"row-8\">\n\t<td class=\"column-1\"><\/td><td class=\"column-2\">5<\/td><td class=\"column-3\">4<\/td><td class=\"column-4\">3<\/td><td class=\"column-5\">2<\/td><td class=\"column-6\">5<\/td>\n<\/tr>\n<tr class=\"row-9\">\n\t<td class=\"column-1\"><\/td><td class=\"column-2\">6<\/td><td class=\"column-3\">5<\/td><td class=\"column-4\">4<\/td><td class=\"column-5\">3<\/td><td class=\"column-6\">6<\/td>\n<\/tr>\n<tr class=\"row-10\">\n\t<td class=\"column-1\"><\/td><td class=\"column-2\">7<\/td><td class=\"column-3\">6<\/td><td class=\"column-4\">5<\/td><td class=\"column-5\">4<\/td><td class=\"column-6\">7<\/td>\n<\/tr>\n<tr class=\"row-11\">\n\t<td class=\"column-1\"><\/td><td class=\"column-2\">8<\/td><td class=\"column-3\">7<\/td><td class=\"column-4\">6<\/td><td class=\"column-5\">5<\/td><td class=\"column-6\">8<\/td>\n<\/tr>\n<tr class=\"row-12\">\n\t<td class=\"column-1\"><\/td><td class=\"column-2\">9<\/td><td class=\"column-3\">8<\/td><td class=\"column-4\">7<\/td><td class=\"column-5\">6<\/td><td class=\"column-6\">9<\/td>\n<\/tr>\n<tr class=\"row-13\">\n\t<td class=\"column-1\"><\/td><td class=\"column-2\">10<\/td><td class=\"column-3\">9<\/td><td class=\"column-4\">8<\/td><td class=\"column-5\">7<\/td><td class=\"column-6\">10<\/td>\n<\/tr>\n<tr class=\"row-14\">\n\t<td class=\"column-1\"><\/td><td class=\"column-2\">11<\/td><td class=\"column-3\">10<\/td><td class=\"column-4\">9<\/td><td class=\"column-5\">8<\/td><td class=\"column-6\">11<\/td>\n<\/tr>\n<tr class=\"row-15\">\n\t<td class=\"column-1\"><\/td><td class=\"column-2\">12<\/td><td class=\"column-3\">11<\/td><td class=\"column-4\">10<\/td><td class=\"column-5\">9<\/td><td class=\"column-6\">12<\/td>\n<\/tr>\n<tr class=\"row-16\">\n\t<td class=\"column-1\"><\/td><td class=\"column-2\">13<\/td><td class=\"column-3\">12<\/td><td class=\"column-4\">11<\/td><td class=\"column-5\">10<\/td><td class=\"column-6\">13<\/td>\n<\/tr>\n<tr class=\"row-17\">\n\t<td class=\"column-1\"><\/td><td class=\"column-2\">14<\/td><td class=\"column-3\">13<\/td><td class=\"column-4\">12<\/td><td class=\"column-5\">11<\/td><td class=\"column-6\">14<\/td>\n<\/tr>\n<tr class=\"row-18\">\n\t<td class=\"column-1\"><\/td><td class=\"column-2\">15<\/td><td class=\"column-3\">14<\/td><td class=\"column-4\">13<\/td><td class=\"column-5\">12<\/td><td class=\"column-6\">15<\/td>\n<\/tr>\n<tr class=\"row-19\">\n\t<td class=\"column-1\"><\/td><td class=\"column-2\">16<\/td><td class=\"column-3\">15<\/td><td class=\"column-4\">14<\/td><td class=\"column-5\">13<\/td><td class=\"column-6\">16<\/td>\n<\/tr>\n<tr class=\"row-20\">\n\t<td class=\"column-1\"><\/td><td class=\"column-2\"><\/td><td class=\"column-3\">16<\/td><td class=\"column-4\">15<\/td><td class=\"column-5\">14<\/td><td class=\"column-6\">17<\/td>\n<\/tr>\n<tr class=\"row-21\">\n\t<td class=\"column-1\"><\/td><td class=\"column-2\"><\/td><td class=\"column-3\"><\/td><td class=\"column-4\">16<\/td><td class=\"column-5\">15<\/td><td class=\"column-6\">18<\/td>\n<\/tr>\n<tr class=\"row-22\">\n\t<td class=\"column-1\"><\/td><td class=\"column-2\"><\/td><td class=\"column-3\"><\/td><td class=\"column-4\"><\/td><td class=\"column-5\">16<\/td><td class=\"column-6\">19<\/td>\n<\/tr>\n<\/tbody>\n<\/table>\n<!-- #tablepress-8 from cache --><\/span><br \/><span style=\"font-size: 14pt\"><em>Anexo I-D \u00e0 Lei n\u00ba 11.091, de 12 de janeiro de 2005, adaptado<\/em><\/span><\/div>\n<\/div>\n<p class=\"paragrafoComumStyle\">\u00c9 poss\u00edvel consultar no SOUGOV a posi\u00e7\u00e3o atual, <strong>Meu Perfil&gt;Meus Dados Funcionais&gt;Cadastro Funcional&gt;Cargo\/Emprego<\/strong> e consultar a Classe e Padr\u00e3o atual.<\/p>\n\n<p class=\"paragrafoComumStyle\">Salientamos que a Progress\u00e3o por M\u00e9rito \u00e9 realizada de of\u00edcio, ou seja, mensalmente, as informa\u00e7\u00f5es dos(as) servidores(as) que completam <strong>o interst\u00edcio de 12 meses<\/strong> s\u00e3o relacionadas com <strong>os resultados do processo de avalia\u00e7\u00e3o de desempenho do ano anterior.<\/strong> A concess\u00e3o da progress\u00e3o por m\u00e9rito aos(\u00e0s) servidores(as) que obtiveram resultado favor\u00e1vel em todos os fatores analisados (<strong>assiduidade, disciplina, capacidade de iniciativa, produtividade e responsabilidade<\/strong>), gerar\u00e1 efeitos financeiros a contar da data de interst\u00edcio. Ficar\u00e1 impossibilitado(a) de progredir por m\u00e9rito, at\u00e9 o pr\u00f3ximo interst\u00edcio, o(a) servidor(a) que apresentar desempenho insatisfat\u00f3rio em quaisquer fatores \u00a0analisados no processo avaliativo do ano anterior.<\/p>\n<div class=\"blocoDIVStyle\">\n<div class=\"titleComumStyle\"><strong>Informa\u00e7\u00f5es gerais<\/strong><\/div>\n<p class=\"paragrafoComumStyle\">1. A concess\u00e3o da progress\u00e3o por m\u00e9rito est\u00e1 condicionada \u00e0 participa\u00e7\u00e3o do(a) servidor(a) no ciclo anual de <strong>avalia\u00e7\u00e3o de desempenho<\/strong>, que ocorre em novembro, e \u00e0 obten\u00e7\u00e3o de desempenho satisfat\u00f3rio em cada um dos quesitos avaliados.<\/p>\n\n<p class=\"paragrafoComumStyle\">2. Ao longo de cada m\u00eas ser\u00e3o emitidas as portarias de concess\u00e3o das progress\u00f5es por m\u00e9rito dos(as) servidores(as) que conclu\u00edram o interst\u00edcio de 12 (doze) meses e obtiveram resultado suficiente na avalia\u00e7\u00e3o de desempenho. A progress\u00e3o por m\u00e9rito \u00e9 concedida de of\u00edcio pela PROGEP, sem a necessidade de solicita\u00e7\u00e3o.<\/p>\n<p class=\"paragrafoComumStyle\">3. At\u00e9 31\/12\/2024, o interst\u00edcio para obter a progress\u00e3o por m\u00e9rito era de 18 (dezoito) meses, tendo sido reduzido para 12 (doze) meses a partir de 01\/01\/2025 pela <a href=\"https:\/\/www.in.gov.br\/en\/web\/dou\/-\/lei-n-15.141-de-2-de-junho-de-2025-633791330\" target=\"_blank\" rel=\"noopener\">LEI N\u00ba 15.141, DE 2 DE JUNHO DE 2025<\/a>.<a href=\"https:\/\/www.planalto.gov.br\/ccivil_03\/_ato2023-2026\/2024\/mpv\/mpv1286.htm\" target=\"_blank\" rel=\"nofollow noopener noreferrer\">.<\/a><\/p>\n<\/div>\n<div class=\"titleComumStyle\"><strong>Fundamento legal:<\/strong><\/div>\n<div class=\"linksComum\">\n\n<a href=\"https:\/\/www.planalto.gov.br\/ccivil_03\/_ato2004-2006\/2005\/lei\/l11091.htm\" target=\"_blank\" rel=\"nofollow noopener noreferrer\" data-extlink=\"\">Lei n\u00ba 11.091, de 12 de janeiro de 2005<\/a> \n<p class=\"paragrafoComumStyle\">A Lei n\u00ba 11.091, de 12 de janeiro de 2005 foi alterada pela lei:<\/p><a href=\"https:\/\/www.in.gov.br\/en\/web\/dou\/-\/lei-n-15.141-de-2-de-junho-de-2025-633791330\" target=\"_blank\" rel=\"noopener\">LEI N\u00ba 15.141, DE 2 DE JUNHO DE 2025<\/a>\n\n<a href=\"http:\/\/www.planalto.gov.br\/ccivil_03\/_ato2004-2006\/2006\/decreto\/d5825.htm\" target=\"_blank\" rel=\"noopener\">Decreto n\u00ba 5.825\/2006<\/a>\n\n<a href=\"https:\/\/wp.ufpel.edu.br\/progep\/files\/2010\/04\/Resolucao-13-2017-CONSUN.pdf\" target=\"_blank\" rel=\"noopener noreferrer\">Resolu\u00e7\u00e3o CONSUN n\u00ba 13 de 28\/09\/2017 \u2013 Programa de Avalia\u00e7\u00e3o de Desempenho<\/a>\n<\/div>\n<div class=\"blocoDIVStyle\">\n<div class=\"titleComumStyle\"><strong>D\u00favidas:<\/strong><\/div>\n<p class=\"paragrafoComumStyle\">Favor encaminhar pelo\u00a0<a href=\"https:\/\/wp.ufpel.edu.br\/perguntas\/solicitar-atendimento\/\" target=\"_blank\" rel=\"noopener\">Sistema de Atendimento da UFPel<\/a>\u00a0escolhendo como \u201c\u00e1rea desejada\u201d a op\u00e7\u00e3o \u201cGest\u00e3o de Pessoas\/Desenvolvimento de Pessoal\u201d e para \u201ct\u00f3pico\u201d, a op\u00e7\u00e3o \u201cProgress\u00e3o por M\u00e9rito Profissional \u2013 TAE\u201d.<\/p>\n<\/div>","protected":false},"excerpt":{"rendered":"<p>Progress\u00e3o por M\u00e9rito de T\u00e9cnico\/a-Administrativo\/a A Progress\u00e3o por M\u00e9rito foi modificada pela LEI N\u00ba 15.141, DE 2 DE JUNHO DE 2025. Nesta p\u00e1gina, ser\u00e3o apresentadas as principais altera\u00e7\u00f5es. Fique atualizado(a)! ATEN\u00c7\u00c3O: A participa\u00e7\u00e3o no processo avaliativo \u00e9 indispens\u00e1vel para a obten\u00e7\u00e3o da Progress\u00e3o por M\u00e9rito. O que \u00e9? A Progress\u00e3o por M\u00e9rito \u00e9 uma das [&hellip;]<\/p>\n","protected":false},"author":21,"featured_media":0,"parent":0,"menu_order":0,"comment_status":"closed","ping_status":"closed","template":"","meta":{"footnotes":""},"class_list":["post-30802","page","type-page","status-publish","hentry"],"_links":{"self":[{"href":"https:\/\/wp.ufpel.edu.br\/progep\/wp-json\/wp\/v2\/pages\/30802","targetHints":{"allow":["GET"]}}],"collection":[{"href":"https:\/\/wp.ufpel.edu.br\/progep\/wp-json\/wp\/v2\/pages"}],"about":[{"href":"https:\/\/wp.ufpel.edu.br\/progep\/wp-json\/wp\/v2\/types\/page"}],"author":[{"embeddable":true,"href":"https:\/\/wp.ufpel.edu.br\/progep\/wp-json\/wp\/v2\/users\/21"}],"replies":[{"embeddable":true,"href":"https:\/\/wp.ufpel.edu.br\/progep\/wp-json\/wp\/v2\/comments?post=30802"}],"version-history":[{"count":3,"href":"https:\/\/wp.ufpel.edu.br\/progep\/wp-json\/wp\/v2\/pages\/30802\/revisions"}],"predecessor-version":[{"id":38219,"href":"https:\/\/wp.ufpel.edu.br\/progep\/wp-json\/wp\/v2\/pages\/30802\/revisions\/38219"}],"wp:attachment":[{"href":"https:\/\/wp.ufpel.edu.br\/progep\/wp-json\/wp\/v2\/media?parent=30802"}],"curies":[{"name":"wp","href":"https:\/\/api.w.org\/{rel}","templated":true}]}}