{"id":29963,"date":"2025-03-06T12:00:02","date_gmt":"2025-03-06T15:00:02","guid":{"rendered":"https:\/\/wp.ufpel.edu.br\/progep\/?page_id=29963"},"modified":"2025-07-04T12:45:22","modified_gmt":"2025-07-04T15:45:22","slug":"assistente-de-laboratorio","status":"publish","type":"page","link":"https:\/\/wp.ufpel.edu.br\/progep\/assistente-de-laboratorio\/","title":{"rendered":"Cargos TAE: Assistente de Laborat\u00f3rio"},"content":{"rendered":"\n<div class=\"wp-block-group\"><div class=\"wp-block-group__inner-container is-layout-constrained wp-block-group-is-layout-constrained\">\n<div class=\"logoTituloModelStyle\"><img class=\"size-medium wp-image-27184 alignleft\" src=\"https:\/\/wp.ufpel.edu.br\/progep\/files\/2025\/03\/logo-progep_atualizacao-nome_AZUL.png\" alt=\"\" \/><\/p>\n<div><strong>Assistente de Laborat\u00f3rio<\/strong><\/div>\n<\/div>\n<hr class=\"hrModelStyle\" \/>\n<div class=\"descriptionModelStyle\">Esta p\u00e1gina apresenta os dados referentes a carreira dos\/as servidores\/as.<\/div>\n<\/div><\/div>\n\n\n<div class=\"cargoDescriptionStyle\">\n<div class=\"infoCargo\"><span>N\u00edvel de Classifica\u00e7\u00e3o: <strong>C<\/strong><\/span><br \/>\n<span>Denomina\u00e7\u00e3o do cargo:<br \/>\n<strong> Assistente de Laborat\u00f3rio<\/strong><\/span><br \/>\n<span>C\u00f3digo CBO: <strong>8181-05<\/strong><\/span><\/div>\n<div class=\"requisitosCargo\"><span style=\"font-size: 16pt;padding-bottom: 0.5rem\"><strong>Requisitos de Qualifica\u00e7\u00e3o para Ingresso no Cargo<\/strong>:<\/span><br \/>\n<span><strong>Escolaridade<\/strong>: Fundamental Completo<\/span><br \/>\n<span><strong>Outros<\/strong>: Experi\u00eancia de 12 meses<\/span><br \/>\n<strong><span>Habilita\u00e7\u00e3o Profissional.<\/span><\/strong><\/div>\n<div class=\"descSumaryCargo\"><span style=\"font-size: 16pt;font-weight: bold;padding-bottom: 0.5rem\">Descri\u00e7\u00e3o Sum\u00e1ria do Cargo:<\/span><br \/>\n<span>Planejar o trabalho de apoio do laborat\u00f3rio e preparar vidrarias e materiais similares. Interpretar ordens de servi\u00e7o programadas, programar o suprimento de materiais, as etapas de trabalho, equipamentos e instrumentos; selecionar m\u00e9todos de an\u00e1lise; efetuar c\u00e1lculos conforme indica\u00e7\u00f5es do m\u00e9todo de an\u00e1lise; preencher fichas e formul\u00e1rios. Preparar solu\u00e7\u00f5es e equipamentos de medi\u00e7\u00e3o e ensaios e analisar amostras de insumos e mat\u00e9rias-primas. Proceder \u00e0 coleta do material, empregando os meios e os instrumentos recomendados; executar exames e outros trabalhos de natureza simples, que n\u00e3o exigem interpreta\u00e7\u00e3o t\u00e9cnica dos resultados; auxiliar nas an\u00e1lises e testes laboratoriais; registrar e arquivar c\u00f3pias dos resultados dos exames, testes e an\u00e1lises; zelar pela assepsia, conserva\u00e7\u00e3o e recolhimento do material utilizado. Organizar o trabalho conforme normas de seguran\u00e7a, sa\u00fade ocupacional e preserva\u00e7\u00e3o ambiental.<br \/>\nAuxiliar nas atividades de ensino, pesquisa e extens\u00e3o. Executar outras tarefas de mesma natureza e n\u00edvel de complexidade associadas ao ambiente organizacional. <\/span><\/div>\n<\/div>","protected":false},"excerpt":{"rendered":"<p>Assistente de Laborat\u00f3rio Esta p\u00e1gina apresenta os dados referentes a carreira dos\/as servidores\/as. N\u00edvel de Classifica\u00e7\u00e3o: C Denomina\u00e7\u00e3o do cargo: Assistente de Laborat\u00f3rio C\u00f3digo CBO: 8181-05 Requisitos de Qualifica\u00e7\u00e3o para Ingresso no Cargo: Escolaridade: Fundamental Completo Outros: Experi\u00eancia de 12 meses Habilita\u00e7\u00e3o Profissional. Descri\u00e7\u00e3o Sum\u00e1ria do Cargo: Planejar o trabalho de apoio do laborat\u00f3rio e [&hellip;]<\/p>\n","protected":false},"author":21,"featured_media":0,"parent":0,"menu_order":0,"comment_status":"closed","ping_status":"closed","template":"","meta":{"footnotes":""},"class_list":["post-29963","page","type-page","status-publish","hentry"],"_links":{"self":[{"href":"https:\/\/wp.ufpel.edu.br\/progep\/wp-json\/wp\/v2\/pages\/29963","targetHints":{"allow":["GET"]}}],"collection":[{"href":"https:\/\/wp.ufpel.edu.br\/progep\/wp-json\/wp\/v2\/pages"}],"about":[{"href":"https:\/\/wp.ufpel.edu.br\/progep\/wp-json\/wp\/v2\/types\/page"}],"author":[{"embeddable":true,"href":"https:\/\/wp.ufpel.edu.br\/progep\/wp-json\/wp\/v2\/users\/21"}],"replies":[{"embeddable":true,"href":"https:\/\/wp.ufpel.edu.br\/progep\/wp-json\/wp\/v2\/comments?post=29963"}],"version-history":[{"count":8,"href":"https:\/\/wp.ufpel.edu.br\/progep\/wp-json\/wp\/v2\/pages\/29963\/revisions"}],"predecessor-version":[{"id":34667,"href":"https:\/\/wp.ufpel.edu.br\/progep\/wp-json\/wp\/v2\/pages\/29963\/revisions\/34667"}],"wp:attachment":[{"href":"https:\/\/wp.ufpel.edu.br\/progep\/wp-json\/wp\/v2\/media?parent=29963"}],"curies":[{"name":"wp","href":"https:\/\/api.w.org\/{rel}","templated":true}]}}