{"id":29917,"date":"2025-03-06T11:21:18","date_gmt":"2025-03-06T14:21:18","guid":{"rendered":"https:\/\/wp.ufpel.edu.br\/progep\/?page_id=29917"},"modified":"2025-07-04T12:44:46","modified_gmt":"2025-07-04T15:44:46","slug":"auxiliar-em-administracao","status":"publish","type":"page","link":"https:\/\/wp.ufpel.edu.br\/progep\/auxiliar-em-administracao\/","title":{"rendered":"Cargos TAE: Auxiliar em Administra\u00e7\u00e3o"},"content":{"rendered":"\n<div class=\"wp-block-group\"><div class=\"wp-block-group__inner-container is-layout-constrained wp-block-group-is-layout-constrained\">\n<div class=\"logoTituloModelStyle\"><img class=\"size-medium wp-image-27184 alignleft\" src=\"https:\/\/wp.ufpel.edu.br\/progep\/files\/2025\/03\/logo-progep_atualizacao-nome_AZUL.png\" alt=\"\" \/><\/p>\n<div><strong>Auxiliar em Administra\u00e7\u00e3o<\/strong><\/div>\n<\/div>\n<hr class=\"hrModelStyle\" \/>\n<div class=\"descriptionModelStyle\">Esta p\u00e1gina apresenta os dados referentes a carreira dos\/as servidores\/as.<\/div>\n<\/div><\/div>\n\n\n<div class=\"cargoDescriptionStyle\">\n<div class=\"infoCargo\"><span>N\u00edvel de Classifica\u00e7\u00e3o: <strong>C<\/strong><\/span><br \/>\n<span>Denomina\u00e7\u00e3o do cargo:<br \/>\n<strong>\u00a0Auxiliar em Administra\u00e7\u00e3o<\/strong><\/span><br \/>\n<span>C\u00f3digo CBO: <strong>4110-05<\/strong><\/span><\/div>\n<div class=\"requisitosCargo\"><span style=\"font-size: 16pt;padding-bottom: 0.5rem\"><strong>Requisitos de Qualifica\u00e7\u00e3o para Ingresso no Cargo<\/strong>:<\/span><br \/>\n<span><strong>Escolaridade<\/strong>: Fundamental Completo<\/span><br \/>\n<span><strong>Outros<\/strong>: Experi\u00eancia de 12 meses<\/span><br \/>\n<strong><span>Habilita\u00e7\u00e3o Profissional.<\/span><\/strong><\/div>\n<div class=\"descSumaryCargo\"><span style=\"font-size: 16pt;font-weight: bold;padding-bottom: 0.5rem\">Descri\u00e7\u00e3o Sum\u00e1ria do Cargo:<\/span><br \/>\n<span>Assistir \u00e0 Dire\u00e7\u00e3o do \u00f3rg\u00e3o no levantamento e distribui\u00e7\u00e3o dos servi\u00e7os administrativos, auxiliando na elabora\u00e7\u00e3o da pol\u00edtica de sua \u00e1rea de atua\u00e7\u00e3o e  participando da elabora\u00e7\u00e3o de projetos, estudos e an\u00e1lise para melhoria dos servi\u00e7os; Organizar e executar atividades administrativas nas \u00e1reas de gest\u00e3o de pessoas, administra\u00e7\u00e3o, acad\u00eamica, or\u00e7amento, finan\u00e7as e patrim\u00f4nio, log\u00edstica e de secretaria; atender usu\u00e1rios, fornecendo e recebendo informa\u00e7\u00f5es; tratar de documentos e atos administrativos, cumprindo todo o procedimento necess\u00e1rio   referente   aos   mesmos;   preparar   relat\u00f3rios   e   planilhas,   .   Assessorar   nas atividades de ensino, pesquisa e extens\u00e3o.<br \/>\nExecutar servi\u00e7os de apoio nas \u00e1reas de recursos humanos, administra\u00e7\u00e3o, finan\u00e7as e log\u00edstica, bem como, tratar documentos variados, preparar relat\u00f3rios e planilhas, cumprindo todo o procedimento necess\u00e1rio referente aos mesmos.<br \/>\nAuxiliar nas atividades de ensino, pesquisa e extens\u00e3o.Utilizar recursos de inform\u00e1tica.<br \/>\nExecutar   outras   tarefas   de   mesma   natureza   e   n\u00edvel   de   complexidade   associadas   ao ambiente organizacional <\/span><\/div>\n<\/div>","protected":false},"excerpt":{"rendered":"<p>Auxiliar em Administra\u00e7\u00e3o Esta p\u00e1gina apresenta os dados referentes a carreira dos\/as servidores\/as. N\u00edvel de Classifica\u00e7\u00e3o: C Denomina\u00e7\u00e3o do cargo: \u00a0Auxiliar em Administra\u00e7\u00e3o C\u00f3digo CBO: 4110-05 Requisitos de Qualifica\u00e7\u00e3o para Ingresso no Cargo: Escolaridade: Fundamental Completo Outros: Experi\u00eancia de 12 meses Habilita\u00e7\u00e3o Profissional. Descri\u00e7\u00e3o Sum\u00e1ria do Cargo: Assistir \u00e0 Dire\u00e7\u00e3o do \u00f3rg\u00e3o no levantamento e [&hellip;]<\/p>\n","protected":false},"author":21,"featured_media":0,"parent":0,"menu_order":0,"comment_status":"closed","ping_status":"closed","template":"","meta":{"footnotes":""},"class_list":["post-29917","page","type-page","status-publish","hentry"],"_links":{"self":[{"href":"https:\/\/wp.ufpel.edu.br\/progep\/wp-json\/wp\/v2\/pages\/29917","targetHints":{"allow":["GET"]}}],"collection":[{"href":"https:\/\/wp.ufpel.edu.br\/progep\/wp-json\/wp\/v2\/pages"}],"about":[{"href":"https:\/\/wp.ufpel.edu.br\/progep\/wp-json\/wp\/v2\/types\/page"}],"author":[{"embeddable":true,"href":"https:\/\/wp.ufpel.edu.br\/progep\/wp-json\/wp\/v2\/users\/21"}],"replies":[{"embeddable":true,"href":"https:\/\/wp.ufpel.edu.br\/progep\/wp-json\/wp\/v2\/comments?post=29917"}],"version-history":[{"count":9,"href":"https:\/\/wp.ufpel.edu.br\/progep\/wp-json\/wp\/v2\/pages\/29917\/revisions"}],"predecessor-version":[{"id":34528,"href":"https:\/\/wp.ufpel.edu.br\/progep\/wp-json\/wp\/v2\/pages\/29917\/revisions\/34528"}],"wp:attachment":[{"href":"https:\/\/wp.ufpel.edu.br\/progep\/wp-json\/wp\/v2\/media?parent=29917"}],"curies":[{"name":"wp","href":"https:\/\/api.w.org\/{rel}","templated":true}]}}