{"id":29891,"date":"2025-03-06T10:50:18","date_gmt":"2025-03-06T13:50:18","guid":{"rendered":"https:\/\/wp.ufpel.edu.br\/progep\/?page_id=29891"},"modified":"2025-07-04T13:47:21","modified_gmt":"2025-07-04T16:47:21","slug":"tecnico-em-telecomunicacao","status":"publish","type":"page","link":"https:\/\/wp.ufpel.edu.br\/progep\/tecnico-em-telecomunicacao\/","title":{"rendered":"Cargos TAE: T\u00e9cnico em Telecomunica\u00e7\u00e3o"},"content":{"rendered":"\n\n<div class=\"wp-block-group\"><div class=\"wp-block-group__inner-container is-layout-constrained wp-block-group-is-layout-constrained\">\n<div class=\"logoTituloModelStyle\"><img class=\"size-medium wp-image-27184 alignleft\" src=\"https:\/\/wp.ufpel.edu.br\/progep\/files\/2025\/03\/logo-progep_atualizacao-nome_AZUL.png\" alt=\"\" \/><\/p>\n<div style=\"padding: 2rem 0\"><strong>T\u00e9cnico em Telecomunica\u00e7\u00e3o<\/strong><\/div>\n<\/div>\n<hr class=\"hrModelStyle\" \/>\n<div class=\"descriptionModelStyle\">Esta p\u00e1gina apresenta os dados referentes a carreira dos\/as servidores\/as.<\/div>\n<\/div><\/div>\n\n<div class=\"cargoDescriptionStyle\">\n<div class=\"infoCargo\">N\u00edvel de Classifica\u00e7\u00e3o:\u00a0<strong>D<\/strong><br \/>\nDenomina\u00e7\u00e3o do cargo:<br \/>\n<strong>\u00a0T\u00e9cnico em Telecomunica\u00e7\u00e3o<\/strong><br \/>\nC\u00f3digo CBO: <strong>3133-15<\/strong><\/div>\n<div class=\"requisitosCargo\"><span style=\"font-size: 16pt;padding-bottom: 0.5rem\"><strong>Requisitos de Qualifica\u00e7\u00e3o para Ingresso no Cargo<\/strong>:<\/span><br \/>\n<strong>Escolaridade<\/strong>: M\u00e9dio Profissionalizante ou M\u00e9dio Completo + Curso T\u00e9cnico<br \/>\n<strong>Outros<\/strong>: (&#8211;)<br \/>\n<strong>Habilita\u00e7\u00e3o Profissional: <\/strong>Registro no Conselho competente \u2013 Resolu\u00e7\u00e3o n\u00ba 262, de 28 de julho de 1979 &#8211; CONFEA<strong>.<\/strong><\/div>\n<div class=\"descSumaryCargo\"><span style=\"font-size: 16pt;font-weight: bold;padding-bottom: 0.5rem\">Descri\u00e7\u00e3o Sum\u00e1ria do Cargo:<\/span><br \/>\nParticipar na elabora\u00e7\u00e3o de projetos de telecomunica\u00e7\u00e3o; instalar, testar e realizar manuten\u00e7\u00f5es preventiva e corretiva de sistemas de telecomunica\u00e7\u00f5es. Supervisionar tecnicamente processos e servi\u00e7os de telecomunica\u00e7\u00f5es. Reparar equipamentos e prestar assist\u00eancia t\u00e9cnica; ministrar treinamentos, treinar equipes de trabalho e elaborar documenta\u00e7\u00e3o t\u00e9cnica.<br \/>\nAssessorar nas atividades de ensino, pesquisa e extens\u00e3o. <\/div>\n<div class=\"atividadesCargo\"><span style=\"font-size: 16pt;font-weight: bold\">Descri\u00e7\u00e3o de Atividades T\u00edpicas do Cargo:<\/span><br \/>\n<strong>\u2022 Participar na elabora\u00e7\u00e3o de projetos de telecomunica\u00e7\u00f5es:<br \/>\n<\/strong>Consultar especifica\u00e7\u00f5es e normas t\u00e9cnicas; interpretar especifica\u00e7\u00f5es e normas t\u00e9cnicas; levantar dados e informa\u00e7\u00f5es do projeto; avaliar entroncamento; redimensionar a rede; redimensionar equipamentos; definir plataforma de equipamentos; configurar equipamentos no projeto; especificar equipamentos (comuta\u00e7\u00e3o, transmiss\u00e3o, rede e comunica\u00e7\u00e3o de dados); especificar m\u00e3o-de-obra; quantificar os materiais, equipamentos e m\u00e3o-de-obra; levantar o custo do projeto; elaborar esquemas para projetos.<strong><br \/>\n\u2022 Instalar sistemas de telecomunica\u00e7\u00f5es:<br \/>\n<\/strong>Verificar o fornecimento de energia; verificar a infra-estrutura; consultar manual de instala\u00e7\u00e3o; avaliar as interfaces dos equipamentos e componentes; fixar componentes de sistemas de telecomunica\u00e7\u00f5es; instalar cabeamento; efetuar interliga\u00e7\u00f5es dos equipamentos; testar conex\u00f5es; verificar alimenta\u00e7\u00e3o do sistema; ativar o sistema.<strong><br \/>\n\u2022 Testar sistemas de telecomunica\u00e7\u00f5es:<br \/>\n<\/strong>Avaliar condi\u00e7\u00f5es de funcionamento dos equipamentos; programar o sistema de telecomunica\u00e7\u00f5es; configurar o sistema de acordo com as especifica\u00e7\u00f5es do projeto; efetuar testes de funcionamento de acordo com especifica\u00e7\u00f5es; medir, aferindo as condi\u00e7\u00f5es de funcionamento atrav\u00e9s de instrumentos; efetuar ajustes do sistema; substituir componentes do sistema; instruir o usu\u00e1rio final na utiliza\u00e7\u00e3o de sistemas de telecomunica\u00e7\u00f5es.<strong><br \/>\n\u2022 Realizar manuten\u00e7\u00f5es preventiva e corretiva dos equipamentos de telecomunica\u00e7\u00f5es:<br \/>\n<\/strong>Verificar o funcionamento dos equipamentos de telecomunica\u00e7\u00f5es; executar rotinas de teste; identificar falhas no sistema de telecomunica\u00e7\u00f5es; corrigir as falhas do sistema de telecomunica\u00e7\u00f5es; reprogramar o sistema de telecomunica\u00e7\u00f5es; configurar os softwares do equipamento; acompanhar teste de laborat\u00f3rio.<strong><br \/>\n\u2022 Supervisionar tecnicamente processos e servi\u00e7os de telecomunica\u00e7\u00f5es:<br \/>\n<\/strong>Distribuir tarefas para equipes de trabalho; fornecer dados para a \u00e1rea de desenvolvimento tecnol\u00f3gico; detectar necessidades de expans\u00e3o e ou redimensionamento de sistemas; supervisionar o cumprimento do cronograma f\u00edsico-financeiro; acompanhar servi\u00e7os de instala\u00e7\u00e3o de redes telef\u00f4nicas.<strong><br \/>\n\u2022 Reparar equipamentos:<br \/>\n<\/strong>Identificar a instrumenta\u00e7\u00e3o necess\u00e1ria; avaliar a necessidade de conserto; efetuar ajustes; Trocar componentes.<strong><br \/>\n\u2022 Ministrar treinamento:<br \/>\n<\/strong>Contribuir para o desenvolvimento de habilidades espec\u00edficas na equipe; capacitar na utiliza\u00e7\u00e3o de tecnologia de telecomunica\u00e7\u00e3o; ministrar treinamento em novas tecnologias; treinar usu\u00e1rio final; treinar equipe de trabalho; ministrar treinamento em \u00e1rea espec\u00edfica; orientar equipes de trabalho; avaliar desempenho de equipes de trabalho.<strong><br \/>\n\u2022 Elaborar documenta\u00e7\u00e3o t\u00e9cnica:<br \/>\n<\/strong>Analisar relat\u00f3rios t\u00e9cnicos; elaborar rotinas de teste; especificar planos de trabalho; elaborar relat\u00f3rios de desempenho; elaborar esquemas.<strong><br \/>\n\u2022 Utilizar recursos de inform\u00e1tica.<br \/>\n\u2022Executar outras tarefas de mesma natureza e n\u00edvel de complexidade associadas ao ambiente organizacional.<\/strong><\/div>\n<\/div>\n\n","protected":false},"excerpt":{"rendered":"<p>T\u00e9cnico em Telecomunica\u00e7\u00e3o Esta p\u00e1gina apresenta os dados referentes a carreira dos\/as servidores\/as. N\u00edvel de Classifica\u00e7\u00e3o:\u00a0D Denomina\u00e7\u00e3o do cargo: \u00a0T\u00e9cnico em Telecomunica\u00e7\u00e3o C\u00f3digo CBO: 3133-15 Requisitos de Qualifica\u00e7\u00e3o para Ingresso no Cargo: Escolaridade: M\u00e9dio Profissionalizante ou M\u00e9dio Completo + Curso T\u00e9cnico Outros: (&#8211;) Habilita\u00e7\u00e3o Profissional: Registro no Conselho competente \u2013 Resolu\u00e7\u00e3o n\u00ba 262, de 28 [&hellip;]<\/p>\n","protected":false},"author":21,"featured_media":0,"parent":0,"menu_order":0,"comment_status":"closed","ping_status":"closed","template":"","meta":{"footnotes":""},"class_list":["post-29891","page","type-page","status-publish","hentry"],"_links":{"self":[{"href":"https:\/\/wp.ufpel.edu.br\/progep\/wp-json\/wp\/v2\/pages\/29891","targetHints":{"allow":["GET"]}}],"collection":[{"href":"https:\/\/wp.ufpel.edu.br\/progep\/wp-json\/wp\/v2\/pages"}],"about":[{"href":"https:\/\/wp.ufpel.edu.br\/progep\/wp-json\/wp\/v2\/types\/page"}],"author":[{"embeddable":true,"href":"https:\/\/wp.ufpel.edu.br\/progep\/wp-json\/wp\/v2\/users\/21"}],"replies":[{"embeddable":true,"href":"https:\/\/wp.ufpel.edu.br\/progep\/wp-json\/wp\/v2\/comments?post=29891"}],"version-history":[{"count":5,"href":"https:\/\/wp.ufpel.edu.br\/progep\/wp-json\/wp\/v2\/pages\/29891\/revisions"}],"predecessor-version":[{"id":34715,"href":"https:\/\/wp.ufpel.edu.br\/progep\/wp-json\/wp\/v2\/pages\/29891\/revisions\/34715"}],"wp:attachment":[{"href":"https:\/\/wp.ufpel.edu.br\/progep\/wp-json\/wp\/v2\/media?parent=29891"}],"curies":[{"name":"wp","href":"https:\/\/api.w.org\/{rel}","templated":true}]}}