{"id":29862,"date":"2025-03-06T09:47:08","date_gmt":"2025-03-06T12:47:08","guid":{"rendered":"https:\/\/wp.ufpel.edu.br\/progep\/?page_id=29862"},"modified":"2025-07-04T12:58:32","modified_gmt":"2025-07-04T15:58:32","slug":"tecnico-em-radiologia","status":"publish","type":"page","link":"https:\/\/wp.ufpel.edu.br\/progep\/tecnico-em-radiologia\/","title":{"rendered":"Cargos TAE: T\u00e9cnico em Radiologia"},"content":{"rendered":"\n<div class=\"wp-block-group\"><div class=\"wp-block-group__inner-container is-layout-constrained wp-block-group-is-layout-constrained\">\n<div class=\"logoTituloModelStyle\"><img class=\"size-medium wp-image-27184 alignleft\" src=\"https:\/\/wp.ufpel.edu.br\/progep\/files\/2025\/03\/logo-progep_atualizacao-nome_AZUL.png\" alt=\"\" \/><\/p>\n<div><strong>T\u00e9cnico em Radiologia<\/strong><\/div>\n<\/div>\n<hr class=\"hrModelStyle\" \/>\n<div class=\"descriptionModelStyle\">Esta p\u00e1gina apresenta os dados referentes a carreira dos\/as servidores\/as.<\/div>\n<\/div><\/div>\n\n\n<div class=\"cargoDescriptionStyle\">\n<div class=\"infoCargo\">N\u00edvel de Classifica\u00e7\u00e3o:\u00a0<strong>D<\/strong><br \/>\n<span style=\"font-family: 'comic sans ms', sans-serif\">Denomina\u00e7\u00e3o do cargo:<br \/>\n<strong>\u00a0T\u00e9cnico em Radiologia<\/strong><br \/>\nC\u00f3digo CBO: <strong>3241-15<\/strong><\/div>\n<div class=\"requisitosCargo\"><span style=\"font-size: 16pt;padding-bottom: 0.5rem\"><strong>Requisitos de Qualifica\u00e7\u00e3o para Ingresso no Cargo<\/strong>:<\/span><br \/>\n<strong>Escolaridade<\/strong>: M\u00e9dio Profissionalizante ou M\u00e9dio Completo + Curso T\u00e9cnico<br \/>\n<strong>Outros<\/strong>: (&#8211;)<br \/>\n<strong>Habilita\u00e7\u00e3o Profissional:<\/strong>Lei n\u00ba 7.394, de 29 de outubro de 1985 &#8211; Regula o exerc\u00edcio da profiss\u00e3o de T\u00e9cnico em radiologia e d\u00e1 outras provid\u00eancias. &#8211; Decreto n\u00ba 92.790, de 17 de junho de 1986 &#8211; regulamenta a Lei n\u00ba 7.394\/85.<\/div>\n<div class=\"descSumaryCargo\"><span style=\"font-size: 16pt;font-weight: bold;padding-bottom: 0.5rem\">Descri\u00e7\u00e3o Sum\u00e1ria do Cargo:<\/span><br \/>\nPreparar materiais e equipamentos para exames e radioterapia; operar aparelhos m\u00e9dicos e odontol\u00f3gicos para produzir imagens e gr\u00e1ficos funcionais como recurso auxiliar ao diagn\u00f3stico e terapia. Preparar pacientes e realizam exames e radioterapia; prestam atendimento aos pacientes fora da sala de exame, realizando as atividades segundo boas pr\u00e1ticas, normas e procedimento de biosseguran\u00e7a e c\u00f3digo de conduta.<br \/>\nAssessorar nas atividades de ensino, pesquisa e extens\u00e3o.<\/div>\n<div class=\"atividadesCargo\"><span style=\"font-size: 16pt;font-weight: bold\">Descri\u00e7\u00e3o de Atividades T\u00edpicas do Cargo:<\/span><br \/>\n<strong>\u2022 Organizar equipamento, sala de exame e material:<br \/>\n<\/strong>Averiguar condi\u00e7\u00f5es t\u00e9cnicas de equipamentos e acess\u00f3rios; calibrar o aparelho no seu pa-dr\u00e3o; averiguar a disponibilidade de material para exame; montar carrinho de medicamentos de emerg\u00eancia; organizar c\u00e2mara escura e clara.<strong><br \/>\n\u2022 Planejar o atendimento:<br \/>\n<\/strong>Adaptar agenda para atendimento de pacientes priorit\u00e1rios; ordenar a seq\u00fc\u00eancia de exames; receber pedido de exames e ou prontu\u00e1rio do paciente; cumprir procedimentos administrativos; auxiliar no planejamento de tratamento radioter\u00e1pico.<strong><br \/>\n\u2022 Preparar o paciente para exame e ou radioterapia:<br \/>\n<\/strong>Verificar condi\u00e7\u00f5es f\u00edsicas e preparo do paciente; providenciar preparos adicionais do paciente; retirar pr\u00f3teses m\u00f3veis e adornos do paciente; higienizar o paciente; efetuar sustenta\u00e7\u00e3o de mamas.<strong><br \/>\n\u2022 Realizar exames e ou radioterapia:<br \/>\n<\/strong>Solicitar presen\u00e7a de outros profissionais envolvidos no exame; ajustar o aparelho conforme o paciente e tipo de exame; adequar a posi\u00e7\u00e3o do paciente ao exame; imobilizar o paciente; administrar contraste e medicamentos sob supervis\u00e3o m\u00e9dica; acompanhar rea\u00e7\u00f5es do paciente ao contraste e medicamentos; processar filme na c\u00e2mara escura; avaliar a qualidade do exame; submeter o exame \u00e0 aprecia\u00e7\u00e3o m\u00e9dica; complementar exame; limitar o campo a ser irradiado com placas de chumbo; tirar fotografias e slides intra e extrabucais e do corpo; confeccionar moldagens e modelos ortod\u00f4nticos; fazer tra\u00e7ado cefalom\u00e9trico manual ou compu-tadorizado.<strong><br \/>\n\u2022 Prestar atendimento fora da sala de exame:<br \/>\n<\/strong>Deslocar equipamento; eliminar interfer\u00eancia de outros aparelhos; determinar a remo\u00e7\u00e3o de pessoas n\u00e3o envolvidas no exame; isolar \u00e1rea de trabalho para exame.<strong><br \/>\n\u2022 Finalizar exame:<br \/>\n<\/strong>Remover o equipamento do paciente ou vice-versa; limpar o paciente ap\u00f3s o exame; manter o paciente sob observa\u00e7\u00e3o ap\u00f3s o exame; imprimir resultado de exames, a partir do arquivo eletr\u00f4nico; entregar protocolo ao paciente ou respons\u00e1vel; entregar exame ao m\u00e9dico, paciente ou respons\u00e1vel.<br \/>\nDispensar o paciente<strong><br \/>\n\u2022 Trabalhar com biosseguran\u00e7a:<br \/>\n<\/strong>Providenciar limpeza e assepsia da sala e equipamentos; paramentar-se; usar EPI (luvas, \u00f3culos, m\u00e1scara, avental, protetor de g\u00f4nadas e tire\u00f3ide); oferecer recursos de prote\u00e7\u00e3o a outros profissionais presentes e acompanhantes; usar dos\u00edmetro (medi\u00e7\u00e3o da radia\u00e7\u00e3o recebida); minimizar o tempo de exposi\u00e7\u00e3o \u00e0 radia\u00e7\u00e3o; substituir medicamentos e materiais com validade vencida; acondicionar materiais radioativos para transporte ou descarte; acondicio-nar materiais perfurocortante para descarte; submeter-se a exames peri\u00f3dicos.<strong><br \/>\n\u2022 Comunicar-se:<br \/>\n<\/strong>Instruir o paciente sobre prepara\u00e7\u00e3o para o exame; obter informa\u00e7\u00f5es do paciente; orientar o paciente, o acompanhante e auxiliares sobre os procedimentos durante o exame; descrever as condi\u00e7\u00f5es e rea\u00e7\u00f5es do paciente durante o exame; registrar exames realizados; identificar exame; orientar o paciente sobre cuidados ap\u00f3s o exame; discutir o caso com equipe de trabalho; requerer manuten\u00e7\u00e3o dos equipamentos; solicitar reposi\u00e7\u00e3o de material.<strong><br \/>\n\u2022 Operar equipamentos computadorizados e anal\u00f3gicos.<br \/>\n\u2022 Manipular materiais radioativos.<br \/>\n\u2022 Utilizar recursos de inform\u00e1tica.<br \/>\n\u2022Executar outras tarefas de mesma natureza e n\u00edvel de complexidade associadas ao am-biente organizacional.<\/strong><\/div>\n<\/div>","protected":false},"excerpt":{"rendered":"<p>T\u00e9cnico em Radiologia Esta p\u00e1gina apresenta os dados referentes a carreira dos\/as servidores\/as. N\u00edvel de Classifica\u00e7\u00e3o:\u00a0D Denomina\u00e7\u00e3o do cargo: \u00a0T\u00e9cnico em Radiologia C\u00f3digo CBO: 3241-15 Requisitos de Qualifica\u00e7\u00e3o para Ingresso no Cargo: Escolaridade: M\u00e9dio Profissionalizante ou M\u00e9dio Completo + Curso T\u00e9cnico Outros: (&#8211;) Habilita\u00e7\u00e3o Profissional:Lei n\u00ba 7.394, de 29 de outubro de 1985 &#8211; Regula [&hellip;]<\/p>\n","protected":false},"author":21,"featured_media":0,"parent":0,"menu_order":0,"comment_status":"closed","ping_status":"closed","template":"","meta":{"footnotes":""},"class_list":["post-29862","page","type-page","status-publish","hentry"],"_links":{"self":[{"href":"https:\/\/wp.ufpel.edu.br\/progep\/wp-json\/wp\/v2\/pages\/29862","targetHints":{"allow":["GET"]}}],"collection":[{"href":"https:\/\/wp.ufpel.edu.br\/progep\/wp-json\/wp\/v2\/pages"}],"about":[{"href":"https:\/\/wp.ufpel.edu.br\/progep\/wp-json\/wp\/v2\/types\/page"}],"author":[{"embeddable":true,"href":"https:\/\/wp.ufpel.edu.br\/progep\/wp-json\/wp\/v2\/users\/21"}],"replies":[{"embeddable":true,"href":"https:\/\/wp.ufpel.edu.br\/progep\/wp-json\/wp\/v2\/comments?post=29862"}],"version-history":[{"count":5,"href":"https:\/\/wp.ufpel.edu.br\/progep\/wp-json\/wp\/v2\/pages\/29862\/revisions"}],"predecessor-version":[{"id":34709,"href":"https:\/\/wp.ufpel.edu.br\/progep\/wp-json\/wp\/v2\/pages\/29862\/revisions\/34709"}],"wp:attachment":[{"href":"https:\/\/wp.ufpel.edu.br\/progep\/wp-json\/wp\/v2\/media?parent=29862"}],"curies":[{"name":"wp","href":"https:\/\/api.w.org\/{rel}","templated":true}]}}