{"id":29794,"date":"2025-02-28T14:13:12","date_gmt":"2025-02-28T17:13:12","guid":{"rendered":"https:\/\/wp.ufpel.edu.br\/progep\/?page_id=29794"},"modified":"2025-07-04T12:50:17","modified_gmt":"2025-07-04T15:50:17","slug":"tecnico-de-laboratorio-area","status":"publish","type":"page","link":"https:\/\/wp.ufpel.edu.br\/progep\/tecnico-de-laboratorio-area\/","title":{"rendered":"Cargos TAE: T\u00e9cnico de Laborat\u00f3rio \u00c1rea"},"content":{"rendered":"\n<div class=\"wp-block-group\"><div class=\"wp-block-group__inner-container is-layout-constrained wp-block-group-is-layout-constrained\">\n<div class=\"logoTituloModelStyle\"><img class=\"size-medium wp-image-27184 alignleft\" src=\"https:\/\/wp.ufpel.edu.br\/progep\/files\/2025\/03\/logo-progep_atualizacao-nome_AZUL.png\" alt=\"\" \/><\/p>\n<div><strong>T\u00e9cnico de Laborat\u00f3rio \u00c1rea<\/strong><\/div>\n<\/div>\n<hr class=\"hrModelStyle\" \/>\n<div class=\"descriptionModelStyle\">Esta p\u00e1gina apresenta os dados referentes a carreira dos\/as servidores\/as.<\/div>\n<\/div><\/div>\n\n\n<div class=\"cargoDescriptionStyle\">\n<div class=\"infoCargo\"><span>N\u00edvel de Classifica\u00e7\u00e3o:\u00a0<strong>D<\/strong><\/span><br \/>\n<span>Denomina\u00e7\u00e3o do cargo:<br \/>\n<strong>\u00a0T\u00e9cnico de Laborat\u00f3rio \u00c1rea<\/strong><\/span><br \/>\n<span>C\u00f3digo CBO: <strong>301<\/strong><\/span><\/div>\n<div class=\"requisitosCargo\"><span style=\"font-size: 16pt;padding-bottom: 0.5rem\"><strong>Requisitos de Qualifica\u00e7\u00e3o para Ingresso no Cargo<\/strong>:<\/span><br \/>\n<span><strong>Escolaridade<\/strong>: M\u00e9dio Profissionalizante ou M\u00e9dio Completo + Curso T\u00e9cnico<\/span><br \/>\n<span><strong>Outros<\/strong>:\u00a0(\u2013)<\/span><br \/>\n<strong><span>Habilita\u00e7\u00e3o Profissional.<\/span><\/strong><\/div>\n<div class=\"descSumaryCargo\"><span style=\"font-size: 16pt;font-weight: bold;padding-bottom: 0.5rem\">Descri\u00e7\u00e3o Sum\u00e1ria do Cargo:<\/span><br \/>\n<span>Executar trabalhos t\u00e9cnico de laborat\u00f3rio relacionados com a \u00e1rea de atua\u00e7\u00e3o, realizando ou orientando coleta, an\u00e1lise e registros de material e subst\u00e2ncias atrav\u00e9s de m\u00e9todos espec\u00edficos.<br \/>\nAssessorar nas atividades de ensino, pesquisa e extens\u00e3o. <\/span><\/div>\n<div class=\"atividadesCargo\"><span style=\"font-size: 16pt;font-weight: bold\">Descri\u00e7\u00e3o de Atividades T\u00edpicas do Cargo:<\/span><br \/>\n<strong>\u2022 <\/strong>Preparar reagentes, pe\u00e7as e outros materiais utilizados em experimentos.<br \/>\n<strong>\u2022 Proceder \u00e0 montagem de experimentos reunido equipamentos e material de consumo em geral para serem utilizados em aulas experimentais e ensaios de pesquisa.<br \/>\n\u2022<\/strong>Fazer coleta de amostras e dados em laborat\u00f3rios ou em atividades de campo relativas a uma pesquisa. proceder \u00e0 an\u00e1lise de materiais em geral utilizando m\u00e9todos f\u00edsicos, qu\u00edmicos, f\u00edsico- qu\u00edmicos e bioqu\u00edmicos para se identificar qualitativo e quantitativamente os componentes desse material, utilizando metodologia prescrita.<strong><br \/>\n\u2022 Proceder \u00e0 limpeza e conserva\u00e7\u00e3o de instala\u00e7\u00f5es, equipamentos e materiais dos laborat\u00f3rios. proceder ao controle de estoque dos materiais de consumo dos laborat\u00f3rios.<br \/>\n\u2022<\/strong>Responsabilizar-se por pequenos dep\u00f3sitos e\/ou almoxarifados dos setores que estejam alocados.<strong><br \/>\n\u2022 Gerenciar o laborat\u00f3rio conjuntamente com o respons\u00e1vel pelo mesmo.<br \/>\n\u2022 <\/strong>Utilizar recursos de inform\u00e1tica.<strong><br \/>\n\u2022 Executar outras tarefas de mesma natureza e n\u00edvel de complexidade associadas ao ambiente organizacional.<\/strong>Observa\u00e7\u00e3o &#8211; As atividades ser\u00e3o realizadas nas \u00e1reas de: <em>Qu\u00edmica, F\u00edsica, Biologia, Industrial, An\u00e1lises Cl\u00ednicas.<\/em><\/div>\n<\/div>","protected":false},"excerpt":{"rendered":"<p>T\u00e9cnico de Laborat\u00f3rio \u00c1rea Esta p\u00e1gina apresenta os dados referentes a carreira dos\/as servidores\/as. N\u00edvel de Classifica\u00e7\u00e3o:\u00a0D Denomina\u00e7\u00e3o do cargo: \u00a0T\u00e9cnico de Laborat\u00f3rio \u00c1rea C\u00f3digo CBO: 301 Requisitos de Qualifica\u00e7\u00e3o para Ingresso no Cargo: Escolaridade: M\u00e9dio Profissionalizante ou M\u00e9dio Completo + Curso T\u00e9cnico Outros:\u00a0(\u2013) Habilita\u00e7\u00e3o Profissional. Descri\u00e7\u00e3o Sum\u00e1ria do Cargo: Executar trabalhos t\u00e9cnico de laborat\u00f3rio [&hellip;]<\/p>\n","protected":false},"author":21,"featured_media":0,"parent":0,"menu_order":0,"comment_status":"closed","ping_status":"closed","template":"","meta":{"footnotes":""},"class_list":["post-29794","page","type-page","status-publish","hentry"],"_links":{"self":[{"href":"https:\/\/wp.ufpel.edu.br\/progep\/wp-json\/wp\/v2\/pages\/29794","targetHints":{"allow":["GET"]}}],"collection":[{"href":"https:\/\/wp.ufpel.edu.br\/progep\/wp-json\/wp\/v2\/pages"}],"about":[{"href":"https:\/\/wp.ufpel.edu.br\/progep\/wp-json\/wp\/v2\/types\/page"}],"author":[{"embeddable":true,"href":"https:\/\/wp.ufpel.edu.br\/progep\/wp-json\/wp\/v2\/users\/21"}],"replies":[{"embeddable":true,"href":"https:\/\/wp.ufpel.edu.br\/progep\/wp-json\/wp\/v2\/comments?post=29794"}],"version-history":[{"count":5,"href":"https:\/\/wp.ufpel.edu.br\/progep\/wp-json\/wp\/v2\/pages\/29794\/revisions"}],"predecessor-version":[{"id":34677,"href":"https:\/\/wp.ufpel.edu.br\/progep\/wp-json\/wp\/v2\/pages\/29794\/revisions\/34677"}],"wp:attachment":[{"href":"https:\/\/wp.ufpel.edu.br\/progep\/wp-json\/wp\/v2\/media?parent=29794"}],"curies":[{"name":"wp","href":"https:\/\/api.w.org\/{rel}","templated":true}]}}