{"id":29737,"date":"2025-02-27T14:07:48","date_gmt":"2025-02-27T17:07:48","guid":{"rendered":"https:\/\/wp.ufpel.edu.br\/progep\/?page_id=29737"},"modified":"2025-07-04T12:51:38","modified_gmt":"2025-07-04T15:51:38","slug":"tec-em-anatomia-e-necropsia","status":"publish","type":"page","link":"https:\/\/wp.ufpel.edu.br\/progep\/tec-em-anatomia-e-necropsia\/","title":{"rendered":"Cargos TAE: T\u00e9c. em Anatomia e Necropsia"},"content":{"rendered":"\n<div class=\"wp-block-group\"><div class=\"wp-block-group__inner-container is-layout-constrained wp-block-group-is-layout-constrained\">\n<div class=\"logoTituloModelStyle\"><img class=\"size-medium wp-image-27184 alignleft\" src=\"https:\/\/wp.ufpel.edu.br\/progep\/files\/2025\/03\/logo-progep_atualizacao-nome_AZUL.png\" alt=\"\" \/><\/p>\n<div style=\"padding: 2rem 0\"><strong>T\u00e9cnico em Anatomia e Necropsia<\/strong><\/div>\n<\/div>\n<hr class=\"hrModelStyle\" \/>\n<div class=\"descriptionModelStyle\">Esta p\u00e1gina apresenta os dados referentes a carreira dos\/as servidores\/as.<\/div>\n<\/div><\/div>\n\n\n<div class=\"cargoDescriptionStyle\">\n<div class=\"infoCargo\"><span>N\u00edvel de Classifica\u00e7\u00e3o:\u00a0<strong>D<\/strong><\/span><br \/>\n<span>Denomina\u00e7\u00e3o do cargo:<br \/>\n<strong>\u00a0T\u00e9cnica em Anatomia e Necropsia<\/strong><\/span><br \/>\n<span>C\u00f3digo CBO: <strong>3281-05<\/strong><\/span><\/div>\n<div class=\"requisitosCargo\"><span style=\"padding-bottom: 0.5rem\"><strong>Requisitos de Qualifica\u00e7\u00e3o para Ingresso no Cargo<\/strong>:<\/span><br \/>\n<span><strong>Escolaridade<\/strong>: M\u00e9dio Profissionalizante ou M\u00e9dio Completo + experi\u00eancia<\/span><br \/>\n<span><strong>Outros<\/strong>: (\u2013).<\/span><br \/>\n<strong><span>Habilita\u00e7\u00e3o Profissional.<\/span><\/strong><\/div>\n<div class=\"descSumaryCargo\"><span style=\"font-size: 16pt;font-weight: bold;padding-bottom: 0.5rem\">Descri\u00e7\u00e3o Sum\u00e1ria do Cargo:<\/span><br \/>\n<span>Reconstituir cad\u00e1veres humanos e de animais; formolizar cad\u00e1veres humanos e de animais; embalsamar cad\u00e1veres. Taxidermizar animais vertebrados; curtir peles; preparar esqueletos de animais; confeccionar dioramas, pesquisando caracter\u00edstica dos animais e seu habitat.<br \/>\nAssessorar nas atividades de ensino, pesquisa e extens\u00e3o. <\/span><\/div>\n<div class=\"atividadesCargo\"><span style=\"font-size: 16pt;font-weight: bold\">Descri\u00e7\u00e3o de Atividades T\u00edpicas do Cargo:<\/span><br \/>\n<span><strong>\u2022 Reconstituir cad\u00e1veres humanos e animais:<br \/>\n<\/strong>Retirar v\u00edceras de cad\u00e1ver necropsiado; suturar corpos necropsiados; reconstituir, restaurar e tamponar cad\u00e1veres.<strong><br \/>\n\u2022 Formolizar cad\u00e1veres humanos e animais;<br \/>\n<\/strong>Identificar cad\u00e1veres; Injetar solu\u00e7\u00f5es qu\u00edmicas em cad\u00e1veres; avaliar as condi\u00e7\u00f5es do cad\u00e1ver; pesar, medir e observar enrijecimento muscular do cad\u00e1ver; conservar cad\u00e1veres em via \u00famida; necropsiar cad\u00e1veres; o a elimina\u00e7\u00e3o de sangue; retirar amostras de \u00f3rg\u00e3os de cad\u00e1veres; reconstituir cad\u00e1ver; lavar cad\u00e1ver.<strong><br \/>\n\u2022 Embalsamar cad\u00e1veres:<br \/>\n<\/strong>Conservar cad\u00e1ver em c\u00e2mara fria; preparar solu\u00e7\u00f5es qu\u00edmicas; introduzir cad\u00e1ver em tanques com solu\u00e7\u00f5es qu\u00edmicas e urnas.<strong><br \/>\n\u2022 Orientar pessoas:<br \/>\n<\/strong>Mostrar museu de animais taxidermizados a visitantes; ministrar palestras e mini cursos; desenvolver projetos espec\u00edficos; prestar informa\u00e7\u00f5es sobre pr\u00e1tica de taxidermia.<strong><br \/>\n\u2022 Manuten\u00e7\u00e3o de acervo:<br \/>\n<\/strong>Requisitar a compra de material; realizar manuten\u00e7\u00e3o de acervo; coletar material para pesquisa; acompanhar pesquisadores em trabalho de campo.<strong><br \/>\n\u2022 Utilizar recursos de inform\u00e1tica.<br \/>\n\u2022 Executar outras tarefas de mesma natureza e n\u00edvel de complexidade associadas ao ambiente organizacional.<\/strong><\/span><\/div>\n<\/div>","protected":false},"excerpt":{"rendered":"<p>T\u00e9cnico em Anatomia e Necropsia Esta p\u00e1gina apresenta os dados referentes a carreira dos\/as servidores\/as. N\u00edvel de Classifica\u00e7\u00e3o:\u00a0D Denomina\u00e7\u00e3o do cargo: \u00a0T\u00e9cnica em Anatomia e Necropsia C\u00f3digo CBO: 3281-05 Requisitos de Qualifica\u00e7\u00e3o para Ingresso no Cargo: Escolaridade: M\u00e9dio Profissionalizante ou M\u00e9dio Completo + experi\u00eancia Outros: (\u2013). Habilita\u00e7\u00e3o Profissional. Descri\u00e7\u00e3o Sum\u00e1ria do Cargo: Reconstituir cad\u00e1veres humanos [&hellip;]<\/p>\n","protected":false},"author":21,"featured_media":0,"parent":0,"menu_order":0,"comment_status":"closed","ping_status":"closed","template":"","meta":{"footnotes":""},"class_list":["post-29737","page","type-page","status-publish","hentry"],"_links":{"self":[{"href":"https:\/\/wp.ufpel.edu.br\/progep\/wp-json\/wp\/v2\/pages\/29737","targetHints":{"allow":["GET"]}}],"collection":[{"href":"https:\/\/wp.ufpel.edu.br\/progep\/wp-json\/wp\/v2\/pages"}],"about":[{"href":"https:\/\/wp.ufpel.edu.br\/progep\/wp-json\/wp\/v2\/types\/page"}],"author":[{"embeddable":true,"href":"https:\/\/wp.ufpel.edu.br\/progep\/wp-json\/wp\/v2\/users\/21"}],"replies":[{"embeddable":true,"href":"https:\/\/wp.ufpel.edu.br\/progep\/wp-json\/wp\/v2\/comments?post=29737"}],"version-history":[{"count":7,"href":"https:\/\/wp.ufpel.edu.br\/progep\/wp-json\/wp\/v2\/pages\/29737\/revisions"}],"predecessor-version":[{"id":34684,"href":"https:\/\/wp.ufpel.edu.br\/progep\/wp-json\/wp\/v2\/pages\/29737\/revisions\/34684"}],"wp:attachment":[{"href":"https:\/\/wp.ufpel.edu.br\/progep\/wp-json\/wp\/v2\/media?parent=29737"}],"curies":[{"name":"wp","href":"https:\/\/api.w.org\/{rel}","templated":true}]}}