{"id":29700,"date":"2025-02-27T08:59:49","date_gmt":"2025-02-27T11:59:49","guid":{"rendered":"https:\/\/wp.ufpel.edu.br\/progep\/?page_id=29700"},"modified":"2025-07-04T12:49:42","modified_gmt":"2025-07-04T15:49:42","slug":"editor-de-imagens","status":"publish","type":"page","link":"https:\/\/wp.ufpel.edu.br\/progep\/editor-de-imagens\/","title":{"rendered":"Cargos TAE: Editor de Imagens"},"content":{"rendered":"\n<div class=\"wp-block-group\"><div class=\"wp-block-group__inner-container is-layout-constrained wp-block-group-is-layout-constrained\">\n<div class=\"logoTituloModelStyle\"><img class=\"size-medium wp-image-27184 alignleft\" src=\"https:\/\/wp.ufpel.edu.br\/progep\/files\/2025\/03\/logo-progep_atualizacao-nome_AZUL.png\" alt=\"\" \/><\/p>\n<div><strong>Editor de Imagens<\/strong><\/div>\n<\/div>\n<hr class=\"hrModelStyle\" \/>\n<div class=\"descriptionModelStyle\">Esta p\u00e1gina apresenta os dados referentes a carreira dos\/as servidores\/as.<\/div>\n<\/div><\/div>\n\n\n<div class=\"cargoDescriptionStyle\">\n<div class=\"infoCargo\"><span>N\u00edvel de Classifica\u00e7\u00e3o:\u00a0<strong>D<\/strong><\/span><br \/>\n<span>Denomina\u00e7\u00e3o do cargo:<br \/>\n<strong>Editor de Imagenso<\/strong><\/span><br \/>\n<span>C\u00f3digo CBO: <strong>9.22.90<br \/>\n<\/strong><\/span><\/div>\n<div class=\"requisitosCargo\"><span style=\"font-size: 16pt;padding-bottom: 0.5rem\"><strong>Requisitos de Qualifica\u00e7\u00e3o para Ingresso no Cargo<\/strong>:<\/span><br \/>\n<span><strong>Escolaridade<\/strong>: M\u00e9dio Profissionalizante ou M\u00e9dio Completo + experi\u00eancia<\/span><br \/>\n<span><strong>Outros<\/strong>: Experi\u00eancia de 12 meses<\/span><br \/>\n<strong>Habilita\u00e7\u00e3o Profissional.<\/span><\/strong><\/div>\n<div class=\"descSumaryCargo\"><span style=\"font-size: 16pt;font-weight: bold;padding-bottom: 0.5rem\">Descri\u00e7\u00e3o Sum\u00e1ria do Cargo:<\/span><br \/>\n<span>Operar V\u00eddeo-tape para grava\u00e7\u00e3o e\/ou reprodu\u00e7\u00e3o de imagens transmitidas e recolhidas na tela. Assessorar nas atividades de ensino, pesquisa e extens\u00e3o. <\/span><\/div>\n<div class=\"atividadesCargo\"><span style=\"font-size: 16pt;font-weight: bold\">Descri\u00e7\u00e3o de Atividades T\u00edpicas do Cargo:<\/span><br \/>\n<span>\u2022 Selecionar imagens e som e ordenando-as, segundo um roteiro numa fita de VT.<strong><br \/>\n\u2022Operar ilha de edi\u00e7\u00e3o por VT e uma unidade de controle de edi\u00e7\u00e3o autom\u00e1tica (editor) e outras fontes de imagem.<br \/>\n<\/strong>\u2022 Realizar ajustes de n\u00edvel de v\u00eddeo e \u00e1udio, durante grava\u00e7\u00f5es referida por um padr\u00e3o.<strong><br \/>\n\u2022 Fazer a edi\u00e7\u00e3o de programas e realizar c\u00f3pias de programas.<br \/>\n<\/strong>\u2022 Indexar fitas sob sua utiliza\u00e7\u00e3o para planilha de grava\u00e7\u00e3o e edi\u00e7\u00e3o.<strong><br \/>\n\u2022 Dar pareceres relacionados com assuntos art\u00edsticos e t\u00e9cnicos ligados a fun\u00e7\u00e3o.<br \/>\n<\/strong>\u2022Encaminhar pedidos de manuten\u00e7\u00e3o dos equipamentos sob sua guarda ao supervisor de manuten\u00e7\u00e3o.<strong><br \/>\n\u2022Operar esta\u00e7\u00e3o de edi\u00e7\u00e3o n\u00e3o linear conhecendo os programas de edi\u00e7\u00e3o mais usados.<br \/>\n\u2022<\/strong> Utilizar recursos de inform\u00e1tica.<strong><br \/>\n\u2022 Executar outras tarefas de mesma natureza e n\u00edvel de complexidade associadas ao ambiente organizacional.<\/strong><\/span><\/div>\n<\/div>","protected":false},"excerpt":{"rendered":"<p>Editor de Imagens Esta p\u00e1gina apresenta os dados referentes a carreira dos\/as servidores\/as. N\u00edvel de Classifica\u00e7\u00e3o:\u00a0D Denomina\u00e7\u00e3o do cargo: Editor de Imagenso C\u00f3digo CBO: 9.22.90 Requisitos de Qualifica\u00e7\u00e3o para Ingresso no Cargo: Escolaridade: M\u00e9dio Profissionalizante ou M\u00e9dio Completo + experi\u00eancia Outros: Experi\u00eancia de 12 meses Habilita\u00e7\u00e3o Profissional. Descri\u00e7\u00e3o Sum\u00e1ria do Cargo: Operar V\u00eddeo-tape para grava\u00e7\u00e3o [&hellip;]<\/p>\n","protected":false},"author":21,"featured_media":0,"parent":0,"menu_order":0,"comment_status":"closed","ping_status":"closed","template":"","meta":{"footnotes":""},"class_list":["post-29700","page","type-page","status-publish","hentry"],"_links":{"self":[{"href":"https:\/\/wp.ufpel.edu.br\/progep\/wp-json\/wp\/v2\/pages\/29700","targetHints":{"allow":["GET"]}}],"collection":[{"href":"https:\/\/wp.ufpel.edu.br\/progep\/wp-json\/wp\/v2\/pages"}],"about":[{"href":"https:\/\/wp.ufpel.edu.br\/progep\/wp-json\/wp\/v2\/types\/page"}],"author":[{"embeddable":true,"href":"https:\/\/wp.ufpel.edu.br\/progep\/wp-json\/wp\/v2\/users\/21"}],"replies":[{"embeddable":true,"href":"https:\/\/wp.ufpel.edu.br\/progep\/wp-json\/wp\/v2\/comments?post=29700"}],"version-history":[{"count":6,"href":"https:\/\/wp.ufpel.edu.br\/progep\/wp-json\/wp\/v2\/pages\/29700\/revisions"}],"predecessor-version":[{"id":34581,"href":"https:\/\/wp.ufpel.edu.br\/progep\/wp-json\/wp\/v2\/pages\/29700\/revisions\/34581"}],"wp:attachment":[{"href":"https:\/\/wp.ufpel.edu.br\/progep\/wp-json\/wp\/v2\/media?parent=29700"}],"curies":[{"name":"wp","href":"https:\/\/api.w.org\/{rel}","templated":true}]}}