{"id":29594,"date":"2025-02-25T15:08:01","date_gmt":"2025-02-25T18:08:01","guid":{"rendered":"https:\/\/wp.ufpel.edu.br\/progep\/?page_id=29594"},"modified":"2025-07-28T11:38:12","modified_gmt":"2025-07-28T14:38:12","slug":"produtor-cultural","status":"publish","type":"page","link":"https:\/\/wp.ufpel.edu.br\/progep\/produtor-cultural\/","title":{"rendered":"Cargos TAE: Produtor Cultural"},"content":{"rendered":"\n<div class=\"wp-block-group\"><div class=\"wp-block-group__inner-container is-layout-constrained wp-block-group-is-layout-constrained\">\n<div class=\"logoTituloModelStyle\"><img class=\"size-medium wp-image-27184 alignleft\" src=\"https:\/\/wp.ufpel.edu.br\/progep\/files\/2025\/03\/logo-progep_atualizacao-nome_AZUL.png\" alt=\"\" \/><\/p>\n<div><strong>Produtor Cultural<\/strong><\/div>\n<\/div>\n<hr class=\"hrModelStyle\" \/>\n<div class=\"descriptionModelStyle\">Esta p\u00e1gina apresenta os dados referentes a carreira dos\/as servidores\/as.<\/div>\n<\/div><\/div>\n\n\n<div class=\"cargoDescriptionStyle\">\n<div class=\"infoCargo\">N\u00edvel de Classifica\u00e7\u00e3o:\u00a0<strong>E<\/strong><br \/>\nDenomina\u00e7\u00e3o do cargo:<br \/>\n<strong>\u00a0Produtor Cultural<\/strong><br \/>\nC\u00f3digo CBO: <strong>2621-05<\/strong><\/div>\n<div class=\"requisitosCargo\"><span style=\"font-size: 16pt;padding-bottom: 0.5rem\"><strong>Requisitos de Qualifica\u00e7\u00e3o para Ingresso no Cargo<\/strong>:<\/span><br \/>\n<strong>Escolaridade<\/strong>: Curso superior em Comunica\u00e7\u00e3o Social<br \/>\n<strong>Outros<\/strong>: (&#8211;)<br \/>\n<strong>Habilita\u00e7\u00e3o Profissional<\/strong>.<\/div>\n<div class=\"descSumaryCargo\"><span style=\"font-size: 16pt;font-weight: bold;padding-bottom: 0.5rem\">Descri\u00e7\u00e3o Sum\u00e1ria do Cargo:<\/span><br \/>\nElaborar e colaborar no planejamento e divulga\u00e7\u00e3o dos eventos culturais, art\u00edsticos e administrativos, bem como de ensino, extens\u00e3o e pesquisa. Assessorar nas atividades de ensino, pesquisa e extens\u00e3o. <\/div>\n<div class=\"atividadesCargo\"><span style=\"font-size: 16pt;font-weight: bold\">Descri\u00e7\u00e3o de Atividades T\u00edpicas do Cargo:<\/span><br \/>\n<strong>\u2022 <\/strong>Avaliar e comentar os acontecimentos de interesse da institui\u00e7\u00e3o.<strong><br \/>\n\u2022 Manter a comunidade informada sobre os interesses da institui\u00e7\u00e3o.<br \/>\n\u2022 <\/strong>Promover e acompanhar programas de rela\u00e7\u00f5es p\u00fablicas.<strong><br \/>\n\u2022 Promover palestras e programas promocionais em meios de comunica\u00e7\u00e3o; buscar divulgar informa\u00e7\u00f5es de interesse da comunidade universit\u00e1ria, atrav\u00e9s de reda\u00e7\u00e3o e publica\u00e7\u00e3o de documentos informativos, peri\u00f3dicos ou n\u00e3o da institui\u00e7\u00e3o.<br \/>\n\u2022<\/strong> Utilizar recursos de Inform\u00e1tica.<strong><br \/>\n\u2022 Executar outras tarefas de mesma natureza e n\u00edvel de complexidade associadas ao ambiente organizacional.<\/strong><\/div>\n<\/div>","protected":false},"excerpt":{"rendered":"<p>Produtor Cultural Esta p\u00e1gina apresenta os dados referentes a carreira dos\/as servidores\/as. N\u00edvel de Classifica\u00e7\u00e3o:\u00a0E Denomina\u00e7\u00e3o do cargo: \u00a0Produtor Cultural C\u00f3digo CBO: 2621-05 Requisitos de Qualifica\u00e7\u00e3o para Ingresso no Cargo: Escolaridade: Curso superior em Comunica\u00e7\u00e3o Social Outros: (&#8211;) Habilita\u00e7\u00e3o Profissional. Descri\u00e7\u00e3o Sum\u00e1ria do Cargo: Elaborar e colaborar no planejamento e divulga\u00e7\u00e3o dos eventos culturais, art\u00edsticos [&hellip;]<\/p>\n","protected":false},"author":21,"featured_media":0,"parent":0,"menu_order":0,"comment_status":"closed","ping_status":"closed","template":"","meta":{"footnotes":""},"class_list":["post-29594","page","type-page","status-publish","hentry"],"_links":{"self":[{"href":"https:\/\/wp.ufpel.edu.br\/progep\/wp-json\/wp\/v2\/pages\/29594","targetHints":{"allow":["GET"]}}],"collection":[{"href":"https:\/\/wp.ufpel.edu.br\/progep\/wp-json\/wp\/v2\/pages"}],"about":[{"href":"https:\/\/wp.ufpel.edu.br\/progep\/wp-json\/wp\/v2\/types\/page"}],"author":[{"embeddable":true,"href":"https:\/\/wp.ufpel.edu.br\/progep\/wp-json\/wp\/v2\/users\/21"}],"replies":[{"embeddable":true,"href":"https:\/\/wp.ufpel.edu.br\/progep\/wp-json\/wp\/v2\/comments?post=29594"}],"version-history":[{"count":4,"href":"https:\/\/wp.ufpel.edu.br\/progep\/wp-json\/wp\/v2\/pages\/29594\/revisions"}],"predecessor-version":[{"id":35527,"href":"https:\/\/wp.ufpel.edu.br\/progep\/wp-json\/wp\/v2\/pages\/29594\/revisions\/35527"}],"wp:attachment":[{"href":"https:\/\/wp.ufpel.edu.br\/progep\/wp-json\/wp\/v2\/media?parent=29594"}],"curies":[{"name":"wp","href":"https:\/\/api.w.org\/{rel}","templated":true}]}}