{"id":29545,"date":"2025-02-25T11:18:11","date_gmt":"2025-02-25T14:18:11","guid":{"rendered":"https:\/\/wp.ufpel.edu.br\/progep\/?page_id=29545"},"modified":"2025-07-25T10:27:26","modified_gmt":"2025-07-25T13:27:26","slug":"fisioterapeuta","status":"publish","type":"page","link":"https:\/\/wp.ufpel.edu.br\/progep\/fisioterapeuta\/","title":{"rendered":"Cargos TAE: Fisioterapeuta"},"content":{"rendered":"\n<div class=\"wp-block-group\"><div class=\"wp-block-group__inner-container is-layout-constrained wp-block-group-is-layout-constrained\">\n<div class=\"logoTituloModelStyle\"><img class=\"size-medium wp-image-27184 alignleft\" src=\"https:\/\/wp.ufpel.edu.br\/progep\/files\/2025\/03\/logo-progep_atualizacao-nome_AZUL.png\" alt=\"\" \/><\/p>\n<div><strong>Fisioterapeuta<\/strong><\/div>\n<\/div>\n<hr class=\"hrModelStyle\" \/>\n<div class=\"descriptionModelStyle\">Esta p\u00e1gina apresenta os dados referentes a carreira dos\/as servidores\/as.<\/div>\n<\/div><\/div>\n\n\n<div class=\"cargoDescriptionStyle\">\n<div class=\"infoCargo\">N\u00edvel de Classifica\u00e7\u00e3o:\u00a0<strong>E<\/strong><br \/>\nDenomina\u00e7\u00e3o do cargo:<br \/>\n<strong>\u00a0Fisioterapeuta<\/strong><br \/>\nC\u00f3digo CBO: <strong>2236-05<\/strong><\/div>\n<div class=\"requisitosCargo\"><span style=\"font-size: 16pt;padding-bottom: 0.5rem\"><strong>Requisitos de Qualifica\u00e7\u00e3o para Ingresso no Cargo<\/strong>:<\/span><br \/>\n<strong>Escolaridade<\/strong>: Curso superior em Fisioterapia<br \/>\n<strong>Outros<\/strong>: (&#8211;)<br \/>\n<strong>Habilita\u00e7\u00e3o Profissional: <\/strong> Decreto-Lei n\u00ba 938, de 13 de outubro de 1969 \u2013 Prev\u00ea sobre a profiss\u00e3o de Fisioterapeuta. Registro no Conselho competente.<\/div>\n<div class=\"descSumaryCargo\"><span style=\"font-size: 16pt;font-weight: bold;padding-bottom: 0.5rem\">Descri\u00e7\u00e3o Sum\u00e1ria do Cargo:<\/span><br \/>\nExecutar m\u00e9todos e t\u00e9cnicas fisioter\u00e1picos com a finalidade de restaurar, desenvolver e conservar a capacidade f\u00edsica do paciente. Atender pacientes para preven\u00e7\u00e3o, habilita\u00e7\u00e3o e reabilita\u00e7\u00e3o, utilizando protocolos e procedimentos espec\u00edficos de fisioterapia; habilitar pacientes; realizar diagn\u00f3sticos espec\u00edficos; analisar condi\u00e7\u00f5es dos pacientes; desenvolver programas de preven\u00e7\u00e3o, promo\u00e7\u00e3o de sa\u00fade e qualidade de vida. Assessorar nas atividades de ensino, pesquisa e extens\u00e3o. <\/div>\n<div class=\"atividadesCargo\"><span style=\"font-size: 16pt;font-weight: bold\">Descri\u00e7\u00e3o de Atividades T\u00edpicas do Cargo:<\/span><br \/>\n<strong>\u2022 Atender pacientes:<br \/>\n<\/strong>Analisar aspectos sens\u00f3rio-motores, percepto-cognitivos e s\u00f3cio-culturais dos pacientes; tra\u00e7ar plano terap\u00eautico; preparar ambiente terap\u00eautico; prescrever atividades; preparar material terap\u00eautico; operar equipamentos e instrumentos de trabalho; estimular cogni\u00e7\u00e3o e o desenvolvimento neuro-psicomotor normal por meio de procedimentos espec\u00edficos; estimular percep\u00e7\u00e3o t\u00e1ctil-cinest\u00e9sica; reeducar postura dos pacientes; prescrever, confeccionar e adaptar \u00f3rteses, pr\u00f3teses e adapta\u00e7\u00f5es; acompanhar evolu\u00e7\u00e3o terap\u00eautica; reorientar condutas terap\u00eauticas; estimular ades\u00e3o e continuidade do tratamento; indicar tecnologia assistiva aos pacientes.<strong><br \/>\n\u2022 Habilitar pacientes:<br \/>\n<\/strong>Eleger procedimentos de habilita\u00e7\u00e3o; habilitar fun\u00e7\u00f5es percepto-cognitivas, sens\u00f3rio-motoras, neuro-m\u00fasculo-esquel\u00e9ticas e locomotoras; aplicar procedimentos de habilita\u00e7\u00e3o p\u00f3s-cir\u00fargico; aplicar procedimentos espec\u00edficos de reabilita\u00e7\u00e3o em UTI; aplicar t\u00e9cnicas de tratamento de reabilita\u00e7\u00e3o; aplicar procedimentos de reeduca\u00e7\u00e3o pr\u00e9 e p\u00f3s-parto; habilitar fun\u00e7\u00f5es intertegumentares; ensinar t\u00e9cnicas de autonomia e independ\u00eancia em atividades de vida di\u00e1ria (AVD), em atividades de vida pr\u00e1tica (AVP), em atividades de vida de trabalho (AVT) e em atividades de vida de lazer (AVL).<strong><br \/>\n\u2022 Orientar pacientes e familiares:<br \/>\n<\/strong>Explicar procedimentos e rotinas; demonstrar procedimentos e t\u00e9cnicas; orientar e executar t\u00e9cnicas ergon\u00f4micas; verificar a compreens\u00e3o da orienta\u00e7\u00e3o; esclarecer d\u00favidas.<strong><br \/>\n\u2022 Promover campanhas educativas.<br \/>\n\u2022 <\/strong>Produzir manuais e folhetos explicativos.<br \/>\n\u2022 Utilizar recursos de inform\u00e1tica.<br \/>\n<strong>\u2022 Executar outras tarefas de mesma natureza e n\u00edvel de complexidade associadas ao ambiente organizacional.<\/strong><\/div>\n<\/div>","protected":false},"excerpt":{"rendered":"<p>Fisioterapeuta Esta p\u00e1gina apresenta os dados referentes a carreira dos\/as servidores\/as. N\u00edvel de Classifica\u00e7\u00e3o:\u00a0E Denomina\u00e7\u00e3o do cargo: \u00a0Fisioterapeuta C\u00f3digo CBO: 2236-05 Requisitos de Qualifica\u00e7\u00e3o para Ingresso no Cargo: Escolaridade: Curso superior em Fisioterapia Outros: (&#8211;) Habilita\u00e7\u00e3o Profissional: Decreto-Lei n\u00ba 938, de 13 de outubro de 1969 \u2013 Prev\u00ea sobre a profiss\u00e3o de Fisioterapeuta. Registro no [&hellip;]<\/p>\n","protected":false},"author":21,"featured_media":0,"parent":0,"menu_order":0,"comment_status":"closed","ping_status":"closed","template":"","meta":{"footnotes":""},"class_list":["post-29545","page","type-page","status-publish","hentry"],"_links":{"self":[{"href":"https:\/\/wp.ufpel.edu.br\/progep\/wp-json\/wp\/v2\/pages\/29545","targetHints":{"allow":["GET"]}}],"collection":[{"href":"https:\/\/wp.ufpel.edu.br\/progep\/wp-json\/wp\/v2\/pages"}],"about":[{"href":"https:\/\/wp.ufpel.edu.br\/progep\/wp-json\/wp\/v2\/types\/page"}],"author":[{"embeddable":true,"href":"https:\/\/wp.ufpel.edu.br\/progep\/wp-json\/wp\/v2\/users\/21"}],"replies":[{"embeddable":true,"href":"https:\/\/wp.ufpel.edu.br\/progep\/wp-json\/wp\/v2\/comments?post=29545"}],"version-history":[{"count":4,"href":"https:\/\/wp.ufpel.edu.br\/progep\/wp-json\/wp\/v2\/pages\/29545\/revisions"}],"predecessor-version":[{"id":35002,"href":"https:\/\/wp.ufpel.edu.br\/progep\/wp-json\/wp\/v2\/pages\/29545\/revisions\/35002"}],"wp:attachment":[{"href":"https:\/\/wp.ufpel.edu.br\/progep\/wp-json\/wp\/v2\/media?parent=29545"}],"curies":[{"name":"wp","href":"https:\/\/api.w.org\/{rel}","templated":true}]}}