{"id":29495,"date":"2025-02-24T16:44:39","date_gmt":"2025-02-24T19:44:39","guid":{"rendered":"https:\/\/wp.ufpel.edu.br\/progep\/?page_id=29495"},"modified":"2025-07-11T15:54:31","modified_gmt":"2025-07-11T18:54:31","slug":"biologo","status":"publish","type":"page","link":"https:\/\/wp.ufpel.edu.br\/progep\/biologo\/","title":{"rendered":"Cargos TAE: Bi\u00f3logo"},"content":{"rendered":"\n<div class=\"wp-block-group\"><div class=\"wp-block-group__inner-container is-layout-constrained wp-block-group-is-layout-constrained\">\n<div class=\"logoTituloModelStyle\"><img class=\"size-medium wp-image-27184 alignleft\" src=\"https:\/\/wp.ufpel.edu.br\/progep\/files\/2025\/03\/logo-progep_atualizacao-nome_AZUL.png\" alt=\"\" \/><\/p>\n<div><strong>Bi\u00f3logo<\/strong><\/div>\n<\/div>\n<hr class=\"hrModelStyle\" \/>\n<div class=\"descriptionModelStyle\">Esta p\u00e1gina apresenta os dados referentes a carreira dos\/as servidores\/as.<\/div>\n<\/div><\/div>\n\n\n\n\n<div class=\"cargoDescriptionStyle\">\n<div class=\"infoCargo\"><span style=\"font-family: 'comic sans ms', sans-serif\">N\u00edvel de Classifica\u00e7\u00e3o:\u00a0<strong>E<\/strong><br \/>\nDenomina\u00e7\u00e3o do cargo: <strong>Bi\u00f3logo<\/strong><br \/>\nC\u00f3digo CBO:\u00a0<strong>2211-05<\/strong><\/div>\n<div class=\"requisitosCargo\"><span style=\"font-size: 16pt;padding-bottom: 0.5rem\"><strong>Requisitos de Qualifica\u00e7\u00e3o para Ingresso no Cargo<\/strong>:<br \/>\n<strong>Escolaridade<\/strong>: Curso superior completo em Biologia<br \/>\n<strong>Outros<\/strong>: (&#8211;)<br \/>\n<strong>Habilita\u00e7\u00e3o Profissional.<\/strong><\/div>\n<div class=\"descSumaryCargo\"><span style=\"font-size: 16pt;font-weight: bold;padding-bottom: 0.5rem\">Descri\u00e7\u00e3o Sum\u00e1ria do Cargo:<\/span> <br \/>\nEstudar seres vivos, desenvolver pesquisas na \u00e1rea de biologia, biologia molecular, biotecnologia, biologia ambiental e epidemiologia e inventariam biodiversidade. Organizar cole\u00e7\u00f5es biol\u00f3gicas, manejar recursos naturais, desenvolver atividades de educa\u00e7\u00e3o ambiental. Realizar diagn\u00f3sticos biol\u00f3gicos, moleculares e ambientais, al\u00e9m de realizar an\u00e1lises cl\u00ednicas, citol\u00f3gicas, citog\u00eanicas e patol\u00f3gicas. Assessorar nas atividades de ensino, pesquisa e extens\u00e3o.<\/div>\n<div class=\"atividadesCargo\"><span style=\"font-size: 16pt;font-weight: bold\">Descri\u00e7\u00e3o de Atividades T\u00edpicas do Cargo:<\/span><br \/>\n<strong>\u2022 Estudar seres vivos:<\/strong> Estudar a origem, fun\u00e7\u00e3o, estrutura, gen\u00e9tica e evolu\u00e7\u00e3o dos seres vivos; estudar rela\u00e7\u00e3o dos seres vivos e ambientes; estudar ciclos de vida e os aspectos bioqu\u00ed-micos, biof\u00edsicos e moleculares.<br \/>\n<strong> \u2022 Desenvolver pesquisa em biologia, biologia molecular, biotecnologia, ambiental e epidemologia:<\/strong> Elaborar diagn\u00f3stico para desenvolvimento de pesquisas; analisar dados avaliar resultados e da pesquisa; Divulgar informa\u00e7\u00f5es sobre projeto; aplicar resultados de pesquisa; documentar a pesquisa atrav\u00e9s de fotos, filmagem, ilustra\u00e7\u00e3o e material cient\u00edfico.<br \/>\n<strong>\u2022 Inventariar biodiversidade:<\/strong> Delimitar \u00e1rea de amostragem: realizar levantamentos nos diferentes biomas; analisar a distribui\u00e7\u00e3o espacial e temporal; quantificar esp\u00e9cies e esp\u00e9cimes; classificar amostras; elaborar banco de dados. <br \/>\n<strong> \u2022 Organizar cole\u00e7\u00f5es biol\u00f3gicas: <\/strong> Preparar material para cole\u00e7\u00f5es. Montar e manter cole\u00e7\u00f5es biol\u00f3gicas, criadouro, bancos de material biol\u00f3gico; assessorar tecnicamente museus e exposi\u00e7\u00f5es tem\u00e1ticas.<br \/>\n<strong> \u2022 Manejar recursos naturais: <\/strong> Manejar esp\u00e9cies silvestres e ex\u00f3ticas, recursos florestais, pesqueiros e recursos h\u00eddricos; estabelecer medidas de manejo e de conserva\u00e7\u00e3o de recursos naturais renov\u00e1veis; desenvolver projetos de reflorestamento, programas de controle de pragas, doen\u00e7as, parasitas e vetores; elaborar e executar projetos de desenvolvimento sustent\u00e1vel.<br \/>\n<strong> \u2022 Desenvolver atividades de educa\u00e7\u00e3o ambiental:<\/strong> Organizar oficinas, cursos e palestras; desenvolver projeto para manejo de lixo dom\u00e9stico, industrial e hospitalar; organizar atividades sobre higiene, educa\u00e7\u00e3o sani-t\u00e1ria e degrada\u00e7\u00e3o ambiental; desenvolver atividades de integra\u00e7\u00e3o do homem com a natureza; organizar atividades de reciclagem de materiais; prestar informa\u00e7\u00f5es sobre conserva\u00e7\u00e3o de recursos naturais; desenvolver projetos de reaproveitamento de \u00e1gua servida; divulgar informa\u00e7\u00f5es sobre qualidade da \u00e1gua de abas-tecimento; elaborar materiais de divulga\u00e7\u00e3o de educa\u00e7\u00e3o ambienta; elaborar projetos de educa\u00e7\u00e3o ambiental para \u00e1rea rural; orientar junto a sociedade trabalhos de manejo, preserva\u00e7\u00e3o e conserva\u00e7\u00e3o.<br \/>\n<strong> \u2022 Realizar diagn\u00f3sticos biol\u00f3gicos, moleculares e ambientais: <\/strong> Coletar e analisar amostras; realizar ensaios; identificar e classificar esp\u00e9cies; elaborar relat\u00f3rios t\u00e9cnicos; emitir laudos de diagn\u00f3sticos; interpretar vari\u00e1veis bi\u00f3ticas e abi\u00f3ticas.<br \/>\n<strong> \u2022 Realizar an\u00e1lises cl\u00ednicas, citol\u00f3gicas, citog\u00eanicas e patol\u00f3gicas: <\/strong>  Preparar amostras para an\u00e1lise; operar instrumentos e equipamentos de an\u00e1lise; realizar exames; controlar qualidade do processo de an\u00e1lise; interpretar resultados de an\u00e1lises; emitir laudos de an\u00e1lises. <br \/>\n<strong> \u2022 Utilizar recursos de Inform\u00e1tica.<br \/>\n\u2022 Executar outras tarefas de mesma natureza e n\u00edvel de complexidade associadas ao ambiente organizacional.<\/span><\/strong><\/div>\n<\/div>","protected":false},"excerpt":{"rendered":"<p>Bi\u00f3logo Esta p\u00e1gina apresenta os dados referentes a carreira dos\/as servidores\/as. N\u00edvel de Classifica\u00e7\u00e3o:\u00a0E Denomina\u00e7\u00e3o do cargo: Bi\u00f3logo C\u00f3digo CBO:\u00a02211-05 Requisitos de Qualifica\u00e7\u00e3o para Ingresso no Cargo: Escolaridade: Curso superior completo em Biologia Outros: (&#8211;) Habilita\u00e7\u00e3o Profissional. Descri\u00e7\u00e3o Sum\u00e1ria do Cargo: Estudar seres vivos, desenvolver pesquisas na \u00e1rea de biologia, biologia molecular, biotecnologia, biologia ambiental [&hellip;]<\/p>\n","protected":false},"author":21,"featured_media":0,"parent":0,"menu_order":0,"comment_status":"closed","ping_status":"closed","template":"","meta":{"footnotes":""},"class_list":["post-29495","page","type-page","status-publish","hentry"],"_links":{"self":[{"href":"https:\/\/wp.ufpel.edu.br\/progep\/wp-json\/wp\/v2\/pages\/29495","targetHints":{"allow":["GET"]}}],"collection":[{"href":"https:\/\/wp.ufpel.edu.br\/progep\/wp-json\/wp\/v2\/pages"}],"about":[{"href":"https:\/\/wp.ufpel.edu.br\/progep\/wp-json\/wp\/v2\/types\/page"}],"author":[{"embeddable":true,"href":"https:\/\/wp.ufpel.edu.br\/progep\/wp-json\/wp\/v2\/users\/21"}],"replies":[{"embeddable":true,"href":"https:\/\/wp.ufpel.edu.br\/progep\/wp-json\/wp\/v2\/comments?post=29495"}],"version-history":[{"count":6,"href":"https:\/\/wp.ufpel.edu.br\/progep\/wp-json\/wp\/v2\/pages\/29495\/revisions"}],"predecessor-version":[{"id":35007,"href":"https:\/\/wp.ufpel.edu.br\/progep\/wp-json\/wp\/v2\/pages\/29495\/revisions\/35007"}],"wp:attachment":[{"href":"https:\/\/wp.ufpel.edu.br\/progep\/wp-json\/wp\/v2\/media?parent=29495"}],"curies":[{"name":"wp","href":"https:\/\/api.w.org\/{rel}","templated":true}]}}