{"id":29474,"date":"2025-02-24T15:06:59","date_gmt":"2025-02-24T18:06:59","guid":{"rendered":"https:\/\/wp.ufpel.edu.br\/progep\/?page_id=29474"},"modified":"2025-07-11T15:30:05","modified_gmt":"2025-07-11T18:30:05","slug":"bibliotecario-documentalista","status":"publish","type":"page","link":"https:\/\/wp.ufpel.edu.br\/progep\/bibliotecario-documentalista\/","title":{"rendered":"Cargos TAE: Bibliotec\u00e1rio-Documentalista"},"content":{"rendered":"\n<div class=\"wp-block-group\"><div class=\"wp-block-group__inner-container is-layout-constrained wp-block-group-is-layout-constrained\">\n<div class=\"logoTituloModelStyle\"><img class=\"size-medium wp-image-27184 alignleft\" src=\"https:\/\/wp.ufpel.edu.br\/progep\/files\/2025\/03\/logo-progep_atualizacao-nome_AZUL.png\" alt=\"\" \/><\/p>\n<div style=\"padding: 2rem 0\"><strong>Bibliotec\u00e1rio-Documentalista<\/strong><\/div>\n<\/div>\n<hr class=\"hrModelStyle\" \/>\n<div class=\"descriptionModelStyle\">Esta p\u00e1gina apresenta os dados referentes a carreira dos\/as servidores\/as.<\/div>\n<\/div><\/div>\n\n\n\n\n<div class=\"cargoDescriptionStyle\">\n<div class=\"infoCargo\">N\u00edvel de Classifica\u00e7\u00e3o:\u00a0<strong>E<\/strong><br \/>\nDenomina\u00e7\u00e3o do cargo: <strong>Bibliotec\u00e1rio-Documentalista<\/strong><br \/>\nC\u00f3digo CBO:\u00a0<strong>2612 &#8211; 05<\/strong><\/div>\n<div class=\"requisitosCargo\"><span style=\"font-size: 16pt;padding-bottom: 0.5rem\"><strong>Requisitos de Qualifica\u00e7\u00e3o para Ingresso no Cargo<\/strong>:<\/span><br \/>\n<strong>Escolaridade<\/strong>: Curso superior em Biblioteconomia ou Ci\u00eancia da Informa\u00e7\u00e3o<br \/>\n<strong>Outros<\/strong>: (&#8211;)<br \/>\n<strong>Habilita\u00e7\u00e3o Profissional.<\/strong><\/div>\n<div class=\"descSumaryCargo\"><span style=\"font-size: 16pt;font-weight: bold;padding-bottom: 0.5rem\">Descri\u00e7\u00e3o Sum\u00e1ria do Cargo:<\/span><br \/>\nDisponibilizar informa\u00e7\u00e3o em qualquer suporte; gerenciar unidades como bibliotecas, centros de documenta\u00e7\u00e3o, centros de informa\u00e7\u00e3o e correlatos, al\u00e9m de redes e sistemas de informa\u00e7\u00e3o. Tratar tecnicamente e desenvolver recursos informacionais; disseminar informa\u00e7\u00e3o com o objetivo de facilitar o acesso e gera\u00e7\u00e3o do conhecimento; desenvolver estudos e pesquisas; realizar difus\u00e3o cultural; desenvolver a\u00e7\u00f5es educativas. Assessorar nas atividades de ensino, pesquisa e extens\u00e3o.<\/div>\n<div class=\"atividadesCargo\"><span style=\"font-size: 16pt;font-weight: bold\">Descri\u00e7\u00e3o de Atividades T\u00edpicas do Cargo:<\/span><br \/>\n<strong>\u2022 Disponibilizar informa\u00e7\u00e3o em qualquer suporte:<\/strong> Localizar e recuperar informa\u00e7\u00f5es; prestar atendimento personalizado; elaborar estrat\u00e9gias de buscas avan\u00e7adas; intercambiar informa\u00e7\u00f5es e documentos; controlar circula\u00e7\u00e3o de recursos informacionais; prestar servi\u00e7os de informa\u00e7\u00e3o on-line; normalizar trabalhos t\u00e9cnico-cient\u00edficos.<br \/>\n<strong> \u2022 Gerenciar unidades, redes e sistemas de informa\u00e7\u00e3o:<\/strong> Elaborar programas e projetos de a\u00e7\u00e3o; implementar atividades cooperativas entre institui\u00e7\u00f5es; administrar o compartilhamento de recursos informacionais; Desenvolver pol\u00edticas de informa\u00e7\u00e3o; projetar unidades, redes e sistemas de informa\u00e7\u00e3o; automatizar unidades de informa\u00e7\u00e3o; desenvolver padr\u00f5es de qualidade gerencial; controlar a execu\u00e7\u00e3o dos planos de atividades; elaborar pol\u00edticas de funcionamento de unidades, redes e sistemas de informa\u00e7\u00e3o; controlar seguran\u00e7a patrimonial da unidade, rede e sistema de informa\u00e7\u00e3o e a conserva\u00e7\u00e3o do patrim\u00f4nio f\u00edsico da unidade, rede e sistema de informa\u00e7\u00e3o; avaliar servi\u00e7os e produtos de unidades, redes e sistema de informa\u00e7\u00e3o; avaliar desempenho de redes e sistema de informa\u00e7\u00e3o; elaborar relat\u00f3rios, manuais de servi\u00e7os e procedimentos; analisar tecno-logias de informa\u00e7\u00e3o e comunica\u00e7\u00e3o; administrar cons\u00f3rcios de unidades, redes e sistemas de informa\u00e7\u00e3o; implantar unidades, redes e sistemas de informa\u00e7\u00e3o.<br \/>\n<strong>\u2022 Tratar tecnicamente recursos informacionais:<\/strong> Registrar, classificar e catalogar recursos informacionais; elaborar linguagens document\u00e1rias, resenhas e resumos; desenvolver bases de dados; efetuar manuten\u00e7\u00e3o de bases de dados; gerenciar qualidade e conte\u00fado de fontes de informa\u00e7\u00e3o; gerar fontes de informa\u00e7\u00e3o; reformatar suportes; migrar dados; desenvolver metodologias para gera\u00e7\u00e3o de documentos digitais ou eletr\u00f4nicos.<br \/>\n<strong>\u2022 Desenvolver recursos informacionais:<\/strong> Elaborar pol\u00edticas de desenvolvimento de recursos informacionais, selecionar recursos informacionais, adquirir recursos informacionais; armazenar e descartar recursos informacionais; avaliar, conservar, preservar e inventariar acervos; desenvolver interfaces de servi\u00e7os informatizados; desenvolver bibliotecas virtuais e digitais e planos de conserva\u00e7\u00e3o preventiva.<br \/>\n<strong>\u2022 Disseminar informa\u00e7\u00e3o:<\/strong> Disseminar seletivamente a informa\u00e7\u00e3o; compilar sum\u00e1rios correntes e bibliografia; elaborar clipping de informa\u00e7\u00f5es, alerta e boletim bibliogr\u00e1fico.<br \/>\n<strong>\u2022 Desenvolver estudos e pesquisas:<\/strong> Coletar informa\u00e7\u00f5es para mem\u00f3ria institucional; elaborar dossi\u00eas de informa\u00e7\u00f5es, pesquisas tem\u00e1ticas, levantamento bibliogr\u00e1fico e trabalhos t\u00e9cnico-cient\u00edficos<strong>; <\/strong> acessar bases de dados e outras fontes em meios eletr\u00f4nicos; realizar estudos cientom\u00e9tricos, bibliom\u00e9tricos e infom\u00e9tricos; analisar Coletar dados estat\u00edsticos; desenvolver crit\u00e9rios de controle de qualidade e conte\u00fado de fontes de informa\u00e7\u00e3o; analisar fluxos de informa\u00e7\u00f5es. <br \/>\n<strong>\u2022 Realizar difus\u00e3o cultural:<\/strong> Promover a\u00e7\u00e3o cultural, atividades de fomento \u00e0 leitura, eventos culturais e atividades para usu\u00e1rios especiais; divulgar informa\u00e7\u00f5es atrav\u00e9s de meios de comunica\u00e7\u00e3o formais e informais; organizar bibliotecas itinerantes. <br \/>\n<strong> \u2022 Utilizar recursos de Inform\u00e1tica.<br \/> \n\u2022 Executar outras tarefas de mesma natureza e n\u00edvel de complexidade associadas ao ambiente organizacional.<\/span><\/strong><\/div>\n<\/div>","protected":false},"excerpt":{"rendered":"<p>Bibliotec\u00e1rio-Documentalista Esta p\u00e1gina apresenta os dados referentes a carreira dos\/as servidores\/as. N\u00edvel de Classifica\u00e7\u00e3o:\u00a0E Denomina\u00e7\u00e3o do cargo: Bibliotec\u00e1rio-Documentalista C\u00f3digo CBO:\u00a02612 &#8211; 05 Requisitos de Qualifica\u00e7\u00e3o para Ingresso no Cargo: Escolaridade: Curso superior em Biblioteconomia ou Ci\u00eancia da Informa\u00e7\u00e3o Outros: (&#8211;) Habilita\u00e7\u00e3o Profissional. Descri\u00e7\u00e3o Sum\u00e1ria do Cargo: Disponibilizar informa\u00e7\u00e3o em qualquer suporte; gerenciar unidades como bibliotecas, [&hellip;]<\/p>\n","protected":false},"author":21,"featured_media":0,"parent":0,"menu_order":0,"comment_status":"closed","ping_status":"closed","template":"","meta":{"footnotes":""},"class_list":["post-29474","page","type-page","status-publish","hentry"],"_links":{"self":[{"href":"https:\/\/wp.ufpel.edu.br\/progep\/wp-json\/wp\/v2\/pages\/29474","targetHints":{"allow":["GET"]}}],"collection":[{"href":"https:\/\/wp.ufpel.edu.br\/progep\/wp-json\/wp\/v2\/pages"}],"about":[{"href":"https:\/\/wp.ufpel.edu.br\/progep\/wp-json\/wp\/v2\/types\/page"}],"author":[{"embeddable":true,"href":"https:\/\/wp.ufpel.edu.br\/progep\/wp-json\/wp\/v2\/users\/21"}],"replies":[{"embeddable":true,"href":"https:\/\/wp.ufpel.edu.br\/progep\/wp-json\/wp\/v2\/comments?post=29474"}],"version-history":[{"count":6,"href":"https:\/\/wp.ufpel.edu.br\/progep\/wp-json\/wp\/v2\/pages\/29474\/revisions"}],"predecessor-version":[{"id":35008,"href":"https:\/\/wp.ufpel.edu.br\/progep\/wp-json\/wp\/v2\/pages\/29474\/revisions\/35008"}],"wp:attachment":[{"href":"https:\/\/wp.ufpel.edu.br\/progep\/wp-json\/wp\/v2\/media?parent=29474"}],"curies":[{"name":"wp","href":"https:\/\/api.w.org\/{rel}","templated":true}]}}