{"id":29367,"date":"2025-02-20T19:37:23","date_gmt":"2025-02-20T22:37:23","guid":{"rendered":"https:\/\/wp.ufpel.edu.br\/progep\/?page_id=29367"},"modified":"2025-07-04T15:15:32","modified_gmt":"2025-07-04T18:15:32","slug":"relatorio-gestao-progep-2021-2024","status":"publish","type":"page","link":"https:\/\/wp.ufpel.edu.br\/progep\/relatorio-gestao-progep-2021-2024\/","title":{"rendered":"Relat\u00f3rio Gest\u00e3o PROGEP 2021-2024"},"content":{"rendered":"\n<div class=\"wp-block-group\"><div class=\"wp-block-group__inner-container is-layout-constrained wp-block-group-is-layout-constrained\">\n<div class=\"logoTituloModelStyle\"><img class=\"size-medium wp-image-27184 alignleft\" src=\"https:\/\/wp.ufpel.edu.br\/progep\/files\/2025\/03\/logo-progep_atualizacao-nome_AZUL.png\" alt=\"\" \/><\/p>\n<div style=\"padding: 2rem 0\"><strong>Relat\u00f3rio Gest\u00e3o PROGEP 2021-2024<\/strong><\/div>\n<\/div>\n<hr class=\"hrModelStyle\" \/>\n<div class=\"descriptionModelStyle\">Por meio deste documento produzido pela PROGEP, atualmente <strong>Pr\u00f3-Reitoria de Gest\u00e3o com Pessoas, <\/strong>a gest\u00e3o 2021-2024 destaca as atividades e a\u00e7\u00f5es que comp\u00f5em o trabalho realizado durante este per\u00edodo. Veja no documento abaixo o Reat\u00f3rio Gest\u00e3o PROGEP 2021-2024.<\/div>\n<\/div><\/div>\n\n\n\n<div class=\"botaoStyle relatorioPROGEPStyle\">\n<a href=\"https:\/\/wp.ufpel.edu.br\/progep\/files\/2025\/03\/Relatorio-PROGEP-Gestao-Diversa-4-1.pdf\" target=\"_blank\" rel=\"noopener\"><img class=\"aligncenter wp-image-27868 size-medium\" src=\"https:\/\/wp.ufpel.edu.br\/progep\/files\/2025\/03\/Capa-Relatorio-PROGEP-Gestao-2021-2024.png\" alt=\"\" width=\"180\" height=\"230\" \/>Relat\u00f3rio Gest\u00e3o PROGEP 2021-2024<\/a>\n<\/div>\n\n<p><a hidden=\"\" href=\"https:\/\/wp.ufpel.edu.br\/progep\/?page_id=23062&amp;preview=true\">Projeto UFPEL Sempre Acolhedora<\/a><\/p>","protected":false},"excerpt":{"rendered":"<p>Relat\u00f3rio Gest\u00e3o PROGEP 2021-2024 Por meio deste documento produzido pela PROGEP, atualmente Pr\u00f3-Reitoria de Gest\u00e3o com Pessoas, a gest\u00e3o 2021-2024 destaca as atividades e a\u00e7\u00f5es que comp\u00f5em o trabalho realizado durante este per\u00edodo. Veja no documento abaixo o Reat\u00f3rio Gest\u00e3o PROGEP 2021-2024. Relat\u00f3rio Gest\u00e3o PROGEP 2021-2024 Projeto UFPEL Sempre Acolhedora<\/p>\n","protected":false},"author":21,"featured_media":0,"parent":0,"menu_order":0,"comment_status":"closed","ping_status":"closed","template":"","meta":{"footnotes":""},"class_list":["post-29367","page","type-page","status-publish","hentry"],"_links":{"self":[{"href":"https:\/\/wp.ufpel.edu.br\/progep\/wp-json\/wp\/v2\/pages\/29367","targetHints":{"allow":["GET"]}}],"collection":[{"href":"https:\/\/wp.ufpel.edu.br\/progep\/wp-json\/wp\/v2\/pages"}],"about":[{"href":"https:\/\/wp.ufpel.edu.br\/progep\/wp-json\/wp\/v2\/types\/page"}],"author":[{"embeddable":true,"href":"https:\/\/wp.ufpel.edu.br\/progep\/wp-json\/wp\/v2\/users\/21"}],"replies":[{"embeddable":true,"href":"https:\/\/wp.ufpel.edu.br\/progep\/wp-json\/wp\/v2\/comments?post=29367"}],"version-history":[{"count":7,"href":"https:\/\/wp.ufpel.edu.br\/progep\/wp-json\/wp\/v2\/pages\/29367\/revisions"}],"predecessor-version":[{"id":34801,"href":"https:\/\/wp.ufpel.edu.br\/progep\/wp-json\/wp\/v2\/pages\/29367\/revisions\/34801"}],"wp:attachment":[{"href":"https:\/\/wp.ufpel.edu.br\/progep\/wp-json\/wp\/v2\/media?parent=29367"}],"curies":[{"name":"wp","href":"https:\/\/api.w.org\/{rel}","templated":true}]}}