{"id":28641,"date":"2025-02-06T15:25:50","date_gmt":"2025-02-06T18:25:50","guid":{"rendered":"https:\/\/wp.ufpel.edu.br\/progep\/?page_id=28641"},"modified":"2025-07-04T14:22:53","modified_gmt":"2025-07-04T17:22:53","slug":"saude-e-seguranca-do-trabalho","status":"publish","type":"page","link":"https:\/\/wp.ufpel.edu.br\/progep\/saude-e-seguranca-do-trabalho\/","title":{"rendered":"Sa\u00fade e Seguran\u00e7a do Trabalho"},"content":{"rendered":"\n<div class=\"wp-block-group\"><div class=\"wp-block-group__inner-container is-layout-constrained wp-block-group-is-layout-constrained\">\n<div class=\"logoTituloModelStyle\"><img class=\"size-medium wp-image-27184 alignleft\" src=\"https:\/\/wp.ufpel.edu.br\/progep\/files\/2025\/03\/logo-progep_atualizacao-nome_AZUL.png\" alt=\"\" \/><\/p>\n<div style=\"padding: 2rem 0\"><strong>Sa\u00fade e Seguran\u00e7a do Trabalho<\/strong><\/div>\n<\/div>\n<hr class=\"hrModelStyle\" \/>\n<div class=\"descriptionModelStyle\">A atua\u00e7\u00e3o da equipe de sa\u00fade e seguran\u00e7a do trabalho est\u00e1 voltada para proteger os\/as servidores\/as dos riscos e danos \u00e0 sa\u00fade. <\/div>\n<\/div><\/div>\n\n<br \/>\n<div class=\"saudeSeguranca\">\n<a href=\"https:\/\/wp.ufpel.edu.br\/progep\/ppp-perfil-profissiografico-previdenciario\/\">Elabora\u00e7\u00e3o de Perfil profissiografico previdenci\u00e1rio (PPP)<\/a><br \/>\n<a href=\"https:\/\/wp.ufpel.edu.br\/progep\/csqv\/concessao-de-adicionais-ocupacionais\/\">Concess\u00e3o de adicional ocupacional (insalubridade\/ periculosidade\/ radia\u00e7\u00e3o ionizante)<\/a><br \/>\n<a href=\"https:\/\/wp.ufpel.edu.br\/progep\/?page_id=23032&amp;preview=true\">Exames m\u00e9dicos peri\u00f3dicos<\/a>\n<\/div>","protected":false},"excerpt":{"rendered":"<p>Sa\u00fade e Seguran\u00e7a do Trabalho A atua\u00e7\u00e3o da equipe de sa\u00fade e seguran\u00e7a do trabalho est\u00e1 voltada para proteger os\/as servidores\/as dos riscos e danos \u00e0 sa\u00fade. Elabora\u00e7\u00e3o de Perfil profissiografico previdenci\u00e1rio (PPP) Concess\u00e3o de adicional ocupacional (insalubridade\/ periculosidade\/ radia\u00e7\u00e3o ionizante) Exames m\u00e9dicos peri\u00f3dicos<\/p>\n","protected":false},"author":21,"featured_media":0,"parent":0,"menu_order":0,"comment_status":"closed","ping_status":"closed","template":"","meta":{"footnotes":""},"class_list":["post-28641","page","type-page","status-publish","hentry"],"_links":{"self":[{"href":"https:\/\/wp.ufpel.edu.br\/progep\/wp-json\/wp\/v2\/pages\/28641","targetHints":{"allow":["GET"]}}],"collection":[{"href":"https:\/\/wp.ufpel.edu.br\/progep\/wp-json\/wp\/v2\/pages"}],"about":[{"href":"https:\/\/wp.ufpel.edu.br\/progep\/wp-json\/wp\/v2\/types\/page"}],"author":[{"embeddable":true,"href":"https:\/\/wp.ufpel.edu.br\/progep\/wp-json\/wp\/v2\/users\/21"}],"replies":[{"embeddable":true,"href":"https:\/\/wp.ufpel.edu.br\/progep\/wp-json\/wp\/v2\/comments?post=28641"}],"version-history":[{"count":7,"href":"https:\/\/wp.ufpel.edu.br\/progep\/wp-json\/wp\/v2\/pages\/28641\/revisions"}],"predecessor-version":[{"id":34738,"href":"https:\/\/wp.ufpel.edu.br\/progep\/wp-json\/wp\/v2\/pages\/28641\/revisions\/34738"}],"wp:attachment":[{"href":"https:\/\/wp.ufpel.edu.br\/progep\/wp-json\/wp\/v2\/media?parent=28641"}],"curies":[{"name":"wp","href":"https:\/\/api.w.org\/{rel}","templated":true}]}}