{"id":28638,"date":"2025-02-06T14:48:16","date_gmt":"2025-02-06T17:48:16","guid":{"rendered":"https:\/\/wp.ufpel.edu.br\/progep\/?page_id=28638"},"modified":"2025-07-04T14:21:13","modified_gmt":"2025-07-04T17:21:13","slug":"atencao-a-saude","status":"publish","type":"page","link":"https:\/\/wp.ufpel.edu.br\/progep\/atencao-a-saude\/","title":{"rendered":"Atenc\u00e3o \u00e0 Sa\u00fade"},"content":{"rendered":"\n<div class=\"wp-block-group\"><div class=\"wp-block-group__inner-container is-layout-constrained wp-block-group-is-layout-constrained\">\n<div class=\"logoTituloModelStyle\"><img class=\"size-medium wp-image-27184 alignleft\" src=\"https:\/\/wp.ufpel.edu.br\/progep\/files\/2025\/03\/logo-progep_atualizacao-nome_AZUL.png\" alt=\"\" \/><\/p>\n<div><strong>Atenc\u00e3o \u00e0 Sa\u00fade<\/strong><\/div>\n<\/div>\n<hr class=\"hrModelStyle\" \/>\n<div class=\"descriptionModelStyle\">Na \u00e1rea de aten\u00e7\u00e3o \u00e0 sa\u00fade, a equipe multidisciplinar faz o acolhimento e acompanhamento de servidores\/as. Confira abaixo as a\u00e7\u00f5es de promo\u00e7\u00e3o de sa\u00fade.<\/div>\n<\/div><\/div>\n\n<br \/>\n<div class=\"atencaoSaude\">\n<a href=\"https:\/\/wp.ufpel.edu.br\/progep\/?page_id=23058&amp;preview=true\">Programa Viva Bem UFPEL<\/a><br \/>\n<a href=\"https:\/\/wp.ufpel.edu.br\/progep\/programa-de-educacao-para-aposentadoria-evoluidade\/\">Programa de Educa\u00e7\u00e3o para Aposentadoria (Evoluidade)<\/a><br \/>\n<a href=\"https:\/\/wp.ufpel.edu.br\/progep\/?page_id=23020&amp;preview=true\">Acompanhamento psicossocial do servidor<\/a>\n<\/div>","protected":false},"excerpt":{"rendered":"<p>Atenc\u00e3o \u00e0 Sa\u00fade Na \u00e1rea de aten\u00e7\u00e3o \u00e0 sa\u00fade, a equipe multidisciplinar faz o acolhimento e acompanhamento de servidores\/as. Confira abaixo as a\u00e7\u00f5es de promo\u00e7\u00e3o de sa\u00fade. Programa Viva Bem UFPEL Programa de Educa\u00e7\u00e3o para Aposentadoria (Evoluidade) Acompanhamento psicossocial do servidor<\/p>\n","protected":false},"author":21,"featured_media":0,"parent":0,"menu_order":0,"comment_status":"closed","ping_status":"closed","template":"","meta":{"footnotes":""},"class_list":["post-28638","page","type-page","status-publish","hentry"],"yoast_head":"<!-- This site is optimized with the Yoast SEO plugin v28.1 - https:\/\/yoast.com\/product\/yoast-seo-wordpress\/ -->\n<title>Atenc\u00e3o \u00e0 Sa\u00fade - Pr\u00f3-Reitoria de Gest\u00e3o com Pessoas - PROGEP<\/title>\n<meta name=\"robots\" content=\"index, follow, max-snippet:-1, max-image-preview:large, max-video-preview:-1\" \/>\n<link rel=\"canonical\" href=\"https:\/\/wp.ufpel.edu.br\/progep\/atencao-a-saude\/\" \/>\n<meta property=\"og:locale\" content=\"pt_BR\" \/>\n<meta property=\"og:type\" content=\"article\" \/>\n<meta property=\"og:title\" content=\"Atenc\u00e3o \u00e0 Sa\u00fade - Pr\u00f3-Reitoria de Gest\u00e3o com Pessoas - PROGEP\" \/>\n<meta property=\"og:description\" content=\"Atenc\u00e3o \u00e0 Sa\u00fade Na \u00e1rea de aten\u00e7\u00e3o \u00e0 sa\u00fade, a equipe multidisciplinar faz o acolhimento e acompanhamento de servidores\/as. Confira abaixo as a\u00e7\u00f5es de promo\u00e7\u00e3o de sa\u00fade. Programa Viva Bem UFPEL Programa de Educa\u00e7\u00e3o para Aposentadoria (Evoluidade) Acompanhamento psicossocial do servidor\" \/>\n<meta property=\"og:url\" content=\"https:\/\/wp.ufpel.edu.br\/progep\/atencao-a-saude\/\" \/>\n<meta property=\"og:site_name\" content=\"Pr\u00f3-Reitoria de Gest\u00e3o com Pessoas - PROGEP\" \/>\n<meta property=\"article:modified_time\" content=\"2025-07-04T17:21:13+00:00\" \/>\n<meta property=\"og:image\" content=\"https:\/\/wp.ufpel.edu.br\/progep\/files\/2025\/03\/logo-progep_atualizacao-nome_AZUL.png\" \/>\n<meta name=\"twitter:card\" content=\"summary_large_image\" \/>\n<script type=\"application\/ld+json\" class=\"yoast-schema-graph\">{\"@context\":\"https:\\\/\\\/schema.org\",\"@graph\":[{\"@type\":\"WebPage\",\"@id\":\"https:\\\/\\\/wp.ufpel.edu.br\\\/progep\\\/atencao-a-saude\\\/\",\"url\":\"https:\\\/\\\/wp.ufpel.edu.br\\\/progep\\\/atencao-a-saude\\\/\",\"name\":\"Atenc\u00e3o \u00e0 Sa\u00fade - Pr\u00f3-Reitoria de Gest\u00e3o com Pessoas - PROGEP\",\"isPartOf\":{\"@id\":\"https:\\\/\\\/wp.ufpel.edu.br\\\/progep\\\/#website\"},\"primaryImageOfPage\":{\"@id\":\"https:\\\/\\\/wp.ufpel.edu.br\\\/progep\\\/atencao-a-saude\\\/#primaryimage\"},\"image\":{\"@id\":\"https:\\\/\\\/wp.ufpel.edu.br\\\/progep\\\/atencao-a-saude\\\/#primaryimage\"},\"thumbnailUrl\":\"https:\\\/\\\/wp.ufpel.edu.br\\\/progep\\\/files\\\/2025\\\/03\\\/logo-progep_atualizacao-nome_AZUL.png\",\"datePublished\":\"2025-02-06T17:48:16+00:00\",\"dateModified\":\"2025-07-04T17:21:13+00:00\",\"breadcrumb\":{\"@id\":\"https:\\\/\\\/wp.ufpel.edu.br\\\/progep\\\/atencao-a-saude\\\/#breadcrumb\"},\"inLanguage\":\"pt-BR\",\"potentialAction\":[{\"@type\":\"ReadAction\",\"target\":[\"https:\\\/\\\/wp.ufpel.edu.br\\\/progep\\\/atencao-a-saude\\\/\"]}]},{\"@type\":\"ImageObject\",\"inLanguage\":\"pt-BR\",\"@id\":\"https:\\\/\\\/wp.ufpel.edu.br\\\/progep\\\/atencao-a-saude\\\/#primaryimage\",\"url\":\"\",\"contentUrl\":\"\"},{\"@type\":\"BreadcrumbList\",\"@id\":\"https:\\\/\\\/wp.ufpel.edu.br\\\/progep\\\/atencao-a-saude\\\/#breadcrumb\",\"itemListElement\":[{\"@type\":\"ListItem\",\"position\":1,\"name\":\"In\u00edcio\",\"item\":\"https:\\\/\\\/wp.ufpel.edu.br\\\/progep\\\/\"},{\"@type\":\"ListItem\",\"position\":2,\"name\":\"Atenc\u00e3o \u00e0 Sa\u00fade\"}]},{\"@type\":\"WebSite\",\"@id\":\"https:\\\/\\\/wp.ufpel.edu.br\\\/progep\\\/#website\",\"url\":\"https:\\\/\\\/wp.ufpel.edu.br\\\/progep\\\/\",\"name\":\"Pr\u00f3-Reitoria de Gest\u00e3o com Pessoas - PROGEP\",\"description\":\"Pr\u00f3-Reitoria de Gest\u00e3o com Pessoas\",\"publisher\":{\"@id\":\"https:\\\/\\\/wp.ufpel.edu.br\\\/progep\\\/#organization\"},\"potentialAction\":[{\"@type\":\"SearchAction\",\"target\":{\"@type\":\"EntryPoint\",\"urlTemplate\":\"https:\\\/\\\/wp.ufpel.edu.br\\\/progep\\\/?s={search_term_string}\"},\"query-input\":{\"@type\":\"PropertyValueSpecification\",\"valueRequired\":true,\"valueName\":\"search_term_string\"}}],\"inLanguage\":\"pt-BR\"},{\"@type\":\"Organization\",\"@id\":\"https:\\\/\\\/wp.ufpel.edu.br\\\/progep\\\/#organization\",\"name\":\"Pr\u00f3-Reitoria de Gest\u00e3o com Pessoas - PROGEP\",\"url\":\"https:\\\/\\\/wp.ufpel.edu.br\\\/progep\\\/\",\"logo\":{\"@type\":\"ImageObject\",\"inLanguage\":\"pt-BR\",\"@id\":\"https:\\\/\\\/wp.ufpel.edu.br\\\/progep\\\/#\\\/schema\\\/logo\\\/image\\\/\",\"url\":\"https:\\\/\\\/wp.ufpel.edu.br\\\/progep\\\/files\\\/2025\\\/03\\\/logo-progep_atualizacao-nome_AZUL.png\",\"contentUrl\":\"https:\\\/\\\/wp.ufpel.edu.br\\\/progep\\\/files\\\/2025\\\/03\\\/logo-progep_atualizacao-nome_AZUL.png\",\"width\":1080,\"height\":391,\"caption\":\"Pr\u00f3-Reitoria de Gest\u00e3o com Pessoas - PROGEP\"},\"image\":{\"@id\":\"https:\\\/\\\/wp.ufpel.edu.br\\\/progep\\\/#\\\/schema\\\/logo\\\/image\\\/\"}}]}<\/script>\n<!-- \/ Yoast SEO plugin. -->","yoast_head_json":{"title":"Atenc\u00e3o \u00e0 Sa\u00fade - Pr\u00f3-Reitoria de Gest\u00e3o com Pessoas - PROGEP","robots":{"index":"index","follow":"follow","max-snippet":"max-snippet:-1","max-image-preview":"max-image-preview:large","max-video-preview":"max-video-preview:-1"},"canonical":"https:\/\/wp.ufpel.edu.br\/progep\/atencao-a-saude\/","og_locale":"pt_BR","og_type":"article","og_title":"Atenc\u00e3o \u00e0 Sa\u00fade - Pr\u00f3-Reitoria de Gest\u00e3o com Pessoas - PROGEP","og_description":"Atenc\u00e3o \u00e0 Sa\u00fade Na \u00e1rea de aten\u00e7\u00e3o \u00e0 sa\u00fade, a equipe multidisciplinar faz o acolhimento e acompanhamento de servidores\/as. Confira abaixo as a\u00e7\u00f5es de promo\u00e7\u00e3o de sa\u00fade. Programa Viva Bem UFPEL Programa de Educa\u00e7\u00e3o para Aposentadoria (Evoluidade) Acompanhamento psicossocial do servidor","og_url":"https:\/\/wp.ufpel.edu.br\/progep\/atencao-a-saude\/","og_site_name":"Pr\u00f3-Reitoria de Gest\u00e3o com Pessoas - PROGEP","article_modified_time":"2025-07-04T17:21:13+00:00","og_image":[{"url":"https:\/\/wp.ufpel.edu.br\/progep\/files\/2025\/03\/logo-progep_atualizacao-nome_AZUL.png","type":"","width":"","height":""}],"twitter_card":"summary_large_image","schema":{"@context":"https:\/\/schema.org","@graph":[{"@type":"WebPage","@id":"https:\/\/wp.ufpel.edu.br\/progep\/atencao-a-saude\/","url":"https:\/\/wp.ufpel.edu.br\/progep\/atencao-a-saude\/","name":"Atenc\u00e3o \u00e0 Sa\u00fade - Pr\u00f3-Reitoria de Gest\u00e3o com Pessoas - PROGEP","isPartOf":{"@id":"https:\/\/wp.ufpel.edu.br\/progep\/#website"},"primaryImageOfPage":{"@id":"https:\/\/wp.ufpel.edu.br\/progep\/atencao-a-saude\/#primaryimage"},"image":{"@id":"https:\/\/wp.ufpel.edu.br\/progep\/atencao-a-saude\/#primaryimage"},"thumbnailUrl":"https:\/\/wp.ufpel.edu.br\/progep\/files\/2025\/03\/logo-progep_atualizacao-nome_AZUL.png","datePublished":"2025-02-06T17:48:16+00:00","dateModified":"2025-07-04T17:21:13+00:00","breadcrumb":{"@id":"https:\/\/wp.ufpel.edu.br\/progep\/atencao-a-saude\/#breadcrumb"},"inLanguage":"pt-BR","potentialAction":[{"@type":"ReadAction","target":["https:\/\/wp.ufpel.edu.br\/progep\/atencao-a-saude\/"]}]},{"@type":"ImageObject","inLanguage":"pt-BR","@id":"https:\/\/wp.ufpel.edu.br\/progep\/atencao-a-saude\/#primaryimage","url":"","contentUrl":""},{"@type":"BreadcrumbList","@id":"https:\/\/wp.ufpel.edu.br\/progep\/atencao-a-saude\/#breadcrumb","itemListElement":[{"@type":"ListItem","position":1,"name":"In\u00edcio","item":"https:\/\/wp.ufpel.edu.br\/progep\/"},{"@type":"ListItem","position":2,"name":"Atenc\u00e3o \u00e0 Sa\u00fade"}]},{"@type":"WebSite","@id":"https:\/\/wp.ufpel.edu.br\/progep\/#website","url":"https:\/\/wp.ufpel.edu.br\/progep\/","name":"Pr\u00f3-Reitoria de Gest\u00e3o com Pessoas - PROGEP","description":"Pr\u00f3-Reitoria de Gest\u00e3o com Pessoas","publisher":{"@id":"https:\/\/wp.ufpel.edu.br\/progep\/#organization"},"potentialAction":[{"@type":"SearchAction","target":{"@type":"EntryPoint","urlTemplate":"https:\/\/wp.ufpel.edu.br\/progep\/?s={search_term_string}"},"query-input":{"@type":"PropertyValueSpecification","valueRequired":true,"valueName":"search_term_string"}}],"inLanguage":"pt-BR"},{"@type":"Organization","@id":"https:\/\/wp.ufpel.edu.br\/progep\/#organization","name":"Pr\u00f3-Reitoria de Gest\u00e3o com Pessoas - PROGEP","url":"https:\/\/wp.ufpel.edu.br\/progep\/","logo":{"@type":"ImageObject","inLanguage":"pt-BR","@id":"https:\/\/wp.ufpel.edu.br\/progep\/#\/schema\/logo\/image\/","url":"https:\/\/wp.ufpel.edu.br\/progep\/files\/2025\/03\/logo-progep_atualizacao-nome_AZUL.png","contentUrl":"https:\/\/wp.ufpel.edu.br\/progep\/files\/2025\/03\/logo-progep_atualizacao-nome_AZUL.png","width":1080,"height":391,"caption":"Pr\u00f3-Reitoria de Gest\u00e3o com Pessoas - PROGEP"},"image":{"@id":"https:\/\/wp.ufpel.edu.br\/progep\/#\/schema\/logo\/image\/"}}]}},"_links":{"self":[{"href":"https:\/\/wp.ufpel.edu.br\/progep\/wp-json\/wp\/v2\/pages\/28638","targetHints":{"allow":["GET"]}}],"collection":[{"href":"https:\/\/wp.ufpel.edu.br\/progep\/wp-json\/wp\/v2\/pages"}],"about":[{"href":"https:\/\/wp.ufpel.edu.br\/progep\/wp-json\/wp\/v2\/types\/page"}],"author":[{"embeddable":true,"href":"https:\/\/wp.ufpel.edu.br\/progep\/wp-json\/wp\/v2\/users\/21"}],"replies":[{"embeddable":true,"href":"https:\/\/wp.ufpel.edu.br\/progep\/wp-json\/wp\/v2\/comments?post=28638"}],"version-history":[{"count":13,"href":"https:\/\/wp.ufpel.edu.br\/progep\/wp-json\/wp\/v2\/pages\/28638\/revisions"}],"predecessor-version":[{"id":34735,"href":"https:\/\/wp.ufpel.edu.br\/progep\/wp-json\/wp\/v2\/pages\/28638\/revisions\/34735"}],"wp:attachment":[{"href":"https:\/\/wp.ufpel.edu.br\/progep\/wp-json\/wp\/v2\/media?parent=28638"}],"curies":[{"name":"wp","href":"https:\/\/api.w.org\/{rel}","templated":true}]}}

Atencão à Saúde

<div class="wp-block-group"><div class="wp-block-group__inner-container is-layout-constrained wp-block-group-is-layout-constrained">
<div class="logoTituloModelStyle"><img class="size-medium wp-image-27184 alignleft" src="https://wp.ufpel.edu.br/progep/files/2025/03/logo-progep_atualizacao-nome_AZUL.png" alt="" /></p>
<div><strong>Atencão à Saúde</strong></div>
</div>
<hr class="hrModelStyle" />
<div class="descriptionModelStyle">Na área de atenção à saúde, a equipe multidisciplinar faz o acolhimento e acompanhamento de servidores/as. Confira abaixo as ações de promoção de saúde.</div>
</div></div>

<br />
<div class="atencaoSaude">
<a href="https://wp.ufpel.edu.br/progep/?page_id=23058&amp;preview=true">Programa Viva Bem UFPEL</a><br />
<a href="https://wp.ufpel.edu.br/progep/programa-de-educacao-para-aposentadoria-evoluidade/">Programa de Educação para Aposentadoria (Evoluidade)</a><br />
<a href="https://wp.ufpel.edu.br/progep/?page_id=23020&amp;preview=true">Acompanhamento psicossocial do servidor</a>
</div>

<p>Atencão à Saúde Na área de atenção à saúde, a equipe multidisciplinar faz o acolhimento e acompanhamento de servidores/as. Confira abaixo as ações de promoção de saúde. Programa Viva Bem UFPEL Programa de Educação para Aposentadoria (Evoluidade) Acompanhamento psicossocial do servidor</p>

<!-- This site is optimized with the Yoast SEO plugin v28.1 - https://yoast.com/product/yoast-seo-wordpress/ -->
<title>Atencão à Saúde - Pró-Reitoria de Gestão com Pessoas - PROGEP</title>
<meta name="robots" content="index, follow, max-snippet:-1, max-image-preview:large, max-video-preview:-1" />
<link rel="canonical" href="https://wp.ufpel.edu.br/progep/atencao-a-saude/" />
<meta property="og:locale" content="pt_BR" />
<meta property="og:type" content="article" />
<meta property="og:title" content="Atencão à Saúde - Pró-Reitoria de Gestão com Pessoas - PROGEP" />
<meta property="og:description" content="Atencão à Saúde Na área de atenção à saúde, a equipe multidisciplinar faz o acolhimento e acompanhamento de servidores/as. Confira abaixo as ações de promoção de saúde. Programa Viva Bem UFPEL Programa de Educação para Aposentadoria (Evoluidade) Acompanhamento psicossocial do servidor" />
<meta property="og:url" content="https://wp.ufpel.edu.br/progep/atencao-a-saude/" />
<meta property="og:site_name" content="Pró-Reitoria de Gestão com Pessoas - PROGEP" />
<meta property="article:modified_time" content="2025-07-04T17:21:13+00:00" />
<meta property="og:image" content="https://wp.ufpel.edu.br/progep/files/2025/03/logo-progep_atualizacao-nome_AZUL.png" />
<meta name="twitter:card" content="summary_large_image" />
<script type="application/ld+json" class="yoast-schema-graph">{"@context":"https:\/\/schema.org","@graph":[{"@type":"WebPage","@id":"https:\/\/wp.ufpel.edu.br\/progep\/atencao-a-saude\/","url":"https:\/\/wp.ufpel.edu.br\/progep\/atencao-a-saude\/","name":"Atencão à Saúde - Pró-Reitoria de Gestão com Pessoas - PROGEP","isPartOf":{"@id":"https:\/\/wp.ufpel.edu.br\/progep\/#website"},"primaryImageOfPage":{"@id":"https:\/\/wp.ufpel.edu.br\/progep\/atencao-a-saude\/#primaryimage"},"image":{"@id":"https:\/\/wp.ufpel.edu.br\/progep\/atencao-a-saude\/#primaryimage"},"thumbnailUrl":"https:\/\/wp.ufpel.edu.br\/progep\/files\/2025\/03\/logo-progep_atualizacao-nome_AZUL.png","datePublished":"2025-02-06T17:48:16+00:00","dateModified":"2025-07-04T17:21:13+00:00","breadcrumb":{"@id":"https:\/\/wp.ufpel.edu.br\/progep\/atencao-a-saude\/#breadcrumb"},"inLanguage":"pt-BR","potentialAction":[{"@type":"ReadAction","target":["https:\/\/wp.ufpel.edu.br\/progep\/atencao-a-saude\/"]}]},{"@type":"ImageObject","inLanguage":"pt-BR","@id":"https:\/\/wp.ufpel.edu.br\/progep\/atencao-a-saude\/#primaryimage","url":"","contentUrl":""},{"@type":"BreadcrumbList","@id":"https:\/\/wp.ufpel.edu.br\/progep\/atencao-a-saude\/#breadcrumb","itemListElement":[{"@type":"ListItem","position":1,"name":"Início","item":"https:\/\/wp.ufpel.edu.br\/progep\/"},{"@type":"ListItem","position":2,"name":"Atencão à Saúde"}]},{"@type":"WebSite","@id":"https:\/\/wp.ufpel.edu.br\/progep\/#website","url":"https:\/\/wp.ufpel.edu.br\/progep\/","name":"Pró-Reitoria de Gestão com Pessoas - PROGEP","description":"Pró-Reitoria de Gestão com Pessoas","publisher":{"@id":"https:\/\/wp.ufpel.edu.br\/progep\/#organization"},"potentialAction":[{"@type":"SearchAction","target":{"@type":"EntryPoint","urlTemplate":"https:\/\/wp.ufpel.edu.br\/progep\/?s={search_term_string}"},"query-input":{"@type":"PropertyValueSpecification","valueRequired":true,"valueName":"search_term_string"}}],"inLanguage":"pt-BR"},{"@type":"Organization","@id":"https:\/\/wp.ufpel.edu.br\/progep\/#organization","name":"Pró-Reitoria de Gestão com Pessoas - PROGEP","url":"https:\/\/wp.ufpel.edu.br\/progep\/","logo":{"@type":"ImageObject","inLanguage":"pt-BR","@id":"https:\/\/wp.ufpel.edu.br\/progep\/#\/schema\/logo\/image\/","url":"https:\/\/wp.ufpel.edu.br\/progep\/files\/2025\/03\/logo-progep_atualizacao-nome_AZUL.png","contentUrl":"https:\/\/wp.ufpel.edu.br\/progep\/files\/2025\/03\/logo-progep_atualizacao-nome_AZUL.png","width":1080,"height":391,"caption":"Pró-Reitoria de Gestão com Pessoas - PROGEP"},"image":{"@id":"https:\/\/wp.ufpel.edu.br\/progep\/#\/schema\/logo\/image\/"}}]}</script>
<!-- / Yoast SEO plugin. -->

Atencão à Saúde - Pró-Reitoria de Gestão com Pessoas - PROGEP

Atencão à Saúde Na área de atenção à saúde, a equipe multidisciplinar faz o acolhimento e acompanhamento de servidores/as. Confira abaixo as ações de promoção de saúde. Programa Viva Bem UFPEL Programa de Educação para Aposentadoria (Evoluidade) Acompanhamento psicossocial do servidor

Pró-Reitoria de Gestão com Pessoas - PROGEP

Início

Pró-Reitoria de Gestão com Pessoas
