{"id":28521,"date":"2025-02-05T13:45:02","date_gmt":"2025-02-05T16:45:02","guid":{"rendered":"https:\/\/wp.ufpel.edu.br\/progep\/?page_id=28521"},"modified":"2026-03-25T14:43:15","modified_gmt":"2026-03-25T17:43:15","slug":"editais-de-remocao","status":"publish","type":"page","link":"https:\/\/wp.ufpel.edu.br\/progep\/2025-2\/editais-de-remocao\/","title":{"rendered":"Editais de Remo\u00e7\u00e3o"},"content":{"rendered":"\n<div class=\"wp-block-group\"><div class=\"wp-block-group__inner-container is-layout-constrained wp-block-group-is-layout-constrained\">\n<div class=\"logoTituloModelStyle\"><img class=\"size-medium wp-image-27184 alignleft\" src=\"https:\/\/wp.ufpel.edu.br\/progep\/files\/2025\/03\/logo-progep_atualizacao-nome_AZUL.png\" alt=\"\" \/><\/p>\n<div><strong>Editais de Remo\u00e7\u00e3o<\/strong><\/div>\n<\/div>\n<hr class=\"hrModelStyle\" \/>\n<div class=\"descriptionModelStyle\">Consulte os <strong>editais de Remo\u00e7\u00e3o<\/strong><em> publicados, em andamento e j\u00e1 conclu\u00eddos.<\/em><\/div>\n<\/div><\/div>\n\n\n<div class=\"remocaoStyle\">\n<p class=\"remocaoTitle2026Style\">2026<\/p>\n\n\n<p class=\"remocaoStyleBody body2026Style\"><a href=\"https:\/\/wp.ufpel.edu.br\/progep\/chamada-publica-01-2026\/\">Chamada P\u00fablica 01\/2026<\/a>\n<a href=\"https:\/\/wp.ufpel.edu.br\/progep\/chamada-publica-02-2026\/\">Chamada P\u00fablica 02\/2026<\/a>\n<\/p>\n\n\n\n<!--- Para inser\u00e7\u00e3o de nova linha, coloque o cursor ao fim da \u00faltima linha, pressione a tecla SHIFT+ENTER. Infelizmente somente com enter o WordPress cria novo bloco. Este \u00e9 um coment\u00e1rio, n\u00e3o precisa ser removido.-!&gt;-->\n\n\n<p class=\"remocaoTitleStyle\">2025<\/p>\n\n\n<p class=\"remocaoStyleBody body2025Style\"><a href=\"https:\/\/wp.ufpel.edu.br\/progep\/2025-2\/chamada-publica-01-2025\/\">Chamada P\u00fablica 01\/2025<\/a><br><a href=\"https:\/\/wp.ufpel.edu.br\/progep\/chamada-publica-02-2025\/\">Chamada P\u00fablica 02\/2025<\/a><br><a href=\"https:\/\/wp.ufpel.edu.br\/progep\/chamada-publica-03-2025\/\">Chamada P\u00fablica 03\/2025<\/a><br><a href=\"https:\/\/wp.ufpel.edu.br\/progep\/chamada-publica-04-2025\/\">Chamada P\u00fablica 04\/2025<\/a><br><a href=\"https:\/\/wp.ufpel.edu.br\/progep\/chamada-publica-05-2025\/\">Chamada P\u00fablica 05\/2025<\/a><br><a href=\"https:\/\/wp.ufpel.edu.br\/progep\/chamada-publica-06-2025\/\">Chamada P\u00fablica 06\/2025<\/a><br><a href=\"https:\/\/wp.ufpel.edu.br\/progep\/chamada-publica-07-2025\">Chamada P\u00fablica 07\/2025<\/a><br><a href=\"https:\/\/wp.ufpel.edu.br\/progep\/chamada-pubica-08-2025\/\">Chamada P\u00fablica 08\/2025<\/a><br><a href=\"https:\/\/wp.ufpel.edu.br\/progep\/chamada-pubica-09-2025\">Chamada P\u00fablica 09\/2025<\/a><\/p>\n\n\n\n<!--- Para inser\u00e7\u00e3o de nova linha, coloque o cursor ao fim da \u00faltima linha, pressione a tecla SHIFT+ENTER. Infelizmente somente com enter o WordPress cria novo bloco. Este \u00e9 um coment\u00e1rio, n\u00e3o precisa ser removido.-!&gt;-->\n\n\n<div class=\"remocaoStyle\">\n<p class=\"title2024Style\"><span class=\"collapseomatic \" id=\"id69e0c5f332379\"  tabindex=\"0\" title=\"2024\"    >2024<\/span><div id=\"target-id69e0c5f332379\" class=\"collapseomatic_content \">\n<p class=\"remocaoStyleBody body2024Style\"><a style=\"text-decoration: none;text-align: center;align-content: center\" href=\"https:\/\/wp.ufpel.edu.br\/progep\/2024-2\/chamada-publica-01-2024\/\">Chamada P\u00fablica 01\/2024<\/a> <a style=\"text-decoration: none;text-align: center;align-content: center\" href=\"https:\/\/wp.ufpel.edu.br\/progep\/2024-2\/chamada-publica-02-2024\/\">Chamada P\u00fablica 02\/2024<\/a> <a style=\"text-decoration: none;text-align: center;align-content: center\" href=\"https:\/\/wp.ufpel.edu.br\/progep\/2024-2\/chamada-publica-03-2024\/\">Chamada P\u00fablica 03\/2024<\/a> <a style=\"text-decoration: none;text-align: center;align-content: center\" href=\"https:\/\/wp.ufpel.edu.br\/progep\/chamada-publica-04-2024\/\">Chamada P\u00fablica 04\/2024<\/a> <a style=\"text-decoration: none;text-align: center;align-content: center\" href=\"https:\/\/wp.ufpel.edu.br\/progep\/chamada-publica-05-2024\/\">Chamada P\u00fablica 05\/2024<\/a> <a style=\"text-decoration: none;text-align: center;align-content: center\" href=\"https:\/\/wp.ufpel.edu.br\/progep\/chamada-publica-06-2024\/\">Chamada P\u00fablica 06\/2024<\/a> <a style=\"text-decoration: none;text-align: center;align-content: center\" href=\"https:\/\/wp.ufpel.edu.br\/progep\/chamada-publica-07-2024\/\">Chamada P\u00fablica 07\/2024<\/a> <a style=\"text-decoration: none;text-align: center;align-content: center\" href=\"https:\/\/wp.ufpel.edu.br\/progep\/chamada-publica-08-2024\/\">Chamada P\u00fablica 08\/2024<\/a><\/p>\n<\/div>\n<p class=\"title2023Style\"><strong class=\"collapseomatic \" id=\"id69e0c5f332411\" rel=\"-highlander\" tabindex=\"0\" title=\"2023\"    >2023<\/strong><div id=\"target-id69e0c5f332411\" class=\"collapseomatic_content \">\n<p class=\"remocaoStyleBody body2023Style\"><a href=\"https:\/\/wp.ufpel.edu.br\/progep\/chamada-publica-2023\/chamada-publica-no-01\/\">Chamada P\u00fablica 01\/2023<\/a><br \/><a href=\"https:\/\/wp.ufpel.edu.br\/progep\/chamada-publica-2023\/chamada-publica-no02\/\">Chamada P\u00fablica 02\/2023<\/a><br \/><a href=\"https:\/\/wp.ufpel.edu.br\/progep\/chamada-publica-2023\/chamada-publica-03-2023\/\">Chamada P\u00fablica 03\/2023<\/a><br \/><a href=\"https:\/\/wp.ufpel.edu.br\/progep\/chamada-publica-no-04\/\">Chamada P\u00fablica 04\/2023<\/a><br \/><a href=\"https:\/\/wp.ufpel.edu.br\/progep\/chamada-publica-05-2023\/\">Chamada P\u00fablica 05\/2023<\/a><\/p>\n<\/div>\n<p class=\"title2022Style\"><strong class=\"collapseomatic \" id=\"id69e0c5f332440\" rel=\"-highlander\" tabindex=\"0\" title=\"2022\"    >2022<\/strong><div id=\"target-id69e0c5f332440\" class=\"collapseomatic_content \">\n<p class=\"remocaoStyleBody body2022Style\"><a href=\"https:\/\/wp.ufpel.edu.br\/progep\/administracao-de-pessoal\/chamada-publica-remocoes\/chamada-publica-01-2022\/\">Chamada P\u00fablica 01\/2022<\/a><br \/><a href=\"https:\/\/wp.ufpel.edu.br\/progep\/administracao-de-pessoal\/chamada-publica-remocoes\/chamada-publica-02-2022\/\">Chamada P\u00fablica 02\/2022<\/a><br \/><a href=\"https:\/\/wp.ufpel.edu.br\/progep\/administracao-de-pessoal\/chamada-publica-remocoes\/chamada-publica-03-2022\/\">Chamada P\u00fablica 03\/2022<\/a><br \/><a href=\"https:\/\/wp.ufpel.edu.br\/progep\/administracao-de-pessoal\/chamada-publica-remocoes\/chamada-publica-no04\/\">Chamada P\u00fablica 04\/2022<\/a><br \/><a href=\"https:\/\/wp.ufpel.edu.br\/progep\/administracao-de-pessoal\/chamada-publica-remocoes\/chamada-publica-05-2022\/\">Chamada P\u00fablica 05\/2022<\/a><br \/><a href=\"https:\/\/wp.ufpel.edu.br\/progep\/administracao-de-pessoal\/chamada-publica-remocoes\/chamada-publica-06-2022\/\">Chamada P\u00fablica 06\/2022<\/a><\/p>\n<\/div>\n<\/div>","protected":false},"excerpt":{"rendered":"<p>Editais de Remo\u00e7\u00e3o Consulte os editais de Remo\u00e7\u00e3o publicados, em andamento e j\u00e1 conclu\u00eddos. 2026 Chamada P\u00fablica 01\/2026 Chamada P\u00fablica 02\/2026 2025 Chamada P\u00fablica 01\/2025Chamada P\u00fablica 02\/2025Chamada P\u00fablica 03\/2025Chamada P\u00fablica 04\/2025Chamada P\u00fablica 05\/2025Chamada P\u00fablica 06\/2025Chamada P\u00fablica 07\/2025Chamada P\u00fablica 08\/2025Chamada P\u00fablica 09\/2025<\/p>\n","protected":false},"author":21,"featured_media":0,"parent":27987,"menu_order":0,"comment_status":"closed","ping_status":"closed","template":"","meta":{"footnotes":""},"class_list":["post-28521","page","type-page","status-publish","hentry"],"_links":{"self":[{"href":"https:\/\/wp.ufpel.edu.br\/progep\/wp-json\/wp\/v2\/pages\/28521","targetHints":{"allow":["GET"]}}],"collection":[{"href":"https:\/\/wp.ufpel.edu.br\/progep\/wp-json\/wp\/v2\/pages"}],"about":[{"href":"https:\/\/wp.ufpel.edu.br\/progep\/wp-json\/wp\/v2\/types\/page"}],"author":[{"embeddable":true,"href":"https:\/\/wp.ufpel.edu.br\/progep\/wp-json\/wp\/v2\/users\/21"}],"replies":[{"embeddable":true,"href":"https:\/\/wp.ufpel.edu.br\/progep\/wp-json\/wp\/v2\/comments?post=28521"}],"version-history":[{"count":3,"href":"https:\/\/wp.ufpel.edu.br\/progep\/wp-json\/wp\/v2\/pages\/28521\/revisions"}],"predecessor-version":[{"id":40957,"href":"https:\/\/wp.ufpel.edu.br\/progep\/wp-json\/wp\/v2\/pages\/28521\/revisions\/40957"}],"up":[{"embeddable":true,"href":"https:\/\/wp.ufpel.edu.br\/progep\/wp-json\/wp\/v2\/pages\/27987"}],"wp:attachment":[{"href":"https:\/\/wp.ufpel.edu.br\/progep\/wp-json\/wp\/v2\/media?parent=28521"}],"curies":[{"name":"wp","href":"https:\/\/api.w.org\/{rel}","templated":true}]}}