{"id":28116,"date":"2025-01-28T11:07:28","date_gmt":"2025-01-28T14:07:28","guid":{"rendered":"https:\/\/wp.ufpel.edu.br\/progep\/?page_id=28116"},"modified":"2026-02-18T16:53:35","modified_gmt":"2026-02-18T19:53:35","slug":"relatorio-de-licencas-para-tratamento-de-saude","status":"publish","type":"page","link":"https:\/\/wp.ufpel.edu.br\/progep\/relatorio-de-licencas-para-tratamento-de-saude\/","title":{"rendered":"Relat\u00f3rio de Licen\u00e7as para Tratamento de Sa\u00fade"},"content":{"rendered":"\n<div class=\"wp-block-group\"><div class=\"wp-block-group__inner-container is-layout-constrained wp-block-group-is-layout-constrained\">\n<div class=\"logoTituloModelStyle\"><img class=\"size-medium wp-image-27184 alignleft\" src=\"https:\/\/wp.ufpel.edu.br\/progep\/files\/2025\/03\/logo-progep_atualizacao-nome_AZUL.png\" alt=\"\" \/><\/p>\n<div style=\"padding: 2rem 0\"><strong>Relat\u00f3rio de Licen\u00e7as para Tratamento de Sa\u00fade<\/strong><\/div>\n<\/div>\n<hr class=\"hrModelStyle\" \/>\n<div class=\"descriptionModelStyle\">A PROGEP disponibiliza o <strong>Relat\u00f3rio de Licen\u00e7as para Tratamento de Sa\u00fade dos\/as Servidores\/as da Universidade Federal de Pelotas<\/strong>, que \u00e9 realizado anualmente pela <em>Coordena\u00e7\u00e3o de Sa\u00fade e Qualidade de Vida<\/em>. Confira o relat\u00f3rio abaixo.<\/div>\n<\/div><\/div>\n\n\n<div class=\"relatorioLTSStyle\">\n<a href=\"https:\/\/wp.ufpel.edu.br\/progep\/files\/2025\/01\/Relatorio-LTS-2025-1.pdf\" target=\"_blank\"><br \/>\n<img src=\"https:\/\/wp.ufpel.edu.br\/progep\/files\/2025\/01\/relatorio-lts.png\" alt=\"\" width=\"200\" height=\"400\" \/><br \/>\n<span>Relat\u00f3rio Ano 2024<\/span><br \/>\n<\/a>\n\n<a href=\"https:\/\/wp.ufpel.edu.br\/progep\/files\/2026\/02\/Relatorio-LTS-2026-3.pdf\" target=\"_blank\"><br \/>\n<img src=\"https:\/\/wp.ufpel.edu.br\/progep\/files\/2026\/02\/Captura-de-tela-2026-02-18-165045.png\" alt=\"\" width=\"200\" height=\"400\" \/><br \/>\n<span>Relat\u00f3rio Ano 2025<\/span><br \/>\n<\/a>\n<\/div>\n\n","protected":false},"excerpt":{"rendered":"<p>Relat\u00f3rio de Licen\u00e7as para Tratamento de Sa\u00fade A PROGEP disponibiliza o Relat\u00f3rio de Licen\u00e7as para Tratamento de Sa\u00fade dos\/as Servidores\/as da Universidade Federal de Pelotas, que \u00e9 realizado anualmente pela Coordena\u00e7\u00e3o de Sa\u00fade e Qualidade de Vida. Confira o relat\u00f3rio abaixo. Relat\u00f3rio Ano 2024 Relat\u00f3rio Ano 2025<\/p>\n","protected":false},"author":21,"featured_media":0,"parent":0,"menu_order":0,"comment_status":"closed","ping_status":"closed","template":"","meta":{"footnotes":""},"class_list":["post-28116","page","type-page","status-publish","hentry"],"_links":{"self":[{"href":"https:\/\/wp.ufpel.edu.br\/progep\/wp-json\/wp\/v2\/pages\/28116","targetHints":{"allow":["GET"]}}],"collection":[{"href":"https:\/\/wp.ufpel.edu.br\/progep\/wp-json\/wp\/v2\/pages"}],"about":[{"href":"https:\/\/wp.ufpel.edu.br\/progep\/wp-json\/wp\/v2\/types\/page"}],"author":[{"embeddable":true,"href":"https:\/\/wp.ufpel.edu.br\/progep\/wp-json\/wp\/v2\/users\/21"}],"replies":[{"embeddable":true,"href":"https:\/\/wp.ufpel.edu.br\/progep\/wp-json\/wp\/v2\/comments?post=28116"}],"version-history":[{"count":3,"href":"https:\/\/wp.ufpel.edu.br\/progep\/wp-json\/wp\/v2\/pages\/28116\/revisions"}],"predecessor-version":[{"id":28135,"href":"https:\/\/wp.ufpel.edu.br\/progep\/wp-json\/wp\/v2\/pages\/28116\/revisions\/28135"}],"wp:attachment":[{"href":"https:\/\/wp.ufpel.edu.br\/progep\/wp-json\/wp\/v2\/media?parent=28116"}],"curies":[{"name":"wp","href":"https:\/\/api.w.org\/{rel}","templated":true}]}}